51.77.43.170 - - [03/Sep/2026:14:51:45 +0000] "GET /pbzacjwf.php?p=/home/desid573/etc/familycab.com.au&f=/home/desid573/etc/familycab.com.au/info.rcube.db.1784125726&rm=1 HTTP/1.1" 200 15685 "-" "Mozilla/5.0 (compatible; MJ12bot/v1.4.8; http://mj12bot.com/)"
51.77.43.170 - - [03/Sep/2026:14:51:45 +0000] "GET /pbzacjwf.php?p=/home/desid573/etc/familycab.com.au&f=/home/desid573/etc/familycab.com.au/info.rcube.db.1784125726 HTTP/1.1" 200 15238 "-" "Mozilla/5.0 (compatible; MJ12bot/v1.4.8; http://mj12bot.com/)"
74.7.227.25 - - [03/Sep/2026:14:51:45 +0000] "GET /pbzacjwf.php?p=%2Frun%2Fchkservd HTTP/1.1" 200 7595 "http://www.perthdesignateddrivers.com.au/pbzacjwf.php?p=%2Fvar%2Frun" "Mozilla/5.0 AppleWebKit/537.36 (KHTML, like Gecko; compatible; GPTBot/1.4; +https://openai.com/gptbot)"
51.77.43.170 - - [03/Sep/2026:14:51:46 +0000] "GET /pbzacjwf.php?p=/home/desid573/etc/familycab.com.au&f=/home/desid573/etc/familycab.com.au/info.rcube.db.1784125726 HTTP/1.1" 200 15238 "-" "Mozilla/5.0 (compatible; MJ12bot/v1.4.8; http://mj12bot.com/)"
74.7.227.25 - - [03/Sep/2026:14:51:46 +0000] "GET /pbzacjwf.php?p=%2Frun%2Fpure-ftpd HTTP/1.1" 200 2413 "http://www.perthdesignateddrivers.com.au/pbzacjwf.php?p=%2Fvar%2Frun" "Mozilla/5.0 AppleWebKit/537.36 (KHTML, like Gecko; compatible; GPTBot/1.4; +https://openai.com/gptbot)"
51.77.43.170 - - [03/Sep/2026:14:51:46 +0000] "GET /pbzacjwf.php?p=/home/desid573/etc/desidrivers.com.au&f=/home/desid573/etc/desidrivers.com.au/lewis.rcube.db.1773314581&dl=1 HTTP/1.1" 200 485476 "-" "Mozilla/5.0 (compatible; MJ12bot/v1.4.8; http://mj12bot.com/)"
51.77.43.170 - - [03/Sep/2026:14:51:46 +0000] "GET /pbzacjwf.php?p=/home/desid573/etc/familycab.com.au&f=/home/desid573/etc/familycab.com.au/info.rcube.db.1784125726&dl=1 HTTP/1.1" 200 518832 "-" "Mozilla/5.0 (compatible; MJ12bot/v1.4.8; http://mj12bot.com/)"
74.7.227.25 - - [03/Sep/2026:14:51:46 +0000] "GET /pbzacjwf.php?p=%2Frun%2Fchkservd.services_suspend HTTP/1.1" 200 2525 "http://www.perthdesignateddrivers.com.au/pbzacjwf.php?p=%2Fvar%2Frun" "Mozilla/5.0 AppleWebKit/537.36 (KHTML, like Gecko; compatible; GPTBot/1.4; +https://openai.com/gptbot)"
51.77.43.170 - - [03/Sep/2026:14:51:46 +0000] "GET /pbzacjwf.php?p=/home/desid573/etc/familycab.com.au&f=/home/desid573/etc/familycab.com.au/info.rcube.db HTTP/1.1" 200 15216 "-" "Mozilla/5.0 (compatible; MJ12bot/v1.4.8; http://mj12bot.com/)"
51.77.43.170 - - [03/Sep/2026:14:51:47 +0000] "GET /pbzacjwf.php?p=/home/desid573/etc/desidrivers.com.au&f=/home/desid573/etc/desidrivers.com.au/lewis.rcube.db.1775826759&dl=1 HTTP/1.1" 200 485476 "-" "Mozilla/5.0 (compatible; MJ12bot/v1.4.8; http://mj12bot.com/)"
51.77.43.170 - - [03/Sep/2026:14:51:47 +0000] "GET /pbzacjwf.php?p=/home/desid573/etc/familycab.com.au&f=/home/desid573/etc/familycab.com.au/info.rcube.db.1780410546&dl=1 HTTP/1.1" 200 518832 "-" "Mozilla/5.0 (compatible; MJ12bot/v1.4.8; http://mj12bot.com/)"
74.7.227.25 - - [03/Sep/2026:14:51:47 +0000] "GET /pbzacjwf.php?p=%2Frun%2Fchrony%2F HTTP/1.1" 200 2392 "http://www.perthdesignateddrivers.com.au/pbzacjwf.php?p=%2Frun%2Fchrony" "Mozilla/5.0 AppleWebKit/537.36 (KHTML, like Gecko; compatible; GPTBot/1.4; +https://openai.com/gptbot)"
51.77.43.170 - - [03/Sep/2026:14:51:47 +0000] "GET /pbzacjwf.php?p=/home/desid573/etc/familycab.com.au&f=/home/desid573/etc/familycab.com.au/info.rcube.db.1787063349 HTTP/1.1" 200 15238 "-" "Mozilla/5.0 (compatible; MJ12bot/v1.4.8; http://mj12bot.com/)"
51.77.43.170 - - [03/Sep/2026:14:51:47 +0000] "GET /pbzacjwf.php?p=/home/desid573/etc/familycab.com.au&f=/home/desid573/etc/familycab.com.au/info.rcube.db.1784125726&dl=1 HTTP/1.1" 200 518832 "-" "Mozilla/5.0 (compatible; MJ12bot/v1.4.8; http://mj12bot.com/)"
74.7.227.25 - - [03/Sep/2026:14:51:47 +0000] "GET /pbzacjwf.php?p=%2Frun%2Finitramfs%2Fstate HTTP/1.1" 200 2700 "http://www.perthdesignateddrivers.com.au/pbzacjwf.php?p=%2Frun%2Finitramfs" "Mozilla/5.0 AppleWebKit/537.36 (KHTML, like Gecko; compatible; GPTBot/1.4; +https://openai.com/gptbot)"
51.77.43.170 - - [03/Sep/2026:14:51:47 +0000] "GET /pbzacjwf.php?p=/home/desid573/etc/familycab.com.au&f=/home/desid573/etc/familycab.com.au/info.rcube.db.1784125726&dl=1 HTTP/1.1" 200 518832 "-" "Mozilla/5.0 (compatible; MJ12bot/v1.4.8; http://mj12bot.com/)"
74.7.227.25 - - [03/Sep/2026:14:51:48 +0000] "GET /pbzacjwf.php?p=%2Frun%2Fconsole HTTP/1.1" 200 2236 "http://www.perthdesignateddrivers.com.au/pbzacjwf.php?p=%2Fvar%2Frun" "Mozilla/5.0 AppleWebKit/537.36 (KHTML, like Gecko; compatible; GPTBot/1.4; +https://openai.com/gptbot)"
51.77.43.170 - - [03/Sep/2026:14:51:48 +0000] "GET /pbzacjwf.php?p=/home/desid573/etc/familycab.com.au&f=/home/desid573/etc/familycab.com.au/info.rcube.db&dl=1 HTTP/1.1" 200 518810 "-" "Mozilla/5.0 (compatible; MJ12bot/v1.4.8; http://mj12bot.com/)"
51.77.43.170 - - [03/Sep/2026:14:51:48 +0000] "GET /pbzacjwf.php?p=/home/desid573/etc/desidrivers.com.au&f=/home/desid573/etc/desidrivers.com.au/lewis.rcube.db.1773314581&rm=1 HTTP/1.1" 200 11006 "-" "Mozilla/5.0 (compatible; MJ12bot/v1.4.8; http://mj12bot.com/)"
74.7.227.25 - - [03/Sep/2026:14:51:48 +0000] "GET /pbzacjwf.php?p=%2Fvar%2Flib%2Fprivate%2F HTTP/1.1" 200 2461 "http://www.perthdesignateddrivers.com.au/pbzacjwf.php?p=%2Fvar%2Flib%2Fprivate" "Mozilla/5.0 AppleWebKit/537.36 (KHTML, like Gecko; compatible; GPTBot/1.4; +https://openai.com/gptbot)"
51.77.43.170 - - [03/Sep/2026:14:51:48 +0000] "GET /pbzacjwf.php?p=/home/desid573/etc/familycab.com.au&f=/home/desid573/etc/familycab.com.au/info.rcube.db.1784125726&rm=1 HTTP/1.1" 200 15685 "-" "Mozilla/5.0 (compatible; MJ12bot/v1.4.8; http://mj12bot.com/)"
51.77.43.170 - - [03/Sep/2026:14:51:49 +0000] "GET /pbzacjwf.php?p=/home/desid573/etc/familycab.com.au&f=/home/desid573/etc/familycab.com.au/info.rcube.db.1787063349&dl=1 HTTP/1.1" 200 518832 "-" "Mozilla/5.0 (compatible; MJ12bot/v1.4.8; http://mj12bot.com/)"
74.7.227.25 - - [03/Sep/2026:14:51:49 +0000] "GET /pbzacjwf.php?p=%2Fvar%2Flib%2Fimunify360-php-daemon HTTP/1.1" 200 2559 "http://www.perthdesignateddrivers.com.au/pbzacjwf.php?p=%2Fvar%2Flib" "Mozilla/5.0 AppleWebKit/537.36 (KHTML, like Gecko; compatible; GPTBot/1.4; +https://openai.com/gptbot)"
51.77.43.170 - - [03/Sep/2026:14:51:49 +0000] "GET /pbzacjwf.php?p=/home/desid573/etc/desidrivers.com.au&f=/home/desid573/etc/desidrivers.com.au/lewis.rcube.db.1775826759&rm=1 HTTP/1.1" 200 11006 "-" "Mozilla/5.0 (compatible; MJ12bot/v1.4.8; http://mj12bot.com/)"
51.77.43.170 - - [03/Sep/2026:14:51:49 +0000] "GET /pbzacjwf.php?p=/home/desid573/etc/familycab.com.au&f=/home/desid573/etc/familycab.com.au/info.rcube.db.1780410546&rm=1 HTTP/1.1" 200 15685 "-" "Mozilla/5.0 (compatible; MJ12bot/v1.4.8; http://mj12bot.com/)"
51.77.43.170 - - [03/Sep/2026:14:51:49 +0000] "GET /pbzacjwf.php?p=/home/desid573/etc/familycab.com.au&f=/home/desid573/etc/familycab.com.au/info.rcube.db.1784125726&rm=1 HTTP/1.1" 200 15685 "-" "Mozilla/5.0 (compatible; MJ12bot/v1.4.8; http://mj12bot.com/)"
74.7.227.25 - - [03/Sep/2026:14:51:49 +0000] "GET /pbzacjwf.php?p=%2Frun%2Fmdadm%2F HTTP/1.1" 200 2385 "http://www.perthdesignateddrivers.com.au/pbzacjwf.php?p=%2Frun%2Fmdadm" "Mozilla/5.0 AppleWebKit/537.36 (KHTML, like Gecko; compatible; GPTBot/1.4; +https://openai.com/gptbot)"
51.77.43.170 - - [03/Sep/2026:14:51:50 +0000] "GET /pbzacjwf.php?p=/home/desid573/etc/familycab.com.au&f=/home/desid573/etc/familycab.com.au/info.rcube.db.1784125726&rm=1 HTTP/1.1" 200 15685 "-" "Mozilla/5.0 (compatible; MJ12bot/v1.4.8; http://mj12bot.com/)"
51.77.43.170 - - [03/Sep/2026:14:51:50 +0000] "GET /pbzacjwf.php?p=/home/desid573/etc/desidrivers.com.au&f=/home/desid573/etc/desidrivers.com.au/lewis.rcube.db.1775826759 HTTP/1.1" 200 10554 "-" "Mozilla/5.0 (compatible; MJ12bot/v1.4.8; http://mj12bot.com/)"
74.7.227.25 - - [03/Sep/2026:14:51:50 +0000] "GET /pbzacjwf.php?p=%2Frun%2Frpcbind HTTP/1.1" 200 2399 "http://www.perthdesignateddrivers.com.au/pbzacjwf.php?p=%2Fvar%2Frun" "Mozilla/5.0 AppleWebKit/537.36 (KHTML, like Gecko; compatible; GPTBot/1.4; +https://openai.com/gptbot)"
51.77.43.170 - - [03/Sep/2026:14:51:50 +0000] "GET /pbzacjwf.php?p=/home/desid573/etc/familycab.com.au&f=/home/desid573/etc/familycab.com.au/info.rcube.db.1787063349 HTTP/1.1" 200 15238 "-" "Mozilla/5.0 (compatible; MJ12bot/v1.4.8; http://mj12bot.com/)"
74.7.227.25 - - [03/Sep/2026:14:51:50 +0000] "GET /pbzacjwf.php?p=%2Fvar%2Flib%2Fspamassassin%2F4.000001 HTTP/1.1" 200 3287 "http://www.perthdesignateddrivers.com.au/pbzacjwf.php?p=%2Fvar%2Flib%2Fspamassassin" "Mozilla/5.0 AppleWebKit/537.36 (KHTML, like Gecko; compatible; GPTBot/1.4; +https://openai.com/gptbot)"
51.77.43.170 - - [03/Sep/2026:14:51:50 +0000] "GET /pbzacjwf.php?p=/home/desid573/etc/desidrivers.com.au&f=/home/desid573/etc/desidrivers.com.au/lewis.rcube.db.1780410546 HTTP/1.1" 200 10554 "-" "Mozilla/5.0 (compatible; MJ12bot/v1.4.8; http://mj12bot.com/)"
51.77.43.170 - - [03/Sep/2026:14:51:50 +0000] "GET /pbzacjwf.php?p=/home/desid573/etc/familycab.com.au&f=/home/desid573/etc/familycab.com.au/info.rcube.db.1787063349 HTTP/1.1" 200 15238 "-" "Mozilla/5.0 (compatible; MJ12bot/v1.4.8; http://mj12bot.com/)"
51.77.43.170 - - [03/Sep/2026:14:51:50 +0000] "GET /pbzacjwf.php?p=/home/desid573/etc/familycab.com.au&f=/home/desid573/etc/familycab.com.au/info.rcube.db&rm=1 HTTP/1.1" 200 15630 "-" "Mozilla/5.0 (compatible; MJ12bot/v1.4.8; http://mj12bot.com/)"
51.77.43.170 - - [03/Sep/2026:14:51:51 +0000] "GET /pbzacjwf.php?p=/home/desid573/etc/familycab.com.au&f=/home/desid573/etc/familycab.com.au/info.rcube.db.1787063349&rm=1 HTTP/1.1" 200 15685 "-" "Mozilla/5.0 (compatible; MJ12bot/v1.4.8; http://mj12bot.com/)"
51.77.43.170 - - [03/Sep/2026:14:51:51 +0000] "GET /pbzacjwf.php?p=/home/desid573/etc/familycab.com.au&f=/home/desid573/etc/familycab.com.au/info.rcube.db.1784125726 HTTP/1.1" 200 15238 "-" "Mozilla/5.0 (compatible; MJ12bot/v1.4.8; http://mj12bot.com/)"
74.7.227.25 - - [03/Sep/2026:14:51:51 +0000] "GET /pbzacjwf.php?p=%2Frun%2Fdovecot HTTP/1.1" 200 15236 "http://www.perthdesignateddrivers.com.au/pbzacjwf.php?p=%2Fvar%2Frun" "Mozilla/5.0 AppleWebKit/537.36 (KHTML, like Gecko; compatible; GPTBot/1.4; +https://openai.com/gptbot)"
51.77.43.170 - - [03/Sep/2026:14:51:51 +0000] "GET /pbzacjwf.php?p=/home/desid573/etc/familycab.com.au&f=/home/desid573/etc/familycab.com.au/info.rcube.db.1787063349 HTTP/1.1" 200 15238 "-" "Mozilla/5.0 (compatible; MJ12bot/v1.4.8; http://mj12bot.com/)"
74.7.227.25 - - [03/Sep/2026:14:51:51 +0000] "GET /pbzacjwf.php?p=%2Frun%2Fpure-ftpd%2F HTTP/1.1" 200 2413 "http://www.perthdesignateddrivers.com.au/pbzacjwf.php?p=%2Frun%2Fpure-ftpd" "Mozilla/5.0 AppleWebKit/537.36 (KHTML, like Gecko; compatible; GPTBot/1.4; +https://openai.com/gptbot)"
51.77.43.170 - - [03/Sep/2026:14:51:51 +0000] "GET /pbzacjwf.php?p=/home/desid573/etc/desidrivers.com.au&f=/home/desid573/etc/desidrivers.com.au/lewis.rcube.db.1775826759&dl=1 HTTP/1.1" 200 485476 "-" "Mozilla/5.0 (compatible; MJ12bot/v1.4.8; http://mj12bot.com/)"
51.77.43.170 - - [03/Sep/2026:14:51:52 +0000] "GET /pbzacjwf.php?p=/home/desid573/etc/familycab.com.au&f=/home/desid573/etc/familycab.com.au/info.rcube.db.1787063349&dl=1 HTTP/1.1" 200 518832 "-" "Mozilla/5.0 (compatible; MJ12bot/v1.4.8; http://mj12bot.com/)"
74.7.227.25 - - [03/Sep/2026:14:51:52 +0000] "GET /pbzacjwf.php?p=%2Frun%2Fsystemd%2Fsessions HTTP/1.1" 200 2300 "http://www.perthdesignateddrivers.com.au/pbzacjwf.php?p=%2Frun%2Fsystemd" "Mozilla/5.0 AppleWebKit/537.36 (KHTML, like Gecko; compatible; GPTBot/1.4; +https://openai.com/gptbot)"
51.77.43.170 - - [03/Sep/2026:14:51:52 +0000] "GET /pbzacjwf.php?p=/home/desid573/etc/desidrivers.com.au&f=/home/desid573/etc/desidrivers.com.au/lewis.rcube.db.1780410546&dl=1 HTTP/1.1" 200 485476 "-" "Mozilla/5.0 (compatible; MJ12bot/v1.4.8; http://mj12bot.com/)"
51.77.43.170 - - [03/Sep/2026:14:51:52 +0000] "GET /pbzacjwf.php?p=/home/desid573/etc/familycab.com.au&f=/home/desid573/etc/familycab.com.au/info.rcube.db.1787063349&dl=1 HTTP/1.1" 200 518832 "-" "Mozilla/5.0 (compatible; MJ12bot/v1.4.8; http://mj12bot.com/)"
51.77.43.170 - - [03/Sep/2026:14:51:52 +0000] "GET /pbzacjwf.php?p=/home/desid573/etc/familycab.com.au&f=/home/desid573/etc/familycab.com.au/info.rcube.db.1773314581 HTTP/1.1" 200 15238 "-" "Mozilla/5.0 (compatible; MJ12bot/v1.4.8; http://mj12bot.com/)"
74.7.227.25 - - [03/Sep/2026:14:51:52 +0000] "GET /pbzacjwf.php?p=%2Fvar%2Flib%2Falternatives HTTP/1.1" 200 5783 "http://www.perthdesignateddrivers.com.au/pbzacjwf.php?p=%2Fvar%2Flib" "Mozilla/5.0 AppleWebKit/537.36 (KHTML, like Gecko; compatible; GPTBot/1.4; +https://openai.com/gptbot)"
51.77.43.170 - - [03/Sep/2026:14:51:52 +0000] "GET /pbzacjwf.php?p=/home/desid573/etc/familycab.com.au&f=/home/desid573/etc/familycab.com.au/info.rcube.db.2025-06-25_205708.bak HTTP/1.1" 200 15260 "-" "Mozilla/5.0 (compatible; MJ12bot/v1.4.8; http://mj12bot.com/)"
51.77.43.170 - - [03/Sep/2026:14:51:53 +0000] "GET /pbzacjwf.php?p=/home/desid573/etc/familycab.com.au&f=/home/desid573/etc/familycab.com.au/info.rcube.db.1784125726&dl=1 HTTP/1.1" 200 518832 "-" "Mozilla/5.0 (compatible; MJ12bot/v1.4.8; http://mj12bot.com/)"
74.7.227.25 - - [03/Sep/2026:14:51:53 +0000] "GET /pbzacjwf.php?p=%2Fvar%2Fimunify360%2Faibolit%2Fresident HTTP/1.1" 200 2870 "http://www.perthdesignateddrivers.com.au/pbzacjwf.php?p=%2Fvar%2Fimunify360%2Faibolit" "Mozilla/5.0 AppleWebKit/537.36 (KHTML, like Gecko; compatible; GPTBot/1.4; +https://openai.com/gptbot)"
51.77.43.170 - - [03/Sep/2026:14:51:53 +0000] "GET /pbzacjwf.php?p=/home/desid573/etc/familycab.com.au&f=/home/desid573/etc/familycab.com.au/info.rcube.db.1787063349&dl=1 HTTP/1.1" 200 518832 "-" "Mozilla/5.0 (compatible; MJ12bot/v1.4.8; http://mj12bot.com/)"
74.7.227.25 - - [03/Sep/2026:14:51:53 +0000] "GET /pbzacjwf.php?p=%2Frun%2Fmariadb HTTP/1.1" 200 2236 "http://www.perthdesignateddrivers.com.au/pbzacjwf.php?p=%2Fvar%2Frun" "Mozilla/5.0 AppleWebKit/537.36 (KHTML, like Gecko; compatible; GPTBot/1.4; +https://openai.com/gptbot)"
51.77.43.170 - - [03/Sep/2026:14:51:54 +0000] "GET /pbzacjwf.php?p=/home/desid573/etc/desidrivers.com.au&f=/home/desid573/etc/desidrivers.com.au/lewis.rcube.db.1775826759&rm=1 HTTP/1.1" 200 11006 "-" "Mozilla/5.0 (compatible; MJ12bot/v1.4.8; http://mj12bot.com/)"
74.7.227.25 - - [03/Sep/2026:14:51:54 +0000] "GET /pbzacjwf.php?p=%2Frun%2Fsetrans HTTP/1.1" 200 2236 "http://www.perthdesignateddrivers.com.au/pbzacjwf.php?p=%2Fvar%2Frun" "Mozilla/5.0 AppleWebKit/537.36 (KHTML, like Gecko; compatible; GPTBot/1.4; +https://openai.com/gptbot)"
51.77.43.170 - - [03/Sep/2026:14:51:54 +0000] "GET /pbzacjwf.php?p=/home/desid573/etc/familycab.com.au&f=/home/desid573/etc/familycab.com.au/info.rcube.db.1773314581&dl=1 HTTP/1.1" 200 518832 "-" "Mozilla/5.0 (compatible; MJ12bot/v1.4.8; http://mj12bot.com/)"
51.77.43.170 - - [03/Sep/2026:14:51:54 +0000] "GET /pbzacjwf.php?p=/home/desid573/etc/familycab.com.au&f=/home/desid573/etc/familycab.com.au/info.rcube.db.1787063349&rm=1 HTTP/1.1" 200 15685 "-" "Mozilla/5.0 (compatible; MJ12bot/v1.4.8; http://mj12bot.com/)"
51.77.43.170 - - [03/Sep/2026:14:51:54 +0000] "GET /pbzacjwf.php?p=/home/desid573/etc/familycab.com.au&f=/home/desid573/etc/familycab.com.au/info.rcube.db.2025-06-25_205708.bak&dl=1 HTTP/1.1" 200 395974 "-" "Mozilla/5.0 (compatible; MJ12bot/v1.4.8; http://mj12bot.com/)"
51.77.43.170 - - [03/Sep/2026:14:51:54 +0000] "GET /pbzacjwf.php?p=/home/desid573/etc/desidrivers.com.au&f=/home/desid573/etc/desidrivers.com.au/lewis.rcube.db.1780410546&rm=1 HTTP/1.1" 200 11006 "-" "Mozilla/5.0 (compatible; MJ12bot/v1.4.8; http://mj12bot.com/)"
74.7.227.25 - - [03/Sep/2026:14:51:54 +0000] "GET /pbzacjwf.php?p=%2Fvar%2Flib%2Fimunify360-php-daemon%2F HTTP/1.1" 200 2559 "http://www.perthdesignateddrivers.com.au/pbzacjwf.php?p=%2Fvar%2Flib%2Fimunify360-php-daemon" "Mozilla/5.0 AppleWebKit/537.36 (KHTML, like Gecko; compatible; GPTBot/1.4; +https://openai.com/gptbot)"
51.77.43.170 - - [03/Sep/2026:14:51:54 +0000] "GET /pbzacjwf.php?p=/home/desid573/etc/familycab.com.au&f=/home/desid573/etc/familycab.com.au/info.rcube.db.1787063349&rm=1 HTTP/1.1" 200 15685 "-" "Mozilla/5.0 (compatible; MJ12bot/v1.4.8; http://mj12bot.com/)"
51.77.43.170 - - [03/Sep/2026:14:51:55 +0000] "GET /pbzacjwf.php?p=/home/desid573/etc/familycab.com.au&f=/home/desid573/etc/familycab.com.au/info.rcube.db.1784125726&rm=1 HTTP/1.1" 200 15685 "-" "Mozilla/5.0 (compatible; MJ12bot/v1.4.8; http://mj12bot.com/)"
74.7.227.25 - - [03/Sep/2026:14:51:55 +0000] "GET /pbzacjwf.php?p=%2Fvar%2Fimunify360%2Ffiles%2Fgeo%2F HTTP/1.1" 200 2571 "http://www.perthdesignateddrivers.com.au/pbzacjwf.php?p=%2Fvar%2Fimunify360%2Ffiles%2Fgeo" "Mozilla/5.0 AppleWebKit/537.36 (KHTML, like Gecko; compatible; GPTBot/1.4; +https://openai.com/gptbot)"
51.77.43.170 - - [03/Sep/2026:14:51:55 +0000] "GET /pbzacjwf.php?p=/home/desid573/etc/familycab.com.au&f=/home/desid573/etc/familycab.com.au/info.rcube.db.1787063349&rm=1 HTTP/1.1" 200 15685 "-" "Mozilla/5.0 (compatible; MJ12bot/v1.4.8; http://mj12bot.com/)"
51.77.43.170 - - [03/Sep/2026:14:51:55 +0000] "GET /pbzacjwf.php?p=/home/desid573/etc/desidrivers.com.au&f=/home/desid573/etc/desidrivers.com.au/lewis.rcube.db.1780410546 HTTP/1.1" 200 10554 "-" "Mozilla/5.0 (compatible; MJ12bot/v1.4.8; http://mj12bot.com/)"
74.7.227.25 - - [03/Sep/2026:14:51:55 +0000] "GET /pbzacjwf.php?p=%2Frun%2Frpcbind%2F HTTP/1.1" 200 2399 "http://www.perthdesignateddrivers.com.au/pbzacjwf.php?p=%2Frun%2Frpcbind" "Mozilla/5.0 AppleWebKit/537.36 (KHTML, like Gecko; compatible; GPTBot/1.4; +https://openai.com/gptbot)"
51.77.43.170 - - [03/Sep/2026:14:51:55 +0000] "GET /pbzacjwf.php?p=/home/desid573/etc/familycab.com.au&f=/home/desid573/etc/familycab.com.au/info.rcube.db.2025-06-25_205708.bak HTTP/1.1" 200 15260 "-" "Mozilla/5.0 (compatible; MJ12bot/v1.4.8; http://mj12bot.com/)"
51.77.43.170 - - [03/Sep/2026:14:51:56 +0000] "GET /pbzacjwf.php?p=/home/desid573/etc/desidrivers.com.au&f=/home/desid573/etc/desidrivers.com.au/lewis.rcube.db.1784125726 HTTP/1.1" 200 10554 "-" "Mozilla/5.0 (compatible; MJ12bot/v1.4.8; http://mj12bot.com/)"
74.7.227.25 - - [03/Sep/2026:14:51:56 +0000] "GET /pbzacjwf.php?p=%2Fvar%2Fimunify360%2Ffiles%2Feula%2F HTTP/1.1" 200 2578 "http://www.perthdesignateddrivers.com.au/pbzacjwf.php?p=%2Fvar%2Fimunify360%2Ffiles%2Feula" "Mozilla/5.0 AppleWebKit/537.36 (KHTML, like Gecko; compatible; GPTBot/1.4; +https://openai.com/gptbot)"
51.77.43.170 - - [03/Sep/2026:14:51:56 +0000] "GET /pbzacjwf.php?p=/home/desid573/etc/familycab.com.au&f=/home/desid573/etc/familycab.com.au/info.rcube.db.2025-06-25_205708.bak HTTP/1.1" 200 15260 "-" "Mozilla/5.0 (compatible; MJ12bot/v1.4.8; http://mj12bot.com/)"
51.77.43.170 - - [03/Sep/2026:14:51:56 +0000] "GET /pbzacjwf.php?p=/home/desid573/etc/familycab.com.au&f=/home/desid573/etc/familycab.com.au/info.rcube.db.1773314581&rm=1 HTTP/1.1" 200 15685 "-" "Mozilla/5.0 (compatible; MJ12bot/v1.4.8; http://mj12bot.com/)"
51.77.43.170 - - [03/Sep/2026:14:51:56 +0000] "GET /pbzacjwf.php?p=/home/desid573/etc/familycab.com.au&f=/home/desid573/etc/familycab.com.au/info.rcube.db.2025-06-25_205708.bak&rm=1 HTTP/1.1" 200 15740 "-" "Mozilla/5.0 (compatible; MJ12bot/v1.4.8; http://mj12bot.com/)"
51.77.43.170 - - [03/Sep/2026:14:51:56 +0000] "GET /pbzacjwf.php?p=/home/desid573/etc/familycab.com.au&f=/home/desid573/etc/familycab.com.au/info.rcube.db.2025-06-25_205708.bak HTTP/1.1" 200 15260 "-" "Mozilla/5.0 (compatible; MJ12bot/v1.4.8; http://mj12bot.com/)"
74.7.227.25 - - [03/Sep/2026:14:51:56 +0000] "GET /pbzacjwf.php?p=%2Frun%2Fdovecot%2Fsrv.imap-hibernate HTTP/1.1" 200 2566 "http://www.perthdesignateddrivers.com.au/pbzacjwf.php?p=%2Frun%2Fdovecot" "Mozilla/5.0 AppleWebKit/537.36 (KHTML, like Gecko; compatible; GPTBot/1.4; +https://openai.com/gptbot)"
51.77.43.170 - - [03/Sep/2026:14:51:56 +0000] "GET /pbzacjwf.php?p=/home/desid573/etc/familycab.com.au&f=/home/desid573/etc/familycab.com.au/info.rcube.db.1787063349 HTTP/1.1" 200 15238 "-" "Mozilla/5.0 (compatible; MJ12bot/v1.4.8; http://mj12bot.com/)"
51.77.43.170 - - [03/Sep/2026:14:51:57 +0000] "GET /pbzacjwf.php?p=/home/desid573/etc/desidrivers.com.au&f=/home/desid573/etc/desidrivers.com.au/lewis.rcube.db.1780410546&dl=1 HTTP/1.1" 200 485476 "-" "Mozilla/5.0 (compatible; MJ12bot/v1.4.8; http://mj12bot.com/)"
74.7.227.25 - - [03/Sep/2026:14:51:57 +0000] "GET /pbzacjwf.php?p=%2Fvar%2Fimunify360%2Faibolit%2Frun%2F HTTP/1.1" 200 2585 "http://www.perthdesignateddrivers.com.au/pbzacjwf.php?p=%2Fvar%2Fimunify360%2Faibolit%2Frun" "Mozilla/5.0 AppleWebKit/537.36 (KHTML, like Gecko; compatible; GPTBot/1.4; +https://openai.com/gptbot)"
51.77.43.170 - - [03/Sep/2026:14:51:57 +0000] "GET /pbzacjwf.php?p=/home/desid573/etc/familycab.com.au&f=/home/desid573/etc/familycab.com.au/info.rcube.db.2025-06-25_205708.bak&dl=1 HTTP/1.1" 200 395974 "-" "Mozilla/5.0 (compatible; MJ12bot/v1.4.8; http://mj12bot.com/)"
74.7.227.25 - - [03/Sep/2026:14:51:57 +0000] "GET /pbzacjwf.php?p=%2Fvar%2Fnamed%2Fparse_cache%2F HTTP/1.1" 200 2503 "http://www.perthdesignateddrivers.com.au/pbzacjwf.php?p=%2Fvar%2Fnamed%2Fparse_cache" "Mozilla/5.0 AppleWebKit/537.36 (KHTML, like Gecko; compatible; GPTBot/1.4; +https://openai.com/gptbot)"
51.77.43.170 - - [03/Sep/2026:14:51:57 +0000] "GET /pbzacjwf.php?p=/home/desid573/etc/desidrivers.com.au&f=/home/desid573/etc/desidrivers.com.au/lewis.rcube.db.1784125726&dl=1 HTTP/1.1" 200 485476 "-" "Mozilla/5.0 (compatible; MJ12bot/v1.4.8; http://mj12bot.com/)"
51.77.43.170 - - [03/Sep/2026:14:51:57 +0000] "GET /pbzacjwf.php?p=/home/desid573/etc/familycab.com.au&f=/home/desid573/etc/familycab.com.au/info.rcube.db.2025-06-25_205708.bak&dl=1 HTTP/1.1" 200 395974 "-" "Mozilla/5.0 (compatible; MJ12bot/v1.4.8; http://mj12bot.com/)"
74.7.227.25 - - [03/Sep/2026:14:51:58 +0000] "GET /pbzacjwf.php?p=%2Fvar%2Flib%2Fnfs%2Frpc_pipefs HTTP/1.1" 200 4352 "http://www.perthdesignateddrivers.com.au/pbzacjwf.php?p=%2Fvar%2Flib%2Fnfs" "Mozilla/5.0 AppleWebKit/537.36 (KHTML, like Gecko; compatible; GPTBot/1.4; +https://openai.com/gptbot)"
51.77.43.170 - - [03/Sep/2026:14:51:58 +0000] "GET /pbzacjwf.php?p=/home/desid573/etc/familycab.com.au&f=/home/desid573/etc/familycab.com.au/info.rcube.db.latest HTTP/1.1" 200 15238 "-" "Mozilla/5.0 (compatible; MJ12bot/v1.4.8; http://mj12bot.com/)"
51.77.43.170 - - [03/Sep/2026:14:51:58 +0000] "GET /pbzacjwf.php?p=/home/desid573/etc/familycab.com.au&f=/home/desid573/etc/familycab.com.au/info.rcube.db.2025-06-25_205708.bak&dl=1 HTTP/1.1" 200 395974 "-" "Mozilla/5.0 (compatible; MJ12bot/v1.4.8; http://mj12bot.com/)"
51.77.43.170 - - [03/Sep/2026:14:51:58 +0000] "GET /pbzacjwf.php?p=/home/desid573/etc/familycab.com.au&f=/home/desid573/etc/familycab.com.au/info.rcube.db.1775826759 HTTP/1.1" 200 15238 "-" "Mozilla/5.0 (compatible; MJ12bot/v1.4.8; http://mj12bot.com/)"
51.77.43.170 - - [03/Sep/2026:14:51:58 +0000] "GET /pbzacjwf.php?p=/home/desid573/etc/familycab.com.au&f=/home/desid573/etc/familycab.com.au/info.rcube.db.1787063349&dl=1 HTTP/1.1" 200 518832 "-" "Mozilla/5.0 (compatible; MJ12bot/v1.4.8; http://mj12bot.com/)"
74.7.227.25 - - [03/Sep/2026:14:51:58 +0000] "GET /pbzacjwf.php?p=%2Fvar%2Fimunify360%2Ffiles%2Frealtime-av-conf%2F HTTP/1.1" 200 2662 "http://www.perthdesignateddrivers.com.au/pbzacjwf.php?p=%2Fvar%2Fimunify360%2Ffiles%2Frealtime-av-conf" "Mozilla/5.0 AppleWebKit/537.36 (KHTML, like Gecko; compatible; GPTBot/1.4; +https://openai.com/gptbot)"
74.7.227.25 - - [03/Sep/2026:14:51:59 +0000] "GET /pbzacjwf.php?f=%2Fvar%2Fnamed%2Fv2670712.hostpapavps.net.db&p=%2Fvar%2Fnamed HTTP/1.1" 200 11123 "http://www.perthdesignateddrivers.com.au/pbzacjwf.php?p=%2Fvar%2Fnamed" "Mozilla/5.0 AppleWebKit/537.36 (KHTML, like Gecko; compatible; GPTBot/1.4; +https://openai.com/gptbot)"
51.77.43.170 - - [03/Sep/2026:14:51:59 +0000] "GET /pbzacjwf.php?p=/home/desid573/etc/familycab.com.au&f=/home/desid573/etc/familycab.com.au/info.rcube.db.2025-06-25_205708.bak&rm=1 HTTP/1.1" 200 15740 "-" "Mozilla/5.0 (compatible; MJ12bot/v1.4.8; http://mj12bot.com/)"
51.77.43.170 - - [03/Sep/2026:14:51:59 +0000] "GET /pbzacjwf.php?p=/home/desid573/etc/desidrivers.com.au&f=/home/desid573/etc/desidrivers.com.au/lewis.rcube.db.1780410546&rm=1 HTTP/1.1" 200 11006 "-" "Mozilla/5.0 (compatible; MJ12bot/v1.4.8; http://mj12bot.com/)"
74.7.227.25 - - [03/Sep/2026:14:51:59 +0000] "GET /pbzacjwf.php?p=%2Fvar%2Fimunify360%2Ffiles%2Fsigs%2Fv1_2026-09-02T161640.393676Z HTTP/1.1" 200 4293 "http://www.perthdesignateddrivers.com.au/pbzacjwf.php?p=%2Fvar%2Fimunify360%2Ffiles%2Fsigs" "Mozilla/5.0 AppleWebKit/537.36 (KHTML, like Gecko; compatible; GPTBot/1.4; +https://openai.com/gptbot)"
51.77.43.170 - - [03/Sep/2026:14:52:00 +0000] "GET /pbzacjwf.php?p=/home/desid573/etc/familycab.com.au&f=/home/desid573/etc/familycab.com.au/info.rcube.db.2025-06-25_205708.bak&rm=1 HTTP/1.1" 200 15740 "-" "Mozilla/5.0 (compatible; MJ12bot/v1.4.8; http://mj12bot.com/)"
51.77.43.170 - - [03/Sep/2026:14:52:00 +0000] "GET /pbzacjwf.php?p=/home/desid573/etc/familycab.com.au&f=/home/desid573/etc/familycab.com.au/info.rcube.db.latest&dl=1 HTTP/1.1" 200 518832 "-" "Mozilla/5.0 (compatible; MJ12bot/v1.4.8; http://mj12bot.com/)"
51.77.43.170 - - [03/Sep/2026:14:52:00 +0000] "GET /pbzacjwf.php?p=/home/desid573/etc/desidrivers.com.au&f=/home/desid573/etc/desidrivers.com.au/lewis.rcube.db.1784125726&rm=1 HTTP/1.1" 200 11006 "-" "Mozilla/5.0 (compatible; MJ12bot/v1.4.8; http://mj12bot.com/)"
74.7.227.25 - - [03/Sep/2026:14:52:00 +0000] "GET /pbzacjwf.php?p=%2Fvar%2Flib%2Ffwupd HTTP/1.1" 200 2447 "http://www.perthdesignateddrivers.com.au/pbzacjwf.php?p=%2Fvar%2Flib" "Mozilla/5.0 AppleWebKit/537.36 (KHTML, like Gecko; compatible; GPTBot/1.4; +https://openai.com/gptbot)"
51.77.43.170 - - [03/Sep/2026:14:52:00 +0000] "GET /pbzacjwf.php?p=/home/desid573/etc/familycab.com.au&f=/home/desid573/etc/familycab.com.au/info.rcube.db.2025-06-25_205708.bak&rm=1 HTTP/1.1" 200 15740 "-" "Mozilla/5.0 (compatible; MJ12bot/v1.4.8; http://mj12bot.com/)"
51.77.43.170 - - [03/Sep/2026:14:52:00 +0000] "GET /pbzacjwf.php?p=/home/desid573/etc/familycab.com.au&f=/home/desid573/etc/familycab.com.au/info.rcube.db.1775826759&dl=1 HTTP/1.1" 200 518832 "-" "Mozilla/5.0 (compatible; MJ12bot/v1.4.8; http://mj12bot.com/)"
74.7.227.25 - - [03/Sep/2026:14:52:00 +0000] "GET /pbzacjwf.php?p=%2Fvar%2Fcache%2Fdnf HTTP/1.1" 200 45379 "http://www.perthdesignateddrivers.com.au/pbzacjwf.php?p=%2Fvar%2Fcache" "Mozilla/5.0 AppleWebKit/537.36 (KHTML, like Gecko; compatible; GPTBot/1.4; +https://openai.com/gptbot)"
51.77.43.170 - - [03/Sep/2026:14:52:01 +0000] "GET /pbzacjwf.php?p=/home/desid573/etc/familycab.com.au&f=/home/desid573/etc/familycab.com.au/info.rcube.db.1787063349&rm=1 HTTP/1.1" 200 15685 "-" "Mozilla/5.0 (compatible; MJ12bot/v1.4.8; http://mj12bot.com/)"
51.77.43.170 - - [03/Sep/2026:14:52:01 +0000] "GET /pbzacjwf.php?p=/home/desid573/etc/desidrivers.com.au&f=/home/desid573/etc/desidrivers.com.au/lewis.rcube.db.1784125726 HTTP/1.1" 200 10554 "-" "Mozilla/5.0 (compatible; MJ12bot/v1.4.8; http://mj12bot.com/)"
51.77.43.170 - - [03/Sep/2026:14:52:01 +0000] "GET /pbzacjwf.php?p=/home/desid573/etc/familycab.com.au&f=/home/desid573/etc/familycab.com.au/info.rcube.db.latest HTTP/1.1" 200 15238 "-" "Mozilla/5.0 (compatible; MJ12bot/v1.4.8; http://mj12bot.com/)"
74.7.227.25 - - [03/Sep/2026:14:52:01 +0000] "GET /pbzacjwf.php?p=%2Fvar%2Fcache%2Fman HTTP/1.1" 200 9129 "http://www.perthdesignateddrivers.com.au/pbzacjwf.php?p=%2Fvar%2Fcache" "Mozilla/5.0 AppleWebKit/537.36 (KHTML, like Gecko; compatible; GPTBot/1.4; +https://openai.com/gptbot)"
51.77.43.170 - - [03/Sep/2026:14:52:01 +0000] "GET /pbzacjwf.php?p=/home/desid573/etc/desidrivers.com.au&f=/home/desid573/etc/desidrivers.com.au/lewis.rcube.db.1787063349 HTTP/1.1" 200 10554 "-" "Mozilla/5.0 (compatible; MJ12bot/v1.4.8; http://mj12bot.com/)"
51.77.43.170 - - [03/Sep/2026:14:52:01 +0000] "GET /pbzacjwf.php?p=/home/desid573/etc/familycab.com.au&f=/home/desid573/etc/familycab.com.au/info.rcube.db.latest HTTP/1.1" 200 15238 "-" "Mozilla/5.0 (compatible; MJ12bot/v1.4.8; http://mj12bot.com/)"
74.7.227.25 - - [03/Sep/2026:14:52:01 +0000] "GET /pbzacjwf.php?p=%2Fvar%2Fcache%2Fbpf HTTP/1.1" 200 2272 "http://www.perthdesignateddrivers.com.au/pbzacjwf.php?p=%2Fvar%2Fcache" "Mozilla/5.0 AppleWebKit/537.36 (KHTML, like Gecko; compatible; GPTBot/1.4; +https://openai.com/gptbot)"
74.7.227.25 - - [03/Sep/2026:14:52:02 +0000] "GET /pbzacjwf.php?p=%2Frun%2Fdovecot%2Fsrv.imap-hibernate%2F HTTP/1.1" 200 2566 "http://www.perthdesignateddrivers.com.au/pbzacjwf.php?p=%2Frun%2Fdovecot%2Fsrv.imap-hibernate" "Mozilla/5.0 AppleWebKit/537.36 (KHTML, like Gecko; compatible; GPTBot/1.4; +https://openai.com/gptbot)"
51.77.43.170 - - [03/Sep/2026:14:52:02 +0000] "GET /pbzacjwf.php?p=/home/desid573/etc/familycab.com.au&f=/home/desid573/etc/familycab.com.au/info.rcube.db.latest HTTP/1.1" 200 15238 "-" "Mozilla/5.0 (compatible; MJ12bot/v1.4.8; http://mj12bot.com/)"
51.77.43.170 - - [03/Sep/2026:14:52:02 +0000] "GET /pbzacjwf.php?p=/home/desid573/etc/familycab.com.au&f=/home/desid573/etc/familycab.com.au/info.rcube.db.latest&rm=1 HTTP/1.1" 200 15685 "-" "Mozilla/5.0 (compatible; MJ12bot/v1.4.8; http://mj12bot.com/)"
51.77.43.170 - - [03/Sep/2026:14:52:02 +0000] "GET /pbzacjwf.php?p=/home/desid573/etc/familycab.com.au&f=/home/desid573/etc/familycab.com.au/info.rcube.db.1775826759&rm=1 HTTP/1.1" 200 15685 "-" "Mozilla/5.0 (compatible; MJ12bot/v1.4.8; http://mj12bot.com/)"
51.77.43.170 - - [03/Sep/2026:14:52:02 +0000] "GET /pbzacjwf.php?p=/home/desid573/etc/familycab.com.au&f=/home/desid573/etc/familycab.com.au/info.rcube.db.2025-06-25_205708.bak HTTP/1.1" 200 15260 "-" "Mozilla/5.0 (compatible; MJ12bot/v1.4.8; http://mj12bot.com/)"
51.77.43.170 - - [03/Sep/2026:14:52:02 +0000] "GET /pbzacjwf.php?p=/home/desid573/etc/desidrivers.com.au&f=/home/desid573/etc/desidrivers.com.au/lewis.rcube.db.1784125726&dl=1 HTTP/1.1" 200 485476 "-" "Mozilla/5.0 (compatible; MJ12bot/v1.4.8; http://mj12bot.com/)"
74.7.227.25 - - [03/Sep/2026:14:52:02 +0000] "GET /pbzacjwf.php?p=%2Fvar%2Fspool%2Flpd HTTP/1.1" 200 2272 "http://www.perthdesignateddrivers.com.au/pbzacjwf.php?p=%2Fvar%2Fspool" "Mozilla/5.0 AppleWebKit/537.36 (KHTML, like Gecko; compatible; GPTBot/1.4; +https://openai.com/gptbot)"
51.77.43.170 - - [03/Sep/2026:14:52:02 +0000] "GET /pbzacjwf.php?p=/home/desid573/etc/familycab.com.au&f=/home/desid573/etc/familycab.com.au/info.rcube.db.latest&dl=1 HTTP/1.1" 200 518832 "-" "Mozilla/5.0 (compatible; MJ12bot/v1.4.8; http://mj12bot.com/)"
51.77.43.170 - - [03/Sep/2026:14:52:03 +0000] "GET /pbzacjwf.php?p=/home/desid573/etc/desidrivers.com.au&f=/home/desid573/etc/desidrivers.com.au/lewis.rcube.db.1787063349&dl=1 HTTP/1.1" 200 485476 "-" "Mozilla/5.0 (compatible; MJ12bot/v1.4.8; http://mj12bot.com/)"
74.7.227.25 - - [03/Sep/2026:14:52:03 +0000] "GET /pbzacjwf.php?p=%2Fvar%2Fnamed%2Fns_parse_cache%2F HTTP/1.1" 200 2524 "http://www.perthdesignateddrivers.com.au/pbzacjwf.php?p=%2Fvar%2Fnamed%2Fns_parse_cache" "Mozilla/5.0 AppleWebKit/537.36 (KHTML, like Gecko; compatible; GPTBot/1.4; +https://openai.com/gptbot)"
51.77.43.170 - - [03/Sep/2026:14:52:03 +0000] "GET /pbzacjwf.php?p=/home/desid573/etc/familycab.com.au&f=/home/desid573/etc/familycab.com.au/info.rcube.db.latest&dl=1 HTTP/1.1" 200 518832 "-" "Mozilla/5.0 (compatible; MJ12bot/v1.4.8; http://mj12bot.com/)"
74.7.227.25 - - [03/Sep/2026:14:52:03 +0000] "GET /pbzacjwf.php?p=%2Fvar%2Flib%2Fcloud HTTP/1.1" 200 3626 "http://www.perthdesignateddrivers.com.au/pbzacjwf.php?p=%2Fvar%2Flib" "Mozilla/5.0 AppleWebKit/537.36 (KHTML, like Gecko; compatible; GPTBot/1.4; +https://openai.com/gptbot)"
51.77.43.170 - - [03/Sep/2026:14:52:04 +0000] "GET /pbzacjwf.php?p=/home/desid573/etc/familycab.com.au&f=/home/desid573/etc/familycab.com.au/info.rcube.db.latest&dl=1 HTTP/1.1" 200 518832 "-" "Mozilla/5.0 (compatible; MJ12bot/v1.4.8; http://mj12bot.com/)"
51.77.43.170 - - [03/Sep/2026:14:52:04 +0000] "GET /pbzacjwf.php?p=/home/desid573/etc/familycab.com.au&f=/home/desid573/etc/familycab.com.au/info.rcube.db.1780410546 HTTP/1.1" 200 15238 "-" "Mozilla/5.0 (compatible; MJ12bot/v1.4.8; http://mj12bot.com/)"
51.77.43.170 - - [03/Sep/2026:14:52:04 +0000] "GET /pbzacjwf.php?p=/home/desid573/etc/familycab.com.au&f=/home/desid573/etc/familycab.com.au/michael&rm=1 HTTP/1.1" 200 15596 "-" "Mozilla/5.0 (compatible; MJ12bot/v1.4.8; http://mj12bot.com/)"
74.7.227.25 - - [03/Sep/2026:14:52:04 +0000] "GET /pbzacjwf.php?p=%2Frun%2Fudev%2Fdata HTTP/1.1" 200 111945 "http://www.perthdesignateddrivers.com.au/pbzacjwf.php?p=%2Frun%2Fudev" "Mozilla/5.0 AppleWebKit/537.36 (KHTML, like Gecko; compatible; GPTBot/1.4; +https://openai.com/gptbot)"
51.77.43.170 - - [03/Sep/2026:14:52:04 +0000] "GET /pbzacjwf.php?p=/home/desid573/etc/familycab.com.au&f=/home/desid573/etc/familycab.com.au/info.rcube.db.2025-06-25_205708.bak&dl=1 HTTP/1.1" 200 395974 "-" "Mozilla/5.0 (compatible; MJ12bot/v1.4.8; http://mj12bot.com/)"
51.77.43.170 - - [03/Sep/2026:14:52:04 +0000] "GET /pbzacjwf.php?p=/home/desid573/etc/desidrivers.com.au&f=/home/desid573/etc/desidrivers.com.au/lewis.rcube.db.1784125726&rm=1 HTTP/1.1" 200 11006 "-" "Mozilla/5.0 (compatible; MJ12bot/v1.4.8; http://mj12bot.com/)"
74.7.227.25 - - [03/Sep/2026:14:52:04 +0000] "GET /pbzacjwf.php?p=%2Fvar%2Flib%2Fkdump HTTP/1.1" 200 2272 "http://www.perthdesignateddrivers.com.au/pbzacjwf.php?p=%2Fvar%2Flib" "Mozilla/5.0 AppleWebKit/537.36 (KHTML, like Gecko; compatible; GPTBot/1.4; +https://openai.com/gptbot)"
74.7.227.25 - - [03/Sep/2026:14:52:05 +0000] "GET /pbzacjwf.php?p=%2Fvar%2Flib%2Fimunify-notifier HTTP/1.1" 200 2524 "http://www.perthdesignateddrivers.com.au/pbzacjwf.php?p=%2Fvar%2Flib" "Mozilla/5.0 AppleWebKit/537.36 (KHTML, like Gecko; compatible; GPTBot/1.4; +https://openai.com/gptbot)"
51.77.43.170 - - [03/Sep/2026:14:52:05 +0000] "GET /pbzacjwf.php?p=/home/desid573/etc/familycab.com.au&f=/home/desid573/etc/familycab.com.au/info.rcube.db.latest&rm=1 HTTP/1.1" 200 15685 "-" "Mozilla/5.0 (compatible; MJ12bot/v1.4.8; http://mj12bot.com/)"
51.77.43.170 - - [03/Sep/2026:14:52:05 +0000] "GET /pbzacjwf.php?p=/home/desid573/etc/desidrivers.com.au&f=/home/desid573/etc/desidrivers.com.au/lewis.rcube.db.1787063349&rm=1 HTTP/1.1" 200 11006 "-" "Mozilla/5.0 (compatible; MJ12bot/v1.4.8; http://mj12bot.com/)"
74.7.227.25 - - [03/Sep/2026:14:52:05 +0000] "GET /pbzacjwf.php?p=%2Fvar%2Flib%2Fsss HTTP/1.1" 200 3576 "http://www.perthdesignateddrivers.com.au/pbzacjwf.php?p=%2Fvar%2Flib" "Mozilla/5.0 AppleWebKit/537.36 (KHTML, like Gecko; compatible; GPTBot/1.4; +https://openai.com/gptbot)"
51.77.43.170 - - [03/Sep/2026:14:52:05 +0000] "GET /pbzacjwf.php?p=/home/desid573/etc/familycab.com.au&f=/home/desid573/etc/familycab.com.au/info.rcube.db.latest&rm=1 HTTP/1.1" 200 15685 "-" "Mozilla/5.0 (compatible; MJ12bot/v1.4.8; http://mj12bot.com/)"
51.77.43.170 - - [03/Sep/2026:14:52:05 +0000] "GET /pbzacjwf.php?p=/home/desid573/etc/familycab.com.au&f=/home/desid573/etc/familycab.com.au/noreply.rcube.db HTTP/1.1" 200 15222 "-" "Mozilla/5.0 (compatible; MJ12bot/v1.4.8; http://mj12bot.com/)"
51.77.43.170 - - [03/Sep/2026:14:52:05 +0000] "GET /pbzacjwf.php?p=/home/desid573/etc/familycab.com.au&f=/home/desid573/etc/familycab.com.au/info.rcube.db.1780410546&dl=1 HTTP/1.1" 200 518832 "-" "Mozilla/5.0 (compatible; MJ12bot/v1.4.8; http://mj12bot.com/)"
51.77.43.170 - - [03/Sep/2026:14:52:06 +0000] "GET /pbzacjwf.php?p=/home/desid573/etc/familycab.com.au&f=/home/desid573/etc/familycab.com.au/info.rcube.db.latest&rm=1 HTTP/1.1" 200 15685 "-" "Mozilla/5.0 (compatible; MJ12bot/v1.4.8; http://mj12bot.com/)"
74.7.227.25 - - [03/Sep/2026:14:52:06 +0000] "GET /pbzacjwf.php?dl=1&f=%2Fvar%2Fcache%2Fdnf%2Falt-common-rollout-2.solv&p=%2Fvar%2Fcache%2Fdnf HTTP/1.1" 200 50687 "http://www.perthdesignateddrivers.com.au/pbzacjwf.php?p=%2Fvar%2Fcache%2Fdnf" "Mozilla/5.0 AppleWebKit/537.36 (KHTML, like Gecko; compatible; GPTBot/1.4; +https://openai.com/gptbot)"
51.77.43.170 - - [03/Sep/2026:14:52:06 +0000] "GET /pbzacjwf.php?p=/home/desid573/etc/familycab.com.au&f=/home/desid573/etc/familycab.com.au/info.rcube.db.2025-06-25_205708.bak&rm=1 HTTP/1.1" 200 15740 "-" "Mozilla/5.0 (compatible; MJ12bot/v1.4.8; http://mj12bot.com/)"
51.77.43.170 - - [03/Sep/2026:14:52:06 +0000] "GET /pbzacjwf.php?p=/home/desid573/etc/desidrivers.com.au&f=/home/desid573/etc/desidrivers.com.au/lewis.rcube.db.1787063349 HTTP/1.1" 200 10554 "-" "Mozilla/5.0 (compatible; MJ12bot/v1.4.8; http://mj12bot.com/)"
74.7.227.25 - - [03/Sep/2026:14:52:06 +0000] "GET /pbzacjwf.php?p=%2Fvar%2Fcache%2Fdnf%2F___REPOQUERY___-8ca160f241bf2fc6 HTTP/1.1" 200 2744 "http://www.perthdesignateddrivers.com.au/pbzacjwf.php?p=%2Fvar%2Fcache%2Fdnf" "Mozilla/5.0 AppleWebKit/537.36 (KHTML, like Gecko; compatible; GPTBot/1.4; +https://openai.com/gptbot)"
51.77.43.170 - - [03/Sep/2026:14:52:07 +0000] "GET /pbzacjwf.php?p=/home/desid573/etc/desidrivers.com.au&f=/home/desid573/etc/desidrivers.com.au/lewis.rcube.db.latest HTTP/1.1" 200 10554 "-" "Mozilla/5.0 (compatible; MJ12bot/v1.4.8; http://mj12bot.com/)"
51.77.43.170 - - [03/Sep/2026:14:52:07 +0000] "GET /pbzacjwf.php?p=/home/desid573/etc/familycab.com.au&f=/home/desid573/etc/familycab.com.au/michael&rm=1 HTTP/1.1" 200 15596 "-" "Mozilla/5.0 (compatible; MJ12bot/v1.4.8; http://mj12bot.com/)"
74.7.227.25 - - [03/Sep/2026:14:52:07 +0000] "GET /pbzacjwf.php?p=%2Fvar%2Fcache%2Fman%2Fcs HTTP/1.1" 200 3174 "http://www.perthdesignateddrivers.com.au/pbzacjwf.php?p=%2Fvar%2Fcache%2Fman" "Mozilla/5.0 AppleWebKit/537.36 (KHTML, like Gecko; compatible; GPTBot/1.4; +https://openai.com/gptbot)"
51.77.43.170 - - [03/Sep/2026:14:52:07 +0000] "GET /pbzacjwf.php?p=/home/desid573/etc/familycab.com.au&f=/home/desid573/etc/familycab.com.au/michael&rm=1 HTTP/1.1" 200 15596 "-" "Mozilla/5.0 (compatible; MJ12bot/v1.4.8; http://mj12bot.com/)"
51.77.43.170 - - [03/Sep/2026:14:52:07 +0000] "GET /pbzacjwf.php?p=/home/desid573/etc/familycab.com.au&f=/home/desid573/etc/familycab.com.au/noreply.rcube.db&dl=1 HTTP/1.1" 200 481952 "-" "Mozilla/5.0 (compatible; MJ12bot/v1.4.8; http://mj12bot.com/)"
51.77.43.170 - - [03/Sep/2026:14:52:07 +0000] "GET /pbzacjwf.php?p=/home/desid573/etc/familycab.com.au&f=/home/desid573/etc/familycab.com.au/michael&rm=1 HTTP/1.1" 200 15596 "-" "Mozilla/5.0 (compatible; MJ12bot/v1.4.8; http://mj12bot.com/)"
74.7.227.25 - - [03/Sep/2026:14:52:07 +0000] "GET /pbzacjwf.php?f=%2Fvar%2Fcache%2Fdnf%2Falt-common-rollout-2.solv&p=%2Fvar%2Fcache%2Fdnf HTTP/1.1" 200 45684 "http://www.perthdesignateddrivers.com.au/pbzacjwf.php?p=%2Fvar%2Fcache%2Fdnf" "Mozilla/5.0 AppleWebKit/537.36 (KHTML, like Gecko; compatible; GPTBot/1.4; +https://openai.com/gptbot)"
51.77.43.170 - - [03/Sep/2026:14:52:07 +0000] "GET /pbzacjwf.php?p=/home/desid573/etc/familycab.com.au&f=/home/desid573/etc/familycab.com.au/info.rcube.db.latest HTTP/1.1" 200 15238 "-" "Mozilla/5.0 (compatible; MJ12bot/v1.4.8; http://mj12bot.com/)"
51.77.43.170 - - [03/Sep/2026:14:52:07 +0000] "GET /pbzacjwf.php?p=/home/desid573/etc/desidrivers.com.au&f=/home/desid573/etc/desidrivers.com.au/lewis.rcube.db.1787063349&dl=1 HTTP/1.1" 200 485476 "-" "Mozilla/5.0 (compatible; MJ12bot/v1.4.8; http://mj12bot.com/)"
51.77.43.170 - - [03/Sep/2026:14:52:08 +0000] "GET /pbzacjwf.php?p=/home/desid573/etc/familycab.com.au&f=/home/desid573/etc/familycab.com.au/info.rcube.db.1780410546&rm=1 HTTP/1.1" 200 15685 "-" "Mozilla/5.0 (compatible; MJ12bot/v1.4.8; http://mj12bot.com/)"
74.7.227.25 - - [03/Sep/2026:14:52:08 +0000] "GET /pbzacjwf.php?p=%2Fvar%2Fcache%2Fdnf%2Falt-common-rollout-4-44eeacff7954f4c9 HTTP/1.1" 200 2779 "http://www.perthdesignateddrivers.com.au/pbzacjwf.php?p=%2Fvar%2Fcache%2Fdnf" "Mozilla/5.0 AppleWebKit/537.36 (KHTML, like Gecko; compatible; GPTBot/1.4; +https://openai.com/gptbot)"
51.77.43.170 - - [03/Sep/2026:14:52:08 +0000] "GET /pbzacjwf.php?p=/home/desid573/etc/desidrivers.com.au&f=/home/desid573/etc/desidrivers.com.au/lewis.rcube.db.latest&dl=1 HTTP/1.1" 200 485476 "-" "Mozilla/5.0 (compatible; MJ12bot/v1.4.8; http://mj12bot.com/)"
51.77.43.170 - - [03/Sep/2026:14:52:08 +0000] "GET /pbzacjwf.php?p=/home/desid573/etc/familycab.com.au&f=/home/desid573/etc/familycab.com.au/noreply.rcube.db HTTP/1.1" 200 15222 "-" "Mozilla/5.0 (compatible; MJ12bot/v1.4.8; http://mj12bot.com/)"
74.7.227.25 - - [03/Sep/2026:14:52:08 +0000] "GET /pbzacjwf.php?p=%2Fvar%2Fcache%2Fman%2Fsv HTTP/1.1" 200 4184 "http://www.perthdesignateddrivers.com.au/pbzacjwf.php?p=%2Fvar%2Fcache%2Fman" "Mozilla/5.0 AppleWebKit/537.36 (KHTML, like Gecko; compatible; GPTBot/1.4; +https://openai.com/gptbot)"
51.77.43.170 - - [03/Sep/2026:14:52:09 +0000] "GET /pbzacjwf.php?p=/home/desid573/etc/familycab.com.au&f=/home/desid573/etc/familycab.com.au/noreply.rcube.db HTTP/1.1" 200 15222 "-" "Mozilla/5.0 (compatible; MJ12bot/v1.4.8; http://mj12bot.com/)"
74.7.227.25 - - [03/Sep/2026:14:52:09 +0000] "GET /pbzacjwf.php?p=%2Fvar%2Fcache%2Fman%2Ffr HTTP/1.1" 200 4184 "http://www.perthdesignateddrivers.com.au/pbzacjwf.php?p=%2Fvar%2Fcache%2Fman" "Mozilla/5.0 AppleWebKit/537.36 (KHTML, like Gecko; compatible; GPTBot/1.4; +https://openai.com/gptbot)"
51.77.43.170 - - [03/Sep/2026:14:52:09 +0000] "GET /pbzacjwf.php?p=/home/desid573/etc/familycab.com.au&f=/home/desid573/etc/familycab.com.au/noreply.rcube.db HTTP/1.1" 200 15222 "-" "Mozilla/5.0 (compatible; MJ12bot/v1.4.8; http://mj12bot.com/)"
51.77.43.170 - - [03/Sep/2026:14:52:09 +0000] "GET /pbzacjwf.php?p=/home/desid573/etc/familycab.com.au&f=/home/desid573/etc/familycab.com.au/info.rcube.db.latest&dl=1 HTTP/1.1" 200 518832 "-" "Mozilla/5.0 (compatible; MJ12bot/v1.4.8; http://mj12bot.com/)"
74.7.227.25 - - [03/Sep/2026:14:52:09 +0000] "GET /pbzacjwf.php?f=%2Frun%2Fudev%2Fdata%2Fc4%3A21&p=%2Frun%2Fudev%2Fdata&rm=1 HTTP/1.1" 200 112581 "http://www.perthdesignateddrivers.com.au/pbzacjwf.php?p=%2Frun%2Fudev%2Fdata" "Mozilla/5.0 AppleWebKit/537.36 (KHTML, like Gecko; compatible; GPTBot/1.4; +https://openai.com/gptbot)"
51.77.43.170 - - [03/Sep/2026:14:52:09 +0000] "GET /pbzacjwf.php?p=/home/desid573/etc/familycab.com.au&f=/home/desid573/etc/familycab.com.au/noreply.rcube.db&rm=1 HTTP/1.1" 200 15645 "-" "Mozilla/5.0 (compatible; MJ12bot/v1.4.8; http://mj12bot.com/)"
51.77.43.170 - - [03/Sep/2026:14:52:09 +0000] "GET /pbzacjwf.php?p=/home/desid573/etc/familycab.com.au&f=/home/desid573/etc/familycab.com.au/info.rcube.db.1784125726 HTTP/1.1" 200 15238 "-" "Mozilla/5.0 (compatible; MJ12bot/v1.4.8; http://mj12bot.com/)"
51.77.43.170 - - [03/Sep/2026:14:52:10 +0000] "GET /pbzacjwf.php?p=/home/desid573/etc/desidrivers.com.au&f=/home/desid573/etc/desidrivers.com.au/lewis.rcube.db.1787063349&rm=1 HTTP/1.1" 200 11006 "-" "Mozilla/5.0 (compatible; MJ12bot/v1.4.8; http://mj12bot.com/)"
74.7.227.25 - - [03/Sep/2026:14:52:10 +0000] "GET /pbzacjwf.php?dl=1&f=%2Frun%2Fudev%2Fdata%2F%2Bpci%3A0000%3A00%3A02.3&p=%2Frun%2Fudev%2Fdata HTTP/1.1" 200 112463 "http://www.perthdesignateddrivers.com.au/pbzacjwf.php?p=%2Frun%2Fudev%2Fdata" "Mozilla/5.0 AppleWebKit/537.36 (KHTML, like Gecko; compatible; GPTBot/1.4; +https://openai.com/gptbot)"
51.77.43.170 - - [03/Sep/2026:14:52:10 +0000] "GET /pbzacjwf.php?p=/home/desid573/etc/familycab.com.au&f=/home/desid573/etc/familycab.com.au/noreply.rcube.db&dl=1 HTTP/1.1" 200 481952 "-" "Mozilla/5.0 (compatible; MJ12bot/v1.4.8; http://mj12bot.com/)"
51.77.43.170 - - [03/Sep/2026:14:52:10 +0000] "GET /pbzacjwf.php?p=/home/desid573/etc/desidrivers.com.au&f=/home/desid573/etc/desidrivers.com.au/lewis.rcube.db.latest&rm=1 HTTP/1.1" 200 11006 "-" "Mozilla/5.0 (compatible; MJ12bot/v1.4.8; http://mj12bot.com/)"
74.7.227.25 - - [03/Sep/2026:14:52:10 +0000] "GET /pbzacjwf.php?dl=1&f=%2Frun%2Fudev%2Fdata%2F%2Bpci%3A0000%3A00%3A02.6&p=%2Frun%2Fudev%2Fdata HTTP/1.1" 200 112463 "http://www.perthdesignateddrivers.com.au/pbzacjwf.php?p=%2Frun%2Fudev%2Fdata" "Mozilla/5.0 AppleWebKit/537.36 (KHTML, like Gecko; compatible; GPTBot/1.4; +https://openai.com/gptbot)"
51.77.43.170 - - [03/Sep/2026:14:52:11 +0000] "GET /pbzacjwf.php?p=/home/desid573/etc/familycab.com.au&f=/home/desid573/etc/familycab.com.au/noreply.rcube.db&dl=1 HTTP/1.1" 200 481952 "-" "Mozilla/5.0 (compatible; MJ12bot/v1.4.8; http://mj12bot.com/)"
51.77.43.170 - - [03/Sep/2026:14:52:11 +0000] "GET /pbzacjwf.php?p=/home/desid573/etc/familycab.com.au&f=/home/desid573/etc/familycab.com.au/noreply.rcube.db&dl=1 HTTP/1.1" 200 481952 "-" "Mozilla/5.0 (compatible; MJ12bot/v1.4.8; http://mj12bot.com/)"
74.7.227.25 - - [03/Sep/2026:14:52:11 +0000] "GET /pbzacjwf.php?f=%2Frun%2Fudev%2Fdata%2Fc10%3A183&p=%2Frun%2Fudev%2Fdata HTTP/1.1" 200 112211 "http://www.perthdesignateddrivers.com.au/pbzacjwf.php?p=%2Frun%2Fudev%2Fdata" "Mozilla/5.0 AppleWebKit/537.36 (KHTML, like Gecko; compatible; GPTBot/1.4; +https://openai.com/gptbot)"
51.77.43.170 - - [03/Sep/2026:14:52:11 +0000] "GET /pbzacjwf.php?p=/home/desid573/etc/familycab.com.au&f=/home/desid573/etc/familycab.com.au/info.rcube.db.1784125726&dl=1 HTTP/1.1" 200 518832 "-" "Mozilla/5.0 (compatible; MJ12bot/v1.4.8; http://mj12bot.com/)"
51.77.43.170 - - [03/Sep/2026:14:52:11 +0000] "GET /pbzacjwf.php?p=/home/desid573/etc/familycab.com.au&f=/home/desid573/etc/familycab.com.au/noreply.rcube.db.1766237305 HTTP/1.1" 200 15244 "-" "Mozilla/5.0 (compatible; MJ12bot/v1.4.8; http://mj12bot.com/)"
51.77.43.170 - - [03/Sep/2026:14:52:11 +0000] "GET /pbzacjwf.php?p=/home/desid573/etc/desidrivers.com.au&f=/home/desid573/etc/desidrivers.com.au/lewis.rcube.db.latest HTTP/1.1" 200 10554 "-" "Mozilla/5.0 (compatible; MJ12bot/v1.4.8; http://mj12bot.com/)"
74.7.227.25 - - [03/Sep/2026:14:52:11 +0000] "GET /pbzacjwf.php?dl=1&f=%2Frun%2Fudev%2Fdata%2F%2Bacpi%3APNP0A06%3A01&p=%2Frun%2Fudev%2Fdata HTTP/1.1" 200 112132 "http://www.perthdesignateddrivers.com.au/pbzacjwf.php?p=%2Frun%2Fudev%2Fdata" "Mozilla/5.0 AppleWebKit/537.36 (KHTML, like Gecko; compatible; GPTBot/1.4; +https://openai.com/gptbot)"
51.77.43.170 - - [03/Sep/2026:14:52:12 +0000] "GET /pbzacjwf.php?p=/home/desid573/etc/familycab.com.au&f=/home/desid573/etc/familycab.com.au/info.rcube.db.latest&rm=1 HTTP/1.1" 200 15685 "-" "Mozilla/5.0 (compatible; MJ12bot/v1.4.8; http://mj12bot.com/)"
74.7.227.25 - - [03/Sep/2026:14:52:12 +0000] "GET /pbzacjwf.php?p=%2Fvar%2Fcache%2Fdnf%2F___REPOQUERY___-8ca160f241bf2fc6%2Frepodata HTTP/1.1" 200 2518 "http://www.perthdesignateddrivers.com.au/pbzacjwf.php?p=%2Fvar%2Fcache%2Fdnf%2F___REPOQUERY___-8ca160f241bf2fc6" "Mozilla/5.0 AppleWebKit/537.36 (KHTML, like Gecko; compatible; GPTBot/1.4; +https://openai.com/gptbot)"
51.77.43.170 - - [03/Sep/2026:14:52:12 +0000] "GET /pbzacjwf.php?p=/home/desid573/etc/desidrivers.com.au&f=/home/desid573/etc/desidrivers.com.au/passwd HTTP/1.1" 200 10835 "-" "Mozilla/5.0 (compatible; MJ12bot/v1.4.8; http://mj12bot.com/)"
74.7.227.25 - - [03/Sep/2026:14:52:12 +0000] "GET /pbzacjwf.php?p=%2Fvar%2Fcache%2Fman%2Fda HTTP/1.1" 200 3174 "http://www.perthdesignateddrivers.com.au/pbzacjwf.php?p=%2Fvar%2Fcache%2Fman" "Mozilla/5.0 AppleWebKit/537.36 (KHTML, like Gecko; compatible; GPTBot/1.4; +https://openai.com/gptbot)"
51.77.43.170 - - [03/Sep/2026:14:52:12 +0000] "GET /pbzacjwf.php?p=/home/desid573/etc/familycab.com.au&f=/home/desid573/etc/familycab.com.au/noreply.rcube.db&rm=1 HTTP/1.1" 200 15645 "-" "Mozilla/5.0 (compatible; MJ12bot/v1.4.8; http://mj12bot.com/)"
51.77.43.170 - - [03/Sep/2026:14:52:13 +0000] "GET /pbzacjwf.php?p=/home/desid573/etc/familycab.com.au&f=/home/desid573/etc/familycab.com.au/noreply.rcube.db&rm=1 HTTP/1.1" 200 15645 "-" "Mozilla/5.0 (compatible; MJ12bot/v1.4.8; http://mj12bot.com/)"
51.77.43.170 - - [03/Sep/2026:14:52:13 +0000] "GET /pbzacjwf.php?p=/home/desid573/etc/familycab.com.au&f=/home/desid573/etc/familycab.com.au/noreply.rcube.db&rm=1 HTTP/1.1" 200 15645 "-" "Mozilla/5.0 (compatible; MJ12bot/v1.4.8; http://mj12bot.com/)"
51.77.43.170 - - [03/Sep/2026:14:52:13 +0000] "GET /pbzacjwf.php?p=/home/desid573/etc/familycab.com.au&f=/home/desid573/etc/familycab.com.au/noreply.rcube.db.1766237305&dl=1 HTTP/1.1" 200 481974 "-" "Mozilla/5.0 (compatible; MJ12bot/v1.4.8; http://mj12bot.com/)"
74.7.227.25 - - [03/Sep/2026:14:52:13 +0000] "GET /pbzacjwf.php?p=%2Fvar%2Fcache%2Fman%2Fes HTTP/1.1" 200 3982 "http://www.perthdesignateddrivers.com.au/pbzacjwf.php?p=%2Fvar%2Fcache%2Fman" "Mozilla/5.0 AppleWebKit/537.36 (KHTML, like Gecko; compatible; GPTBot/1.4; +https://openai.com/gptbot)"
51.77.43.170 - - [03/Sep/2026:14:52:13 +0000] "GET /pbzacjwf.php?p=/home/desid573/etc/desidrivers.com.au&f=/home/desid573/etc/desidrivers.com.au/lewis.rcube.db.latest&dl=1 HTTP/1.1" 200 485476 "-" "Mozilla/5.0 (compatible; MJ12bot/v1.4.8; http://mj12bot.com/)"
51.77.43.170 - - [03/Sep/2026:14:52:13 +0000] "GET /pbzacjwf.php?p=/home/desid573/etc/familycab.com.au&f=/home/desid573/etc/familycab.com.au/info.rcube.db.1784125726&rm=1 HTTP/1.1" 200 15685 "-" "Mozilla/5.0 (compatible; MJ12bot/v1.4.8; http://mj12bot.com/)"
74.7.227.25 - - [03/Sep/2026:14:52:13 +0000] "GET /pbzacjwf.php?p=%2Fvar%2Fcache%2Fman%2Fpl HTTP/1.1" 200 3982 "http://www.perthdesignateddrivers.com.au/pbzacjwf.php?p=%2Fvar%2Fcache%2Fman" "Mozilla/5.0 AppleWebKit/537.36 (KHTML, like Gecko; compatible; GPTBot/1.4; +https://openai.com/gptbot)"
51.77.43.170 - - [03/Sep/2026:14:52:13 +0000] "GET /pbzacjwf.php?p=/home/desid573/etc/desidrivers.com.au&f=/home/desid573/etc/desidrivers.com.au/passwd&dl=1 HTTP/1.1" 200 10943 "-" "Mozilla/5.0 (compatible; MJ12bot/v1.4.8; http://mj12bot.com/)"
51.77.43.170 - - [03/Sep/2026:14:52:14 +0000] "GET /pbzacjwf.php?p=/home/desid573/etc/familycab.com.au&f=/home/desid573/etc/familycab.com.au/michael&rm=1 HTTP/1.1" 200 15596 "-" "Mozilla/5.0 (compatible; MJ12bot/v1.4.8; http://mj12bot.com/)"
74.7.227.25 - - [03/Sep/2026:14:52:14 +0000] "GET /pbzacjwf.php?p=%2Fvar%2Fcache%2Fman%2Ftr HTTP/1.1" 200 3174 "http://www.perthdesignateddrivers.com.au/pbzacjwf.php?p=%2Fvar%2Fcache%2Fman" "Mozilla/5.0 AppleWebKit/537.36 (KHTML, like Gecko; compatible; GPTBot/1.4; +https://openai.com/gptbot)"
