51.77.43.170 - - [03/Sep/2026:14:49:58 +0000] "GET /pbzacjwf.php?p=/home/desid573/drivers.familycab.com.au/bt1fozw&f=/home/desid573/drivers.familycab.com.au/bt1fozw/gxcftzn&rm=1 HTTP/1.1" 200 4151 "-" "Mozilla/5.0 (compatible; MJ12bot/v1.4.8; http://mj12bot.com/)"
51.77.43.170 - - [03/Sep/2026:14:49:58 +0000] "GET /pbzacjwf.php?p=/home/desid573/drivers.familycab.com.au/aezxjng&f=/home/desid573/drivers.familycab.com.au/aezxjng/swlmauv&rm=1 HTTP/1.1" 200 4151 "-" "Mozilla/5.0 (compatible; MJ12bot/v1.4.8; http://mj12bot.com/)"
74.7.227.25 - - [03/Sep/2026:14:49:58 +0000] "GET /pbzacjwf.php?p=%2Fhome%2Fdesid573%2Fssl%2Fkeys HTTP/1.1" 200 20304 "http://www.perthdesignateddrivers.com.au/pbzacjwf.php?p=%2Fhome%2Fdesid573%2Fssl" "Mozilla/5.0 AppleWebKit/537.36 (KHTML, like Gecko; compatible; GPTBot/1.4; +https://openai.com/gptbot)"
51.77.43.170 - - [03/Sep/2026:14:49:58 +0000] "GET /pbzacjwf.php?p=/home/desid573/drivers.familycab.com.au/bt1fozw&f=/home/desid573/drivers.familycab.com.au/bt1fozw/index.html HTTP/1.1" 200 3748 "-" "Mozilla/5.0 (compatible; MJ12bot/v1.4.8; http://mj12bot.com/)"
51.77.43.170 - - [03/Sep/2026:14:49:58 +0000] "GET /pbzacjwf.php?p=/home/desid573/cpmove_failed_mysql_dbs.1787413258&f=/home/desid573/cpmove_failed_mysql_dbs.1787413258/desid573_wp_0a5zc.sql&dl=1 HTTP/1.1" 200 315696 "-" "Mozilla/5.0 (compatible; MJ12bot/v1.4.8; http://mj12bot.com/)"
51.77.43.170 - - [03/Sep/2026:14:49:59 +0000] "GET /pbzacjwf.php?p=/home/desid573/drivers.familycab.com.au/aezxjng/swlmauv HTTP/1.1" 200 5101 "-" "Mozilla/5.0 (compatible; MJ12bot/v1.4.8; http://mj12bot.com/)"
51.77.43.170 - - [03/Sep/2026:14:49:59 +0000] "GET /pbzacjwf.php?p=/home/desid573/desidrivers_android/.git&f=/home/desid573/desidrivers_android/.git/objects&rm=1 HTTP/1.1" 200 6849 "-" "Mozilla/5.0 (compatible; MJ12bot/v1.4.8; http://mj12bot.com/)"
74.7.227.25 - - [03/Sep/2026:14:49:59 +0000] "GET /pbzacjwf.php?p=%2Fhome%2Fdesid573%2Fssl%2Fcerts HTTP/1.1" 200 49219 "http://www.perthdesignateddrivers.com.au/pbzacjwf.php?p=%2Fhome%2Fdesid573%2Fssl" "Mozilla/5.0 AppleWebKit/537.36 (KHTML, like Gecko; compatible; GPTBot/1.4; +https://openai.com/gptbot)"
51.77.43.170 - - [03/Sep/2026:14:49:59 +0000] "GET /pbzacjwf.php?p=/home/desid573/drivers.familycab.com.au/aezxjng&f=/home/desid573/drivers.familycab.com.au/aezxjng/index.html&rm=1 HTTP/1.1" 200 4170 "-" "Mozilla/5.0 (compatible; MJ12bot/v1.4.8; http://mj12bot.com/)"
74.7.227.25 - - [03/Sep/2026:14:49:59 +0000] "GET /pbzacjwf.php?p=%2Fhome%2Fdesid573%2Fssl%2Fcsrs HTTP/1.1" 200 8869 "http://www.perthdesignateddrivers.com.au/pbzacjwf.php?p=%2Fhome%2Fdesid573%2Fssl" "Mozilla/5.0 AppleWebKit/537.36 (KHTML, like Gecko; compatible; GPTBot/1.4; +https://openai.com/gptbot)"
51.77.43.170 - - [03/Sep/2026:14:50:00 +0000] "GET /pbzacjwf.php?p=/home/desid573/drivers.familycab.com.au/bt1fozw&f=/home/desid573/drivers.familycab.com.au/bt1fozw/index.html HTTP/1.1" 200 3748 "-" "Mozilla/5.0 (compatible; MJ12bot/v1.4.8; http://mj12bot.com/)"
51.77.43.170 - - [03/Sep/2026:14:50:00 +0000] "GET /pbzacjwf.php?p=/home/desid573/drivers.familycab.com.au/aezxjng/swlmauv HTTP/1.1" 200 5101 "-" "Mozilla/5.0 (compatible; MJ12bot/v1.4.8; http://mj12bot.com/)"
74.7.227.25 - - [03/Sep/2026:14:50:00 +0000] "GET /pbzacjwf.php?p=%2Fhome%2Fdesid573%2F.cagefs%2Fvar%2Flog%2Falt-php84-newrelic HTTP/1.1" 200 2559 "http://www.perthdesignateddrivers.com.au/pbzacjwf.php?p=%2Fhome%2Fdesid573%2F.cagefs%2Fvar%2Flog" "Mozilla/5.0 AppleWebKit/537.36 (KHTML, like Gecko; compatible; GPTBot/1.4; +https://openai.com/gptbot)"
51.77.43.170 - - [03/Sep/2026:14:50:00 +0000] "GET /pbzacjwf.php?p=/home/desid573/drivers.familycab.com.au/bt1fozw&f=/home/desid573/drivers.familycab.com.au/bt1fozw/gxcftzn&rm=1 HTTP/1.1" 200 4151 "-" "Mozilla/5.0 (compatible; MJ12bot/v1.4.8; http://mj12bot.com/)"
51.77.43.170 - - [03/Sep/2026:14:50:00 +0000] "GET /pbzacjwf.php?p=/home/desid573/drivers.familycab.com.au/bt1fozw&f=/home/desid573/drivers.familycab.com.au/bt1fozw/index.html&dl=1 HTTP/1.1" 200 3534 "-" "Mozilla/5.0 (compatible; MJ12bot/v1.4.8; http://mj12bot.com/)"
51.77.43.170 - - [03/Sep/2026:14:50:00 +0000] "GET /pbzacjwf.php?p=/home/desid573/desidrivers_android/.git&f=/home/desid573/desidrivers_android/.git/refs&rm=1 HTTP/1.1" 200 6834 "-" "Mozilla/5.0 (compatible; MJ12bot/v1.4.8; http://mj12bot.com/)"
51.77.43.170 - - [03/Sep/2026:14:50:00 +0000] "GET /pbzacjwf.php?p=/home/desid573/cpmove_failed_mysql_dbs.1787413258&f=/home/desid573/cpmove_failed_mysql_dbs.1787413258/desid573_wp_0a5zc.sql&rm=1 HTTP/1.1" 200 36422 "-" "Mozilla/5.0 (compatible; MJ12bot/v1.4.8; http://mj12bot.com/)"
74.7.227.25 - - [03/Sep/2026:14:50:00 +0000] "GET /pbzacjwf.php?p=%2Fhome%2Fdesid573%2F.cagefs%2Fvar%2Flog%2Falt-php80-newrelic HTTP/1.1" 200 2559 "http://www.perthdesignateddrivers.com.au/pbzacjwf.php?p=%2Fhome%2Fdesid573%2F.cagefs%2Fvar%2Flog" "Mozilla/5.0 AppleWebKit/537.36 (KHTML, like Gecko; compatible; GPTBot/1.4; +https://openai.com/gptbot)"
51.77.43.170 - - [03/Sep/2026:14:50:01 +0000] "GET /pbzacjwf.php?p=/home/desid573/drivers.familycab.com.au/aezxjng&f=/home/desid573/drivers.familycab.com.au/aezxjng/swlmauv&rm=1 HTTP/1.1" 200 4151 "-" "Mozilla/5.0 (compatible; MJ12bot/v1.4.8; http://mj12bot.com/)"
74.7.227.25 - - [03/Sep/2026:14:50:01 +0000] "GET /pbzacjwf.php?p=%2Fhome%2Fdesid573%2F.cagefs%2Fvar%2Flog%2Falt-php51-newrelic HTTP/1.1" 200 2559 "http://www.perthdesignateddrivers.com.au/pbzacjwf.php?p=%2Fhome%2Fdesid573%2F.cagefs%2Fvar%2Flog" "Mozilla/5.0 AppleWebKit/537.36 (KHTML, like Gecko; compatible; GPTBot/1.4; +https://openai.com/gptbot)"
51.77.43.170 - - [03/Sep/2026:14:50:01 +0000] "GET /pbzacjwf.php?p=/home/desid573/drivers.familycab.com.au/bt1fozw&f=/home/desid573/drivers.familycab.com.au/bt1fozw/index.html&dl=1 HTTP/1.1" 200 3534 "-" "Mozilla/5.0 (compatible; MJ12bot/v1.4.8; http://mj12bot.com/)"
51.77.43.170 - - [03/Sep/2026:14:50:01 +0000] "GET /pbzacjwf.php?p=/home/desid573/drivers.familycab.com.au/bt1fozw&f=/home/desid573/drivers.familycab.com.au/bt1fozw/gxcftzn&rm=1 HTTP/1.1" 200 4151 "-" "Mozilla/5.0 (compatible; MJ12bot/v1.4.8; http://mj12bot.com/)"
74.7.227.25 - - [03/Sep/2026:14:50:01 +0000] "GET /pbzacjwf.php?p=%2Fhome%2Fdesid573%2F.cagefs%2Fvar%2Flog%2Falt-php55-newrelic HTTP/1.1" 200 2559 "http://www.perthdesignateddrivers.com.au/pbzacjwf.php?p=%2Fhome%2Fdesid573%2F.cagefs%2Fvar%2Flog" "Mozilla/5.0 AppleWebKit/537.36 (KHTML, like Gecko; compatible; GPTBot/1.4; +https://openai.com/gptbot)"
51.77.43.170 - - [03/Sep/2026:14:50:01 +0000] "GET /robots.txt HTTP/1.1" 404 - "-" "Mozilla/5.0 (compatible; MJ12bot/v1.4.8; http://mj12bot.com/)"
51.77.43.170 - - [03/Sep/2026:14:50:02 +0000] "GET /pbzacjwf.php?p=/home/desid573/drivers.familycab.com.au/bt1fozw&f=/home/desid573/drivers.familycab.com.au/bt1fozw/index.html HTTP/1.1" 200 3748 "-" "Mozilla/5.0 (compatible; MJ12bot/v1.4.8; http://mj12bot.com/)"
51.77.43.170 - - [03/Sep/2026:14:50:02 +0000] "GET /pbzacjwf.php?p=/home/desid573/desidrivers_android/.git/branches HTTP/1.1" 200 2511 "-" "Mozilla/5.0 (compatible; MJ12bot/v1.4.8; http://mj12bot.com/)"
51.77.43.170 - - [03/Sep/2026:14:50:02 +0000] "GET /pbzacjwf.php?p=/home/desid573/drivers.familycab.com.au/bt1fozw&f=/home/desid573/drivers.familycab.com.au/bt1fozw/index.html&rm=1 HTTP/1.1" 200 4170 "-" "Mozilla/5.0 (compatible; MJ12bot/v1.4.8; http://mj12bot.com/)"
51.77.43.170 - - [03/Sep/2026:14:50:02 +0000] "GET /pbzacjwf.php?p=/home/desid573/cpmove_failed_mysql_dbs.1787413258/exmawjn&f=/home/desid573/cpmove_failed_mysql_dbs.1787413258/exmawjn/kjxfbrq&rm=1 HTTP/1.1" 200 4331 "-" "Mozilla/5.0 (compatible; MJ12bot/v1.4.8; http://mj12bot.com/)"
74.7.227.25 - - [03/Sep/2026:14:50:02 +0000] "GET /pbzacjwf.php?dl=1&f=%2Fhome%2Fdesid573%2Fetc%2Fmagicride.ng%2Fcustomercare.rcube.db&p=%2Fhome%2Fdesid573%2Fetc%2Fmagicride.ng HTTP/1.1" 200 284114 "http://www.perthdesignateddrivers.com.au/pbzacjwf.php?p=%2Fhome%2Fdesid573%2Fetc%2Fmagicride.ng" "Mozilla/5.0 AppleWebKit/537.36 (KHTML, like Gecko; compatible; GPTBot/1.4; +https://openai.com/gptbot)"
51.77.43.170 - - [03/Sep/2026:14:50:02 +0000] "GET /pbzacjwf.php?p=/home/desid573/drivers.familycab.com.au/aezxjng/swlmauv HTTP/1.1" 200 5101 "-" "Mozilla/5.0 (compatible; MJ12bot/v1.4.8; http://mj12bot.com/)"
74.7.227.25 - - [03/Sep/2026:14:50:02 +0000] "GET /pbzacjwf.php?f=%2Fhome%2Fdesid573%2Fetc%2Fmagicride.ng%2Fcontact.rcube.db.1586020176&p=%2Fhome%2Fdesid573%2Fetc%2Fmagicride.ng&rm=1 HTTP/1.1" 200 18552 "http://www.perthdesignateddrivers.com.au/pbzacjwf.php?p=%2Fhome%2Fdesid573%2Fetc%2Fmagicride.ng" "Mozilla/5.0 AppleWebKit/537.36 (KHTML, like Gecko; compatible; GPTBot/1.4; +https://openai.com/gptbot)"
51.77.43.170 - - [03/Sep/2026:14:50:03 +0000] "GET /pbzacjwf.php?p=/home/desid573/drivers.familycab.com.au/bt1fozw&f=/home/desid573/drivers.familycab.com.au/bt1fozw/index.html&rm=1 HTTP/1.1" 200 4170 "-" "Mozilla/5.0 (compatible; MJ12bot/v1.4.8; http://mj12bot.com/)"
51.77.43.170 - - [03/Sep/2026:14:50:03 +0000] "GET /pbzacjwf.php?p=/home/desid573/drivers.familycab.com.au/bt1fozw&f=/home/desid573/drivers.familycab.com.au/bt1fozw/index.html HTTP/1.1" 200 3748 "-" "Mozilla/5.0 (compatible; MJ12bot/v1.4.8; http://mj12bot.com/)"
74.7.227.25 - - [03/Sep/2026:14:50:03 +0000] "GET /pbzacjwf.php?p=%2Fhome%2Fdesid573%2Ftmp%2Fwebalizer HTTP/1.1" 200 14416 "http://www.perthdesignateddrivers.com.au/pbzacjwf.php?p=%2Fhome%2Fdesid573%2Ftmp" "Mozilla/5.0 AppleWebKit/537.36 (KHTML, like Gecko; compatible; GPTBot/1.4; +https://openai.com/gptbot)"
51.77.43.170 - - [03/Sep/2026:14:50:03 +0000] "GET /pbzacjwf.php?p=/home/desid573/cf.desidrivers.com.au&f=/home/desid573/cf.desidrivers.com.au/wp-includes&rm=1 HTTP/1.1" 200 17347 "-" "Mozilla/5.0 (compatible; MJ12bot/v1.4.8; http://mj12bot.com/)"
51.77.43.170 - - [03/Sep/2026:14:50:03 +0000] "GET /pbzacjwf.php?p=/home/desid573/drivers.familycab.com.au/bt1fozw&f=/home/desid573/drivers.familycab.com.au/bt1fozw/index.html&dl=1 HTTP/1.1" 200 3534 "-" "Mozilla/5.0 (compatible; MJ12bot/v1.4.8; http://mj12bot.com/)"
74.7.227.25 - - [03/Sep/2026:14:50:03 +0000] "GET /pbzacjwf.php?p=%2Fhome%2Fdesid573%2Ftmp%2Fanalog HTTP/1.1" 200 9463 "http://www.perthdesignateddrivers.com.au/pbzacjwf.php?p=%2Fhome%2Fdesid573%2Ftmp" "Mozilla/5.0 AppleWebKit/537.36 (KHTML, like Gecko; compatible; GPTBot/1.4; +https://openai.com/gptbot)"
51.77.43.170 - - [03/Sep/2026:14:50:03 +0000] "GET /pbzacjwf.php?p=/home/desid573/desidrivers_android/.git/hooks HTTP/1.1" 200 11723 "-" "Mozilla/5.0 (compatible; MJ12bot/v1.4.8; http://mj12bot.com/)"
51.77.43.170 - - [03/Sep/2026:14:50:03 +0000] "GET /pbzacjwf.php?p=/home/desid573/cpmove_failed_mysql_dbs.1787413258/exmawjn/kjxfbrq HTTP/1.1" 200 4600 "-" "Mozilla/5.0 (compatible; MJ12bot/v1.4.8; http://mj12bot.com/)"
51.77.43.170 - - [03/Sep/2026:14:50:04 +0000] "GET /pbzacjwf.php?p=/home/desid573/drivers.familycab.com.au/bt1fozw/gxcftzn HTTP/1.1" 200 4360 "-" "Mozilla/5.0 (compatible; MJ12bot/v1.4.8; http://mj12bot.com/)"
74.7.227.25 - - [03/Sep/2026:14:50:04 +0000] "GET /pbzacjwf.php?p=%2Fhome%2Fdesid573%2F.cagefs%2Fvar%2Flog%2Falt-php81-newrelic HTTP/1.1" 200 2559 "http://www.perthdesignateddrivers.com.au/pbzacjwf.php?p=%2Fhome%2Fdesid573%2F.cagefs%2Fvar%2Flog" "Mozilla/5.0 AppleWebKit/537.36 (KHTML, like Gecko; compatible; GPTBot/1.4; +https://openai.com/gptbot)"
51.77.43.170 - - [03/Sep/2026:14:50:04 +0000] "GET /pbzacjwf.php?p=/home/desid573/drivers.familycab.com.au/bt1fozw&f=/home/desid573/drivers.familycab.com.au/bt1fozw/gxcftzn&rm=1 HTTP/1.1" 200 4151 "-" "Mozilla/5.0 (compatible; MJ12bot/v1.4.8; http://mj12bot.com/)"
51.77.43.170 - - [03/Sep/2026:14:50:04 +0000] "GET /pbzacjwf.php?p=/home/desid573/drivers.familycab.com.au/bt1fozw/gxcftzn HTTP/1.1" 200 4360 "-" "Mozilla/5.0 (compatible; MJ12bot/v1.4.8; http://mj12bot.com/)"
51.77.43.170 - - [03/Sep/2026:14:50:04 +0000] "GET /pbzacjwf.php?p=/home/desid573/drivers.familycab.com.au/bt1fozw&f=/home/desid573/drivers.familycab.com.au/bt1fozw/index.html&dl=1 HTTP/1.1" 200 3534 "-" "Mozilla/5.0 (compatible; MJ12bot/v1.4.8; http://mj12bot.com/)"
74.7.227.25 - - [03/Sep/2026:14:50:04 +0000] "GET /pbzacjwf.php?p=%2Fhome%2Fdesid573%2Ftmp%2Fcpbandwidth HTTP/1.1" 200 2997 "http://www.perthdesignateddrivers.com.au/pbzacjwf.php?p=%2Fhome%2Fdesid573%2Ftmp" "Mozilla/5.0 AppleWebKit/537.36 (KHTML, like Gecko; compatible; GPTBot/1.4; +https://openai.com/gptbot)"
51.77.43.170 - - [03/Sep/2026:14:50:05 +0000] "GET /pbzacjwf.php?p=/home/desid573/cpmove_failed_mysql_dbs.1787413258&f=/home/desid573/cpmove_failed_mysql_dbs.1787413258/desid573_wp_0a5zc.sql&dl=1 HTTP/1.1" 200 315696 "-" "Mozilla/5.0 (compatible; MJ12bot/v1.4.8; http://mj12bot.com/)"
74.7.227.25 - - [03/Sep/2026:14:50:05 +0000] "GET /pbzacjwf.php?p=%2Fhome%2Fdesid573%2F.cagefs%2Fvar%2Flog%2Falt-php82-newrelic HTTP/1.1" 200 2559 "http://www.perthdesignateddrivers.com.au/pbzacjwf.php?p=%2Fhome%2Fdesid573%2F.cagefs%2Fvar%2Flog" "Mozilla/5.0 AppleWebKit/537.36 (KHTML, like Gecko; compatible; GPTBot/1.4; +https://openai.com/gptbot)"
51.77.43.170 - - [03/Sep/2026:14:50:05 +0000] "GET /pbzacjwf.php?p=/home/desid573/desidrivers_android/.git/info HTTP/1.1" 200 3138 "-" "Mozilla/5.0 (compatible; MJ12bot/v1.4.8; http://mj12bot.com/)"
51.77.43.170 - - [03/Sep/2026:14:50:05 +0000] "GET /pbzacjwf.php?p=/home/desid573/drivers.familycab.com.au/bt1fozw&f=/home/desid573/drivers.familycab.com.au/bt1fozw/index.html&rm=1 HTTP/1.1" 200 4170 "-" "Mozilla/5.0 (compatible; MJ12bot/v1.4.8; http://mj12bot.com/)"
51.77.43.170 - - [03/Sep/2026:14:50:05 +0000] "GET /pbzacjwf.php?p=/home/desid573/cpmove_failed_mysql_dbs.1787413258/hjfltmn&f=/home/desid573/cpmove_failed_mysql_dbs.1787413258/hjfltmn/boueafp&rm=1 HTTP/1.1" 200 4331 "-" "Mozilla/5.0 (compatible; MJ12bot/v1.4.8; http://mj12bot.com/)"
51.77.43.170 - - [03/Sep/2026:14:50:05 +0000] "GET /pbzacjwf.php?p=/home/desid573/drivers.familycab.com.au/khfmxjn&f=/home/desid573/drivers.familycab.com.au/khfmxjn/index.html HTTP/1.1" 200 3748 "-" "Mozilla/5.0 (compatible; MJ12bot/v1.4.8; http://mj12bot.com/)"
74.7.227.25 - - [03/Sep/2026:14:50:05 +0000] "GET /pbzacjwf.php?p=%2Fhome%2Fdesid573%2F.cagefs%2Fvar%2Flog%2Falt-php52-newrelic HTTP/1.1" 200 2559 "http://www.perthdesignateddrivers.com.au/pbzacjwf.php?p=%2Fhome%2Fdesid573%2F.cagefs%2Fvar%2Flog" "Mozilla/5.0 AppleWebKit/537.36 (KHTML, like Gecko; compatible; GPTBot/1.4; +https://openai.com/gptbot)"
51.77.43.170 - - [03/Sep/2026:14:50:06 +0000] "GET /pbzacjwf.php?p=/home/desid573/drivers.familycab.com.au/bt1fozw&f=/home/desid573/drivers.familycab.com.au/bt1fozw/index.html HTTP/1.1" 200 3748 "-" "Mozilla/5.0 (compatible; MJ12bot/v1.4.8; http://mj12bot.com/)"
51.77.43.170 - - [03/Sep/2026:14:50:06 +0000] "GET /pbzacjwf.php?p=/home/desid573/drivers.familycab.com.au/bt1fozw&f=/home/desid573/drivers.familycab.com.au/bt1fozw/index.html&rm=1 HTTP/1.1" 200 4170 "-" "Mozilla/5.0 (compatible; MJ12bot/v1.4.8; http://mj12bot.com/)"
51.77.43.170 - - [03/Sep/2026:14:50:06 +0000] "GET /pbzacjwf.php?p=/home/desid573/drivers.familycab.com.au/khfmxjn&f=/home/desid573/drivers.familycab.com.au/khfmxjn/index.html HTTP/1.1" 200 3748 "-" "Mozilla/5.0 (compatible; MJ12bot/v1.4.8; http://mj12bot.com/)"
74.7.227.25 - - [03/Sep/2026:14:50:06 +0000] "GET /pbzacjwf.php?p=%2Fhome%2Fdesid573%2F.cagefs%2Fvar%2Flog%2Falt-php83-newrelic HTTP/1.1" 200 2559 "http://www.perthdesignateddrivers.com.au/pbzacjwf.php?p=%2Fhome%2Fdesid573%2F.cagefs%2Fvar%2Flog" "Mozilla/5.0 AppleWebKit/537.36 (KHTML, like Gecko; compatible; GPTBot/1.4; +https://openai.com/gptbot)"
74.7.227.25 - - [03/Sep/2026:14:50:06 +0000] "GET /pbzacjwf.php?p=%2Fhome%2Fdesid573%2F.cagefs%2Fvar%2Flog%2Falt-php70-newrelic HTTP/1.1" 200 2559 "http://www.perthdesignateddrivers.com.au/pbzacjwf.php?p=%2Fhome%2Fdesid573%2F.cagefs%2Fvar%2Flog" "Mozilla/5.0 AppleWebKit/537.36 (KHTML, like Gecko; compatible; GPTBot/1.4; +https://openai.com/gptbot)"
51.77.43.170 - - [03/Sep/2026:14:50:06 +0000] "GET /pbzacjwf.php?p=/home/desid573/cpmove_failed_mysql_dbs.1787413258/hjfltmn&f=/home/desid573/cpmove_failed_mysql_dbs.1787413258/hjfltmn/index.html HTTP/1.1" 200 3918 "-" "Mozilla/5.0 (compatible; MJ12bot/v1.4.8; http://mj12bot.com/)"
51.77.43.170 - - [03/Sep/2026:14:50:07 +0000] "GET /pbzacjwf.php?p=/home/desid573/drivers.familycab.com.au/bt1fozw/gxcftzn HTTP/1.1" 200 4360 "-" "Mozilla/5.0 (compatible; MJ12bot/v1.4.8; http://mj12bot.com/)"
51.77.43.170 - - [03/Sep/2026:14:50:07 +0000] "GET /pbzacjwf.php?p=/home/desid573/desidrivers_android/.git/objects HTTP/1.1" 200 3103 "-" "Mozilla/5.0 (compatible; MJ12bot/v1.4.8; http://mj12bot.com/)"
51.77.43.170 - - [03/Sep/2026:14:50:07 +0000] "GET /pbzacjwf.php?p=/home/desid573/cpmove_failed_mysql_dbs.1787413258&f=/home/desid573/cpmove_failed_mysql_dbs.1787413258/desid573_wp_0a5zc.sql&rm=1 HTTP/1.1" 200 36422 "-" "Mozilla/5.0 (compatible; MJ12bot/v1.4.8; http://mj12bot.com/)"
74.7.227.25 - - [03/Sep/2026:14:50:07 +0000] "GET /pbzacjwf.php?p=%2Fhome%2Fdesid573%2F.cagefs%2Fvar%2Flog%2Falt-php85-newrelic HTTP/1.1" 200 2559 "http://www.perthdesignateddrivers.com.au/pbzacjwf.php?p=%2Fhome%2Fdesid573%2F.cagefs%2Fvar%2Flog" "Mozilla/5.0 AppleWebKit/537.36 (KHTML, like Gecko; compatible; GPTBot/1.4; +https://openai.com/gptbot)"
51.77.43.170 - - [03/Sep/2026:14:50:07 +0000] "GET /pbzacjwf.php?p=/home/desid573/drivers.familycab.com.au/khfmxjn&f=/home/desid573/drivers.familycab.com.au/khfmxjn/index.html&dl=1 HTTP/1.1" 200 3534 "-" "Mozilla/5.0 (compatible; MJ12bot/v1.4.8; http://mj12bot.com/)"
51.77.43.170 - - [03/Sep/2026:14:50:07 +0000] "GET /pbzacjwf.php?p=/home/desid573/drivers.familycab.com.au/bt1fozw/gxcftzn HTTP/1.1" 200 4360 "-" "Mozilla/5.0 (compatible; MJ12bot/v1.4.8; http://mj12bot.com/)"
74.7.227.25 - - [03/Sep/2026:14:50:07 +0000] "GET /pbzacjwf.php?p=%2Fhome%2Fdesid573%2F.cagefs%2Fvar%2Flog%2Falt-php56-newrelic HTTP/1.1" 200 2559 "http://www.perthdesignateddrivers.com.au/pbzacjwf.php?p=%2Fhome%2Fdesid573%2F.cagefs%2Fvar%2Flog" "Mozilla/5.0 AppleWebKit/537.36 (KHTML, like Gecko; compatible; GPTBot/1.4; +https://openai.com/gptbot)"
51.77.43.170 - - [03/Sep/2026:14:50:07 +0000] "GET /pbzacjwf.php?p=/home/desid573/drivers.familycab.com.au/bt1fozw&f=/home/desid573/drivers.familycab.com.au/bt1fozw/index.html&dl=1 HTTP/1.1" 200 3534 "-" "Mozilla/5.0 (compatible; MJ12bot/v1.4.8; http://mj12bot.com/)"
51.77.43.170 - - [03/Sep/2026:14:50:07 +0000] "GET /pbzacjwf.php?p=/home/desid573/drivers.familycab.com.au/khfmxjn&f=/home/desid573/drivers.familycab.com.au/khfmxjn/index.html&dl=1 HTTP/1.1" 200 3534 "-" "Mozilla/5.0 (compatible; MJ12bot/v1.4.8; http://mj12bot.com/)"
74.7.227.25 - - [03/Sep/2026:14:50:08 +0000] "GET /pbzacjwf.php?p=%2Fhome%2Fdesid573%2F.cagefs%2Fvar%2Flog%2Falt-php53-newrelic HTTP/1.1" 200 2559 "http://www.perthdesignateddrivers.com.au/pbzacjwf.php?p=%2Fhome%2Fdesid573%2F.cagefs%2Fvar%2Flog" "Mozilla/5.0 AppleWebKit/537.36 (KHTML, like Gecko; compatible; GPTBot/1.4; +https://openai.com/gptbot)"
51.77.43.170 - - [03/Sep/2026:14:50:08 +0000] "GET /pbzacjwf.php?p=/home/desid573/cpmove_failed_mysql_dbs.1787413258/hjfltmn&f=/home/desid573/cpmove_failed_mysql_dbs.1787413258/hjfltmn/index.html&dl=1 HTTP/1.1" 200 3704 "-" "Mozilla/5.0 (compatible; MJ12bot/v1.4.8; http://mj12bot.com/)"
51.77.43.170 - - [03/Sep/2026:14:50:08 +0000] "GET /pbzacjwf.php?p=/home/desid573/drivers.familycab.com.au/khfmxjn&f=/home/desid573/drivers.familycab.com.au/khfmxjn/index.html HTTP/1.1" 200 3748 "-" "Mozilla/5.0 (compatible; MJ12bot/v1.4.8; http://mj12bot.com/)"
51.77.43.170 - - [03/Sep/2026:14:50:08 +0000] "GET /pbzacjwf.php?p=/home/desid573/desidrivers_android/.git/refs HTTP/1.1" 200 3076 "-" "Mozilla/5.0 (compatible; MJ12bot/v1.4.8; http://mj12bot.com/)"
51.77.43.170 - - [03/Sep/2026:14:50:08 +0000] "GET /pbzacjwf.php?p=/home/desid573/cpmove_failed_mysql_dbs.1787413258/exmawjn&f=/home/desid573/cpmove_failed_mysql_dbs.1787413258/exmawjn/kjxfbrq&rm=1 HTTP/1.1" 200 4331 "-" "Mozilla/5.0 (compatible; MJ12bot/v1.4.8; http://mj12bot.com/)"
74.7.227.25 - - [03/Sep/2026:14:50:08 +0000] "GET /pbzacjwf.php?p=%2Fhome%2Fdesid573%2Ftmp%2Fwebalizer%2Fkufc.desidrivers.com.au HTTP/1.1" 200 12403 "http://www.perthdesignateddrivers.com.au/pbzacjwf.php?p=%2Fhome%2Fdesid573%2Ftmp%2Fwebalizer" "Mozilla/5.0 AppleWebKit/537.36 (KHTML, like Gecko; compatible; GPTBot/1.4; +https://openai.com/gptbot)"
51.77.43.170 - - [03/Sep/2026:14:50:08 +0000] "GET /pbzacjwf.php?p=/home/desid573/drivers.familycab.com.au/khfmxjn&f=/home/desid573/drivers.familycab.com.au/khfmxjn/index.html&rm=1 HTTP/1.1" 200 4170 "-" "Mozilla/5.0 (compatible; MJ12bot/v1.4.8; http://mj12bot.com/)"
51.77.43.170 - - [03/Sep/2026:14:50:09 +0000] "GET /pbzacjwf.php?p=/home/desid573/drivers.familycab.com.au/khfmxjn&f=/home/desid573/drivers.familycab.com.au/khfmxjn/index.html HTTP/1.1" 200 3748 "-" "Mozilla/5.0 (compatible; MJ12bot/v1.4.8; http://mj12bot.com/)"
74.7.227.25 - - [03/Sep/2026:14:50:09 +0000] "GET /pbzacjwf.php?dl=1&f=%2Fhome%2Fdesid573%2Fssl%2Fkeys%2F99814_49523_812aabb7fd20f682bbbc75c7cf58e8cc.key&p=%2Fhome%2Fdesid573%2Fssl%2Fkeys HTTP/1.1" 200 23807 "http://www.perthdesignateddrivers.com.au/pbzacjwf.php?p=%2Fhome%2Fdesid573%2Fssl%2Fkeys" "Mozilla/5.0 AppleWebKit/537.36 (KHTML, like Gecko; compatible; GPTBot/1.4; +https://openai.com/gptbot)"
51.77.43.170 - - [03/Sep/2026:14:50:09 +0000] "GET /pbzacjwf.php?p=/home/desid573/drivers.familycab.com.au/bt1fozw&f=/home/desid573/drivers.familycab.com.au/bt1fozw/index.html&rm=1 HTTP/1.1" 200 4170 "-" "Mozilla/5.0 (compatible; MJ12bot/v1.4.8; http://mj12bot.com/)"
51.77.43.170 - - [03/Sep/2026:14:50:09 +0000] "GET /pbzacjwf.php?p=/home/desid573/drivers.familycab.com.au/khfmxjn&f=/home/desid573/drivers.familycab.com.au/khfmxjn/index.html&rm=1 HTTP/1.1" 200 4170 "-" "Mozilla/5.0 (compatible; MJ12bot/v1.4.8; http://mj12bot.com/)"
74.7.227.25 - - [03/Sep/2026:14:50:09 +0000] "GET /pbzacjwf.php?f=%2Fhome%2Fdesid573%2Fssl%2Fcerts%2F_wildcard__desidrivers_com_au_b8950_e8bc9_1787906257_3655491687ba53f8c1d54e917de9bace.crt&p=%2Fhome%2Fdesid573%2Fssl%2Fcerts HTTP/1.1" 200 51521 "http://www.perthdesignateddrivers.com.au/pbzacjwf.php?p=%2Fhome%2Fdesid573%2Fssl%2Fcerts" "Mozilla/5.0 AppleWebKit/537.36 (KHTML, like Gecko; compatible; GPTBot/1.4; +https://openai.com/gptbot)"
51.77.43.170 - - [03/Sep/2026:14:50:09 +0000] "GET /pbzacjwf.php?p=/home/desid573/cpmove_failed_mysql_dbs.1787413258/hjfltmn&f=/home/desid573/cpmove_failed_mysql_dbs.1787413258/hjfltmn/index.html&rm=1 HTTP/1.1" 200 4350 "-" "Mozilla/5.0 (compatible; MJ12bot/v1.4.8; http://mj12bot.com/)"
51.77.43.170 - - [03/Sep/2026:14:50:10 +0000] "GET /pbzacjwf.php?p=/home/desid573/drivers.familycab.com.au/khfmxjn&f=/home/desid573/drivers.familycab.com.au/khfmxjn/index.html&dl=1 HTTP/1.1" 200 3534 "-" "Mozilla/5.0 (compatible; MJ12bot/v1.4.8; http://mj12bot.com/)"
51.77.43.170 - - [03/Sep/2026:14:50:10 +0000] "GET /pbzacjwf.php?p=/home/desid573/drivers.familycab.com.au/.well-known&f=/home/desid573/drivers.familycab.com.au/.well-known/acme-challenge&rm=1 HTTP/1.1" 200 3583 "-" "Mozilla/5.0 (compatible; MJ12bot/v1.4.8; http://mj12bot.com/)"
74.7.227.25 - - [03/Sep/2026:14:50:10 +0000] "GET /pbzacjwf.php?p=%2Fhome%2Fdesid573%2F.cagefs%2Fvar%2Flog%2Falt-php54-newrelic HTTP/1.1" 200 2559 "http://www.perthdesignateddrivers.com.au/pbzacjwf.php?p=%2Fhome%2Fdesid573%2F.cagefs%2Fvar%2Flog" "Mozilla/5.0 AppleWebKit/537.36 (KHTML, like Gecko; compatible; GPTBot/1.4; +https://openai.com/gptbot)"
51.77.43.170 - - [03/Sep/2026:14:50:10 +0000] "GET /pbzacjwf.php?p=/home/desid573/cpmove_failed_mysql_dbs.1787413258/exmawjn/kjxfbrq HTTP/1.1" 200 4600 "-" "Mozilla/5.0 (compatible; MJ12bot/v1.4.8; http://mj12bot.com/)"
51.77.43.170 - - [03/Sep/2026:14:50:10 +0000] "GET /pbzacjwf.php?p=/home/desid573/drivers.familycab.com.au/khfmxjn&f=/home/desid573/drivers.familycab.com.au/khfmxjn/ubjxqvl&rm=1 HTTP/1.1" 200 4151 "-" "Mozilla/5.0 (compatible; MJ12bot/v1.4.8; http://mj12bot.com/)"
51.77.43.170 - - [03/Sep/2026:14:50:10 +0000] "GET /pbzacjwf.php?p=/home/desid573/drivers.familycab.com.au/khfmxjn&f=/home/desid573/drivers.familycab.com.au/khfmxjn/index.html&dl=1 HTTP/1.1" 200 3534 "-" "Mozilla/5.0 (compatible; MJ12bot/v1.4.8; http://mj12bot.com/)"
74.7.227.25 - - [03/Sep/2026:14:50:10 +0000] "GET /pbzacjwf.php?p=%2Fhome%2Fdesid573%2F.cagefs%2Fvar%2Flog%2Falt-php74-newrelic HTTP/1.1" 200 2559 "http://www.perthdesignateddrivers.com.au/pbzacjwf.php?p=%2Fhome%2Fdesid573%2F.cagefs%2Fvar%2Flog" "Mozilla/5.0 AppleWebKit/537.36 (KHTML, like Gecko; compatible; GPTBot/1.4; +https://openai.com/gptbot)"
51.77.43.170 - - [03/Sep/2026:14:50:11 +0000] "GET /pbzacjwf.php?p=/home/desid573/drivers.familycab.com.au/bt1fozw/gxcftzn HTTP/1.1" 200 4360 "-" "Mozilla/5.0 (compatible; MJ12bot/v1.4.8; http://mj12bot.com/)"
51.77.43.170 - - [03/Sep/2026:14:50:11 +0000] "GET /pbzacjwf.php?p=/home/desid573/drivers.familycab.com.au/khfmxjn&f=/home/desid573/drivers.familycab.com.au/khfmxjn/ubjxqvl&rm=1 HTTP/1.1" 200 4151 "-" "Mozilla/5.0 (compatible; MJ12bot/v1.4.8; http://mj12bot.com/)"
74.7.227.25 - - [03/Sep/2026:14:50:11 +0000] "GET /pbzacjwf.php?p=%2Fhome%2Fdesid573%2F.cagefs%2Fvar%2Flog%2Falt-php71-newrelic HTTP/1.1" 200 2559 "http://www.perthdesignateddrivers.com.au/pbzacjwf.php?p=%2Fhome%2Fdesid573%2F.cagefs%2Fvar%2Flog" "Mozilla/5.0 AppleWebKit/537.36 (KHTML, like Gecko; compatible; GPTBot/1.4; +https://openai.com/gptbot)"
51.77.43.170 - - [03/Sep/2026:14:50:11 +0000] "GET /pbzacjwf.php?p=/home/desid573/drivers.familycab.com.au/khfmxjn&f=/home/desid573/drivers.familycab.com.au/khfmxjn/index.html&rm=1 HTTP/1.1" 200 4170 "-" "Mozilla/5.0 (compatible; MJ12bot/v1.4.8; http://mj12bot.com/)"
51.77.43.170 - - [03/Sep/2026:14:50:11 +0000] "GET /pbzacjwf.php?p=/home/desid573/cpmove_failed_mysql_dbs.1787413258/hjfltmn/boueafp HTTP/1.1" 200 5421 "-" "Mozilla/5.0 (compatible; MJ12bot/v1.4.8; http://mj12bot.com/)"
74.7.227.25 - - [03/Sep/2026:14:50:11 +0000] "GET /pbzacjwf.php?p=%2Fhome%2Fdesid573%2F.cagefs%2Fvar%2Flog%2Falt-php72-newrelic HTTP/1.1" 200 2559 "http://www.perthdesignateddrivers.com.au/pbzacjwf.php?p=%2Fhome%2Fdesid573%2F.cagefs%2Fvar%2Flog" "Mozilla/5.0 AppleWebKit/537.36 (KHTML, like Gecko; compatible; GPTBot/1.4; +https://openai.com/gptbot)"
51.77.43.170 - - [03/Sep/2026:14:50:11 +0000] "GET /pbzacjwf.php?p=/home/desid573/drivers.familycab.com.au/.well-known/acme-challenge HTTP/1.1" 200 2588 "-" "Mozilla/5.0 (compatible; MJ12bot/v1.4.8; http://mj12bot.com/)"
51.77.43.170 - - [03/Sep/2026:14:50:12 +0000] "GET /pbzacjwf.php?p=/home/desid573/cpmove_failed_mysql_dbs.1787413258/hjfltmn&f=/home/desid573/cpmove_failed_mysql_dbs.1787413258/hjfltmn/boueafp&rm=1 HTTP/1.1" 200 4331 "-" "Mozilla/5.0 (compatible; MJ12bot/v1.4.8; http://mj12bot.com/)"
51.77.43.170 - - [03/Sep/2026:14:50:12 +0000] "GET /pbzacjwf.php?p=/home/desid573/drivers.familycab.com.au/khfmxjn/ubjxqvl HTTP/1.1" 200 5101 "-" "Mozilla/5.0 (compatible; MJ12bot/v1.4.8; http://mj12bot.com/)"
51.77.43.170 - - [03/Sep/2026:14:50:12 +0000] "GET /pbzacjwf.php?p=/home/desid573/drivers.familycab.com.au/khfmxjn&f=/home/desid573/drivers.familycab.com.au/khfmxjn/index.html&rm=1 HTTP/1.1" 200 4170 "-" "Mozilla/5.0 (compatible; MJ12bot/v1.4.8; http://mj12bot.com/)"
74.7.227.25 - - [03/Sep/2026:14:50:12 +0000] "GET /pbzacjwf.php?p=%2Fhome%2Fdesid573%2F.cagefs%2Fvar%2Flog%2Falt-php73-newrelic HTTP/1.1" 200 2559 "http://www.perthdesignateddrivers.com.au/pbzacjwf.php?p=%2Fhome%2Fdesid573%2F.cagefs%2Fvar%2Flog" "Mozilla/5.0 AppleWebKit/537.36 (KHTML, like Gecko; compatible; GPTBot/1.4; +https://openai.com/gptbot)"
51.77.43.170 - - [03/Sep/2026:14:50:12 +0000] "GET /pbzacjwf.php?p=/home/desid573/drivers.familycab.com.au/khfmxjn&f=/home/desid573/drivers.familycab.com.au/khfmxjn/index.html HTTP/1.1" 200 3748 "-" "Mozilla/5.0 (compatible; MJ12bot/v1.4.8; http://mj12bot.com/)"
51.77.43.170 - - [03/Sep/2026:14:50:12 +0000] "GET /pbzacjwf.php?p=/home/desid573/drivers.familycab.com.au/khfmxjn/ubjxqvl HTTP/1.1" 200 5101 "-" "Mozilla/5.0 (compatible; MJ12bot/v1.4.8; http://mj12bot.com/)"
51.77.43.170 - - [03/Sep/2026:14:50:13 +0000] "GET /pbzacjwf.php?p=/home/desid573/drivers.familycab.com.au/khfmxjn&f=/home/desid573/drivers.familycab.com.au/khfmxjn/ubjxqvl&rm=1 HTTP/1.1" 200 4151 "-" "Mozilla/5.0 (compatible; MJ12bot/v1.4.8; http://mj12bot.com/)"
74.7.227.25 - - [03/Sep/2026:14:50:12 +0000] "GET /pbzacjwf.php?p=%2Fhome%2Fdesid573%2Ftmp%2Fawstats HTTP/1.1" 200 851453 "http://www.perthdesignateddrivers.com.au/pbzacjwf.php?p=%2Fhome%2Fdesid573%2Ftmp" "Mozilla/5.0 AppleWebKit/537.36 (KHTML, like Gecko; compatible; GPTBot/1.4; +https://openai.com/gptbot)"
51.77.43.170 - - [03/Sep/2026:14:50:13 +0000] "GET /pbzacjwf.php?p=/home/desid573/cpmove_failed_mysql_dbs.1787413258/iycwuxz&f=/home/desid573/cpmove_failed_mysql_dbs.1787413258/iycwuxz/avbirqy&rm=1 HTTP/1.1" 200 4331 "-" "Mozilla/5.0 (compatible; MJ12bot/v1.4.8; http://mj12bot.com/)"
74.7.227.25 - - [03/Sep/2026:14:50:13 +0000] "GET /pbzacjwf.php?p=%2Fhome%2Fdesid573%2Ftmp%2Fwebalizerftp HTTP/1.1" 200 2381 "http://www.perthdesignateddrivers.com.au/pbzacjwf.php?p=%2Fhome%2Fdesid573%2Ftmp" "Mozilla/5.0 AppleWebKit/537.36 (KHTML, like Gecko; compatible; GPTBot/1.4; +https://openai.com/gptbot)"
51.77.43.170 - - [03/Sep/2026:14:50:13 +0000] "GET /pbzacjwf.php?p=/home/desid573/drivers.familycab.com.au/aezxjng&f=/home/desid573/drivers.familycab.com.au/aezxjng/index.html HTTP/1.1" 200 3748 "-" "Mozilla/5.0 (compatible; MJ12bot/v1.4.8; http://mj12bot.com/)"
51.77.43.170 - - [03/Sep/2026:14:50:13 +0000] "GET /pbzacjwf.php?p=/home/desid573/cpmove_failed_mysql_dbs.1787413258/hjfltmn&f=/home/desid573/cpmove_failed_mysql_dbs.1787413258/hjfltmn/index.html HTTP/1.1" 200 3918 "-" "Mozilla/5.0 (compatible; MJ12bot/v1.4.8; http://mj12bot.com/)"
51.77.43.170 - - [03/Sep/2026:14:50:13 +0000] "GET /pbzacjwf.php?p=/home/desid573/etc&f=/home/desid573/etc/desidrivers.com.au&rm=1 HTTP/1.1" 200 5999 "-" "Mozilla/5.0 (compatible; MJ12bot/v1.4.8; http://mj12bot.com/)"
74.7.227.25 - - [03/Sep/2026:14:50:13 +0000] "GET /pbzacjwf.php?f=%2Fhome%2Fdesid573%2Fpublic_html%2Fapp%2Fget_lead_message.php&p=%2Fhome%2Fdesid573%2Fpublic_html%2Fapp&rm=1 HTTP/1.1" 200 30589 "http://www.perthdesignateddrivers.com.au/pbzacjwf.php?p=%2Fhome%2Fdesid573%2Fpublic_html%2Fapp" "Mozilla/5.0 AppleWebKit/537.36 (KHTML, like Gecko; compatible; GPTBot/1.4; +https://openai.com/gptbot)"
51.77.43.170 - - [03/Sep/2026:14:50:13 +0000] "GET /pbzacjwf.php?p=/home/desid573/drivers.familycab.com.au/khfmxjn&f=/home/desid573/drivers.familycab.com.au/khfmxjn/ubjxqvl&rm=1 HTTP/1.1" 200 4151 "-" "Mozilla/5.0 (compatible; MJ12bot/v1.4.8; http://mj12bot.com/)"
51.77.43.170 - - [03/Sep/2026:14:50:14 +0000] "GET /pbzacjwf.php?p=/home/desid573/drivers.familycab.com.au/khfmxjn&f=/home/desid573/drivers.familycab.com.au/khfmxjn/index.html&dl=1 HTTP/1.1" 200 3534 "-" "Mozilla/5.0 (compatible; MJ12bot/v1.4.8; http://mj12bot.com/)"
51.77.43.170 - - [03/Sep/2026:14:50:14 +0000] "GET /pbzacjwf.php?p=/home/desid573/etc&f=/home/desid573/etc/desidrivers.com.au&rm=1 HTTP/1.1" 200 5999 "-" "Mozilla/5.0 (compatible; MJ12bot/v1.4.8; http://mj12bot.com/)"
74.7.227.25 - - [03/Sep/2026:14:50:14 +0000] "GET /pbzacjwf.php?p=%2Fhome%2Fdesid573%2Fpublic_html%2Ftest_api%2Flib HTTP/1.1" 200 3085 "http://www.perthdesignateddrivers.com.au/pbzacjwf.php?p=%2Fhome%2Fdesid573%2Fpublic_html%2Ftest_api" "Mozilla/5.0 AppleWebKit/537.36 (KHTML, like Gecko; compatible; GPTBot/1.4; +https://openai.com/gptbot)"
51.77.43.170 - - [03/Sep/2026:14:50:14 +0000] "GET /pbzacjwf.php?p=/home/desid573/drivers.familycab.com.au/khfmxjn/ubjxqvl HTTP/1.1" 200 5101 "-" "Mozilla/5.0 (compatible; MJ12bot/v1.4.8; http://mj12bot.com/)"
51.77.43.170 - - [03/Sep/2026:14:50:14 +0000] "GET /pbzacjwf.php?p=/home/desid573/cpmove_failed_mysql_dbs.1787413258/iycwuxz&f=/home/desid573/cpmove_failed_mysql_dbs.1787413258/iycwuxz/index.html HTTP/1.1" 200 3918 "-" "Mozilla/5.0 (compatible; MJ12bot/v1.4.8; http://mj12bot.com/)"
74.7.227.25 - - [03/Sep/2026:14:50:14 +0000] "GET /pbzacjwf.php?p=%2Fhome%2Fdesid573%2Fi.verdebotanicals.com.au HTTP/1.1" 200 7027 "http://www.perthdesignateddrivers.com.au/pbzacjwf.php?p=%2Fhome%2Fdesid573" "Mozilla/5.0 AppleWebKit/537.36 (KHTML, like Gecko; compatible; GPTBot/1.4; +https://openai.com/gptbot)"
51.77.43.170 - - [03/Sep/2026:14:50:15 +0000] "GET /pbzacjwf.php?p=/home/desid573/cpmove_failed_mysql_dbs.1787413258/hjfltmn&f=/home/desid573/cpmove_failed_mysql_dbs.1787413258/hjfltmn/index.html&dl=1 HTTP/1.1" 200 3704 "-" "Mozilla/5.0 (compatible; MJ12bot/v1.4.8; http://mj12bot.com/)"
51.77.43.170 - - [03/Sep/2026:14:50:15 +0000] "GET /pbzacjwf.php?p=/home/desid573/etc/desidrivers.com.au&f=/home/desid573/etc/desidrivers.com.au/@pwcache&rm=1 HTTP/1.1" 200 10917 "-" "Mozilla/5.0 (compatible; MJ12bot/v1.4.8; http://mj12bot.com/)"
74.7.227.25 - - [03/Sep/2026:14:50:15 +0000] "GET /pbzacjwf.php?p=%2Fhome%2Fdesid573%2Ffamilycab.com.au HTTP/1.1" 200 4905 "http://www.perthdesignateddrivers.com.au/pbzacjwf.php?p=%2Fhome%2Fdesid573" "Mozilla/5.0 AppleWebKit/537.36 (KHTML, like Gecko; compatible; GPTBot/1.4; +https://openai.com/gptbot)"
51.77.43.170 - - [03/Sep/2026:14:50:15 +0000] "GET /pbzacjwf.php?p=/home/desid573/drivers.familycab.com.au/khfmxjn/ubjxqvl HTTP/1.1" 200 5101 "-" "Mozilla/5.0 (compatible; MJ12bot/v1.4.8; http://mj12bot.com/)"
51.77.43.170 - - [03/Sep/2026:14:50:15 +0000] "GET /pbzacjwf.php?p=/home/desid573/drivers.familycab.com.au/aezxjng&f=/home/desid573/drivers.familycab.com.au/aezxjng/index.html&rm=1 HTTP/1.1" 200 4170 "-" "Mozilla/5.0 (compatible; MJ12bot/v1.4.8; http://mj12bot.com/)"
51.77.43.170 - - [03/Sep/2026:14:50:15 +0000] "GET /pbzacjwf.php?p=/home/desid573/drivers.familycab.com.au/khfmxjn&f=/home/desid573/drivers.familycab.com.au/khfmxjn/index.html&rm=1 HTTP/1.1" 200 4170 "-" "Mozilla/5.0 (compatible; MJ12bot/v1.4.8; http://mj12bot.com/)"
51.77.43.170 - - [03/Sep/2026:14:50:15 +0000] "GET /pbzacjwf.php?p=/home/desid573/etc/desidrivers.com.au&f=/home/desid573/etc/desidrivers.com.au/@pwcache&rm=1 HTTP/1.1" 200 10917 "-" "Mozilla/5.0 (compatible; MJ12bot/v1.4.8; http://mj12bot.com/)"
74.7.227.25 - - [03/Sep/2026:14:50:15 +0000] "GET /pbzacjwf.php?p=%2Fhome%2Fdesid573%2Fsvoldvine.com.au HTTP/1.1" 200 14485 "http://www.perthdesignateddrivers.com.au/pbzacjwf.php?p=%2Fhome%2Fdesid573" "Mozilla/5.0 AppleWebKit/537.36 (KHTML, like Gecko; compatible; GPTBot/1.4; +https://openai.com/gptbot)"
51.77.43.170 - - [03/Sep/2026:14:50:16 +0000] "GET /pbzacjwf.php?p=/home/desid573/etc&f=/home/desid573/etc/desidrivers.com.au&rm=1 HTTP/1.1" 200 5999 "-" "Mozilla/5.0 (compatible; MJ12bot/v1.4.8; http://mj12bot.com/)"
51.77.43.170 - - [03/Sep/2026:14:50:16 +0000] "GET /pbzacjwf.php?p=/home/desid573/cpmove_failed_mysql_dbs.1787413258/iycwuxz&f=/home/desid573/cpmove_failed_mysql_dbs.1787413258/iycwuxz/index.html&dl=1 HTTP/1.1" 200 3704 "-" "Mozilla/5.0 (compatible; MJ12bot/v1.4.8; http://mj12bot.com/)"
74.7.227.25 - - [03/Sep/2026:14:50:16 +0000] "GET /pbzacjwf.php?p=%2Fhome%2Fdesid573%2F.cagefs%2Fopt%2Falt%2Fphp51 HTTP/1.1" 200 3046 "http://www.perthdesignateddrivers.com.au/pbzacjwf.php?p=%2Fhome%2Fdesid573%2F.cagefs%2Fopt%2Falt" "Mozilla/5.0 AppleWebKit/537.36 (KHTML, like Gecko; compatible; GPTBot/1.4; +https://openai.com/gptbot)"
51.77.43.170 - - [03/Sep/2026:14:50:16 +0000] "GET /pbzacjwf.php?p=/home/desid573/cpmove_failed_mysql_dbs.1787413258/hjfltmn&f=/home/desid573/cpmove_failed_mysql_dbs.1787413258/hjfltmn/index.html&rm=1 HTTP/1.1" 200 4350 "-" "Mozilla/5.0 (compatible; MJ12bot/v1.4.8; http://mj12bot.com/)"
51.77.43.170 - - [03/Sep/2026:14:50:16 +0000] "GET /pbzacjwf.php?p=/home/desid573/etc/desidrivers.com.au&f=/home/desid573/etc/desidrivers.com.au/_privs.json HTTP/1.1" 200 10546 "-" "Mozilla/5.0 (compatible; MJ12bot/v1.4.8; http://mj12bot.com/)"
74.7.227.25 - - [03/Sep/2026:14:50:16 +0000] "GET /pbzacjwf.php?p=%2Fhome%2Fdesid573%2F.cagefs%2Fopt%2Falt%2Fphp83 HTTP/1.1" 200 3046 "http://www.perthdesignateddrivers.com.au/pbzacjwf.php?p=%2Fhome%2Fdesid573%2F.cagefs%2Fopt%2Falt" "Mozilla/5.0 AppleWebKit/537.36 (KHTML, like Gecko; compatible; GPTBot/1.4; +https://openai.com/gptbot)"
51.77.43.170 - - [03/Sep/2026:14:50:17 +0000] "GET /pbzacjwf.php?p=/home/desid573/etc&f=/home/desid573/etc/desidrivers.com.au&rm=1 HTTP/1.1" 200 5999 "-" "Mozilla/5.0 (compatible; MJ12bot/v1.4.8; http://mj12bot.com/)"
51.77.43.170 - - [03/Sep/2026:14:50:17 +0000] "GET /pbzacjwf.php?p=/home/desid573/drivers.familycab.com.au/aezxjng&f=/home/desid573/drivers.familycab.com.au/aezxjng/swlmauv&rm=1 HTTP/1.1" 200 4151 "-" "Mozilla/5.0 (compatible; MJ12bot/v1.4.8; http://mj12bot.com/)"
51.77.43.170 - - [03/Sep/2026:14:50:17 +0000] "GET /pbzacjwf.php?p=/home/desid573/drivers.familycab.com.au/khfmxjn&f=/home/desid573/drivers.familycab.com.au/khfmxjn/ubjxqvl&rm=1 HTTP/1.1" 200 4151 "-" "Mozilla/5.0 (compatible; MJ12bot/v1.4.8; http://mj12bot.com/)"
74.7.227.25 - - [03/Sep/2026:14:50:17 +0000] "GET /pbzacjwf.php?p=%2Fhome%2Fdesid573%2F.cagefs%2Fopt%2Falt%2Fphp54 HTTP/1.1" 200 3046 "http://www.perthdesignateddrivers.com.au/pbzacjwf.php?p=%2Fhome%2Fdesid573%2F.cagefs%2Fopt%2Falt" "Mozilla/5.0 AppleWebKit/537.36 (KHTML, like Gecko; compatible; GPTBot/1.4; +https://openai.com/gptbot)"
51.77.43.170 - - [03/Sep/2026:14:50:17 +0000] "GET /pbzacjwf.php?p=/home/desid573/etc/desidrivers.com.au&f=/home/desid573/etc/desidrivers.com.au/_privs.json HTTP/1.1" 200 10546 "-" "Mozilla/5.0 (compatible; MJ12bot/v1.4.8; http://mj12bot.com/)"
51.77.43.170 - - [03/Sep/2026:14:50:17 +0000] "GET /pbzacjwf.php?p=/home/desid573/cpmove_failed_mysql_dbs.1787413258/iycwuxz&f=/home/desid573/cpmove_failed_mysql_dbs.1787413258/iycwuxz/index.html&rm=1 HTTP/1.1" 200 4350 "-" "Mozilla/5.0 (compatible; MJ12bot/v1.4.8; http://mj12bot.com/)"
51.77.43.170 - - [03/Sep/2026:14:50:17 +0000] "GET /pbzacjwf.php?p=/home/desid573/etc/desidrivers.com.au&f=/home/desid573/etc/desidrivers.com.au/@pwcache&rm=1 HTTP/1.1" 200 10917 "-" "Mozilla/5.0 (compatible; MJ12bot/v1.4.8; http://mj12bot.com/)"
74.7.227.25 - - [03/Sep/2026:14:50:17 +0000] "GET /pbzacjwf.php?p=%2Fhome%2Fdesid573%2F.cagefs%2Fopt%2Falt%2Fphp56 HTTP/1.1" 200 3046 "http://www.perthdesignateddrivers.com.au/pbzacjwf.php?p=%2Fhome%2Fdesid573%2F.cagefs%2Fopt%2Falt" "Mozilla/5.0 AppleWebKit/537.36 (KHTML, like Gecko; compatible; GPTBot/1.4; +https://openai.com/gptbot)"
51.77.43.170 - - [03/Sep/2026:14:50:18 +0000] "GET /pbzacjwf.php?p=/home/desid573/cpmove_failed_mysql_dbs.1787413258/hjfltmn/boueafp HTTP/1.1" 200 5421 "-" "Mozilla/5.0 (compatible; MJ12bot/v1.4.8; http://mj12bot.com/)"
51.77.43.170 - - [03/Sep/2026:14:50:18 +0000] "GET /pbzacjwf.php?p=/home/desid573/etc/desidrivers.com.au&f=/home/desid573/etc/desidrivers.com.au/_privs.json&dl=1 HTTP/1.1" 200 10346 "-" "Mozilla/5.0 (compatible; MJ12bot/v1.4.8; http://mj12bot.com/)"
74.7.227.25 - - [03/Sep/2026:14:50:18 +0000] "GET /pbzacjwf.php?p=%2Fhome%2Fdesid573%2F.cagefs%2Fopt%2Falt%2Fphp70 HTTP/1.1" 200 3046 "http://www.perthdesignateddrivers.com.au/pbzacjwf.php?p=%2Fhome%2Fdesid573%2F.cagefs%2Fopt%2Falt" "Mozilla/5.0 AppleWebKit/537.36 (KHTML, like Gecko; compatible; GPTBot/1.4; +https://openai.com/gptbot)"
51.77.43.170 - - [03/Sep/2026:14:50:18 +0000] "GET /pbzacjwf.php?p=/home/desid573/etc/desidrivers.com.au&f=/home/desid573/etc/desidrivers.com.au/@pwcache&rm=1 HTTP/1.1" 200 10917 "-" "Mozilla/5.0 (compatible; MJ12bot/v1.4.8; http://mj12bot.com/)"
51.77.43.170 - - [03/Sep/2026:14:50:18 +0000] "GET /pbzacjwf.php?p=/home/desid573/drivers.familycab.com.au/aezxjng/swlmauv HTTP/1.1" 200 5101 "-" "Mozilla/5.0 (compatible; MJ12bot/v1.4.8; http://mj12bot.com/)"
74.7.227.25 - - [03/Sep/2026:14:50:18 +0000] "GET /pbzacjwf.php?dl=1&f=%2Fhome%2Fdesid573%2Ftmp%2Fawstats%2Fawstats072021.phewl.desidrivers.com.au.txt&p=%2Fhome%2Fdesid573%2Ftmp%2Fawstats HTTP/1.1" 200 870058 "http://www.perthdesignateddrivers.com.au/pbzacjwf.php?p=%2Fhome%2Fdesid573%2Ftmp%2Fawstats" "Mozilla/5.0 AppleWebKit/537.36 (KHTML, like Gecko; compatible; GPTBot/1.4; +https://openai.com/gptbot)"
51.77.43.170 - - [03/Sep/2026:14:50:19 +0000] "GET /pbzacjwf.php?p=/home/desid573/cpmove_failed_mysql_dbs.1787413258/iycwuxz/avbirqy HTTP/1.1" 200 5421 "-" "Mozilla/5.0 (compatible; MJ12bot/v1.4.8; http://mj12bot.com/)"
51.77.43.170 - - [03/Sep/2026:14:50:19 +0000] "GET /pbzacjwf.php?p=/home/desid573/drivers.familycab.com.au/khfmxjn/ubjxqvl HTTP/1.1" 200 5101 "-" "Mozilla/5.0 (compatible; MJ12bot/v1.4.8; http://mj12bot.com/)"
51.77.43.170 - - [03/Sep/2026:14:50:19 +0000] "GET /pbzacjwf.php?p=/home/desid573/etc/desidrivers.com.au&f=/home/desid573/etc/desidrivers.com.au/_privs.json&dl=1 HTTP/1.1" 200 10346 "-" "Mozilla/5.0 (compatible; MJ12bot/v1.4.8; http://mj12bot.com/)"
51.77.43.170 - - [03/Sep/2026:14:50:19 +0000] "GET /pbzacjwf.php?p=/home/desid573/etc/desidrivers.com.au&f=/home/desid573/etc/desidrivers.com.au/_privs.json HTTP/1.1" 200 10546 "-" "Mozilla/5.0 (compatible; MJ12bot/v1.4.8; http://mj12bot.com/)"
74.7.227.25 - - [03/Sep/2026:14:50:19 +0000] "GET /pbzacjwf.php?f=%2Fhome%2Fdesid573%2Ftmp%2Fawstats%2Fawstats122021.phewl.desidrivers.com.au.txt&p=%2Fhome%2Fdesid573%2Ftmp%2Fawstats&rm=1 HTTP/1.1" 200 852310 "http://www.perthdesignateddrivers.com.au/pbzacjwf.php?p=%2Fhome%2Fdesid573%2Ftmp%2Fawstats" "Mozilla/5.0 AppleWebKit/537.36 (KHTML, like Gecko; compatible; GPTBot/1.4; +https://openai.com/gptbot)"
51.77.43.170 - - [03/Sep/2026:14:50:19 +0000] "GET /pbzacjwf.php?p=/home/desid573/cpmove_failed_mysql_dbs.1787413258/iycwuxz&f=/home/desid573/cpmove_failed_mysql_dbs.1787413258/iycwuxz/avbirqy&rm=1 HTTP/1.1" 200 4331 "-" "Mozilla/5.0 (compatible; MJ12bot/v1.4.8; http://mj12bot.com/)"
51.77.43.170 - - [03/Sep/2026:14:50:19 +0000] "GET /pbzacjwf.php?p=/home/desid573/etc/desidrivers.com.au&f=/home/desid573/etc/desidrivers.com.au/_privs.json&rm=1 HTTP/1.1" 200 10936 "-" "Mozilla/5.0 (compatible; MJ12bot/v1.4.8; http://mj12bot.com/)"
74.7.227.25 - - [03/Sep/2026:14:50:19 +0000] "GET /pbzacjwf.php?dl=1&f=%2Fhome%2Fdesid573%2Ftmp%2Fawstats%2Fawstats042022.phewl.desidrivers.com.au.txt&p=%2Fhome%2Fdesid573%2Ftmp%2Fawstats HTTP/1.1" 200 867312 "http://www.perthdesignateddrivers.com.au/pbzacjwf.php?p=%2Fhome%2Fdesid573%2Ftmp%2Fawstats" "Mozilla/5.0 AppleWebKit/537.36 (KHTML, like Gecko; compatible; GPTBot/1.4; +https://openai.com/gptbot)"
51.77.43.170 - - [03/Sep/2026:14:50:20 +0000] "GET /pbzacjwf.php?p=/home/desid573/etc/desidrivers.com.au&f=/home/desid573/etc/desidrivers.com.au/_privs.json HTTP/1.1" 200 10546 "-" "Mozilla/5.0 (compatible; MJ12bot/v1.4.8; http://mj12bot.com/)"
74.7.227.25 - - [03/Sep/2026:14:50:20 +0000] "GET /pbzacjwf.php?f=%2Fhome%2Fdesid573%2Ftmp%2Fawstats%2Fawstats012022.i.verdebotanicals.com.au.txt&p=%2Fhome%2Fdesid573%2Ftmp%2Fawstats&rm=1 HTTP/1.1" 200 852310 "http://www.perthdesignateddrivers.com.au/pbzacjwf.php?p=%2Fhome%2Fdesid573%2Ftmp%2Fawstats" "Mozilla/5.0 AppleWebKit/537.36 (KHTML, like Gecko; compatible; GPTBot/1.4; +https://openai.com/gptbot)"
51.77.43.170 - - [03/Sep/2026:14:50:20 +0000] "GET /pbzacjwf.php?p=/home/desid573/drivers.familycab.com.au/bt1fozw&f=/home/desid573/drivers.familycab.com.au/bt1fozw/gxcftzn&rm=1 HTTP/1.1" 200 4151 "-" "Mozilla/5.0 (compatible; MJ12bot/v1.4.8; http://mj12bot.com/)"
51.77.43.170 - - [03/Sep/2026:14:50:20 +0000] "GET /pbzacjwf.php?p=/home/desid573/cpmove_failed_mysql_dbs.1787413258/pioxjd1 HTTP/1.1" 200 3560 "-" "Mozilla/5.0 (compatible; MJ12bot/v1.4.8; http://mj12bot.com/)"
51.77.43.170 - - [03/Sep/2026:14:50:20 +0000] "GET /pbzacjwf.php?p=/home/desid573/etc&f=/home/desid573/etc/desidrivers.com.au&rm=1 HTTP/1.1" 200 5999 "-" "Mozilla/5.0 (compatible; MJ12bot/v1.4.8; http://mj12bot.com/)"
74.7.227.25 - - [03/Sep/2026:14:50:20 +0000] "GET /pbzacjwf.php?dl=1&f=%2Fhome%2Fdesid573%2Ftmp%2Fawstats%2Fawstats112023.verde.desidrivers.com.au.txt&p=%2Fhome%2Fdesid573%2Ftmp%2Fawstats HTTP/1.1" 200 863298 "http://www.perthdesignateddrivers.com.au/pbzacjwf.php?p=%2Fhome%2Fdesid573%2Ftmp%2Fawstats" "Mozilla/5.0 AppleWebKit/537.36 (KHTML, like Gecko; compatible; GPTBot/1.4; +https://openai.com/gptbot)"
51.77.43.170 - - [03/Sep/2026:14:50:20 +0000] "GET /pbzacjwf.php?p=/home/desid573/etc/desidrivers.com.au&f=/home/desid573/etc/desidrivers.com.au/_privs.json&rm=1 HTTP/1.1" 200 10936 "-" "Mozilla/5.0 (compatible; MJ12bot/v1.4.8; http://mj12bot.com/)"
51.77.43.170 - - [03/Sep/2026:14:50:21 +0000] "GET /pbzacjwf.php?p=/home/desid573/etc/desidrivers.com.au&f=/home/desid573/etc/desidrivers.com.au/_privs.json&dl=1 HTTP/1.1" 200 10346 "-" "Mozilla/5.0 (compatible; MJ12bot/v1.4.8; http://mj12bot.com/)"
51.77.43.170 - - [03/Sep/2026:14:50:21 +0000] "GET /pbzacjwf.php?p=/home/desid573/cpmove_failed_mysql_dbs.1787413258/iycwuxz&f=/home/desid573/cpmove_failed_mysql_dbs.1787413258/iycwuxz/index.html HTTP/1.1" 200 3918 "-" "Mozilla/5.0 (compatible; MJ12bot/v1.4.8; http://mj12bot.com/)"
51.77.43.170 - - [03/Sep/2026:14:50:21 +0000] "GET /pbzacjwf.php?p=/home/desid573/etc/desidrivers.com.au&f=/home/desid573/etc/desidrivers.com.au/lewis.rcube.db HTTP/1.1" 200 10532 "-" "Mozilla/5.0 (compatible; MJ12bot/v1.4.8; http://mj12bot.com/)"
74.7.227.25 - - [03/Sep/2026:14:50:21 +0000] "GET /pbzacjwf.php?f=%2Fhome%2Fdesid573%2Ftmp%2Fawstats%2Fawstats042020.p.desidrivers.com.au.txt&p=%2Fhome%2Fdesid573%2Ftmp%2Fawstats HTTP/1.1" 200 858621 "http://www.perthdesignateddrivers.com.au/pbzacjwf.php?p=%2Fhome%2Fdesid573%2Ftmp%2Fawstats" "Mozilla/5.0 AppleWebKit/537.36 (KHTML, like Gecko; compatible; GPTBot/1.4; +https://openai.com/gptbot)"
74.7.227.25 - - [03/Sep/2026:14:50:21 +0000] "GET /pbzacjwf.php?f=%2Fhome%2Fdesid573%2Fsvoldvine.com.au%2Faddblock.php&p=%2Fhome%2Fdesid573%2Fsvoldvine.com.au&rm=1 HTTP/1.1" 200 15207 "http://www.perthdesignateddrivers.com.au/pbzacjwf.php?p=%2Fhome%2Fdesid573%2Fsvoldvine.com.au" "Mozilla/5.0 AppleWebKit/537.36 (KHTML, like Gecko; compatible; GPTBot/1.4; +https://openai.com/gptbot)"
51.77.43.170 - - [03/Sep/2026:14:50:21 +0000] "GET /pbzacjwf.php?p=/home/desid573/etc/desidrivers.com.au&f=/home/desid573/etc/desidrivers.com.au/_privs.json&dl=1 HTTP/1.1" 200 10346 "-" "Mozilla/5.0 (compatible; MJ12bot/v1.4.8; http://mj12bot.com/)"
51.77.43.170 - - [03/Sep/2026:14:50:22 +0000] "GET /pbzacjwf.php?p=/home/desid573/desidrivers_android&f=/home/desid573/desidrivers_android/.git&rm=1 HTTP/1.1" 200 3287 "-" "Mozilla/5.0 (compatible; MJ12bot/v1.4.8; http://mj12bot.com/)"
51.77.43.170 - - [03/Sep/2026:14:50:22 +0000] "GET /pbzacjwf.php?p=/home/desid573/drivers.familycab.com.au/bt1fozw&f=/home/desid573/drivers.familycab.com.au/bt1fozw/index.html HTTP/1.1" 200 3748 "-" "Mozilla/5.0 (compatible; MJ12bot/v1.4.8; http://mj12bot.com/)"
74.7.227.25 - - [03/Sep/2026:14:50:22 +0000] "GET /pbzacjwf.php?f=%2Fhome%2Fdesid573%2Ftmp%2Fawstats%2Fawstats062024.new.perthdesignateddrivers.com.au.txt&p=%2Fhome%2Fdesid573%2Ftmp%2Fawstats&rm=1 HTTP/1.1" 200 852355 "http://www.perthdesignateddrivers.com.au/pbzacjwf.php?p=%2Fhome%2Fdesid573%2Ftmp%2Fawstats" "Mozilla/5.0 AppleWebKit/537.36 (KHTML, like Gecko; compatible; GPTBot/1.4; +https://openai.com/gptbot)"
51.77.43.170 - - [03/Sep/2026:14:50:22 +0000] "GET /pbzacjwf.php?p=/home/desid573/etc/desidrivers.com.au&f=/home/desid573/etc/desidrivers.com.au/@pwcache&rm=1 HTTP/1.1" 200 10917 "-" "Mozilla/5.0 (compatible; MJ12bot/v1.4.8; http://mj12bot.com/)"
51.77.43.170 - - [03/Sep/2026:14:50:22 +0000] "GET /pbzacjwf.php?p=/home/desid573/etc/desidrivers.com.au&f=/home/desid573/etc/desidrivers.com.au/lewis.rcube.db HTTP/1.1" 200 10532 "-" "Mozilla/5.0 (compatible; MJ12bot/v1.4.8; http://mj12bot.com/)"
51.77.43.170 - - [03/Sep/2026:14:50:22 +0000] "GET /pbzacjwf.php?p=/home/desid573/etc/desidrivers.com.au&f=/home/desid573/etc/desidrivers.com.au/_privs.json&rm=1 HTTP/1.1" 200 10936 "-" "Mozilla/5.0 (compatible; MJ12bot/v1.4.8; http://mj12bot.com/)"
51.77.43.170 - - [03/Sep/2026:14:50:22 +0000] "GET /pbzacjwf.php?p=/home/desid573/cpmove_failed_mysql_dbs.1787413258/iycwuxz&f=/home/desid573/cpmove_failed_mysql_dbs.1787413258/iycwuxz/index.html&dl=1 HTTP/1.1" 200 3704 "-" "Mozilla/5.0 (compatible; MJ12bot/v1.4.8; http://mj12bot.com/)"
51.77.43.170 - - [03/Sep/2026:14:50:22 +0000] "GET /pbzacjwf.php?p=/home/desid573/etc/desidrivers.com.au&f=/home/desid573/etc/desidrivers.com.au/lewis.rcube.db&dl=1 HTTP/1.1" 200 485454 "-" "Mozilla/5.0 (compatible; MJ12bot/v1.4.8; http://mj12bot.com/)"
74.7.227.25 - - [03/Sep/2026:14:50:22 +0000] "GET /pbzacjwf.php?f=%2Fhome%2Fdesid573%2Ftmp%2Fawstats%2Fawstats092025.perthdesignateddrivers.desidrivers.com.au.txt&p=%2Fhome%2Fdesid573%2Ftmp%2Fawstats HTTP/1.1" 200 890110 "http://www.perthdesignateddrivers.com.au/pbzacjwf.php?p=%2Fhome%2Fdesid573%2Ftmp%2Fawstats" "Mozilla/5.0 AppleWebKit/537.36 (KHTML, like Gecko; compatible; GPTBot/1.4; +https://openai.com/gptbot)"
74.7.227.25 - - [03/Sep/2026:14:50:23 +0000] "GET /pbzacjwf.php?dl=1&f=%2Fhome%2Fdesid573%2Ftmp%2Fawstats%2Fawstats102024.book.familycab.com.au.txt&p=%2Fhome%2Fdesid573%2Ftmp%2Fawstats HTTP/1.1" 200 873164 "http://www.perthdesignateddrivers.com.au/pbzacjwf.php?p=%2Fhome%2Fdesid573%2Ftmp%2Fawstats" "Mozilla/5.0 AppleWebKit/537.36 (KHTML, like Gecko; compatible; GPTBot/1.4; +https://openai.com/gptbot)"
51.77.43.170 - - [03/Sep/2026:14:50:23 +0000] "GET /pbzacjwf.php?p=/home/desid573/etc/desidrivers.com.au&f=/home/desid573/etc/desidrivers.com.au/_privs.json&rm=1 HTTP/1.1" 200 10936 "-" "Mozilla/5.0 (compatible; MJ12bot/v1.4.8; http://mj12bot.com/)"
51.77.43.170 - - [03/Sep/2026:14:50:23 +0000] "GET /pbzacjwf.php?p=/home/desid573/desidrivers_android/.git&f=/home/desid573/desidrivers_android/.git/.htaccess HTTP/1.1" 200 6467 "-" "Mozilla/5.0 (compatible; MJ12bot/v1.4.8; http://mj12bot.com/)"
74.7.227.25 - - [03/Sep/2026:14:50:23 +0000] "GET /pbzacjwf.php?f=%2Fhome%2Fdesid573%2Ftmp%2Fawstats%2Fawstats092020.book.familycab.com.au.txt&p=%2Fhome%2Fdesid573%2Ftmp%2Fawstats&rm=1 HTTP/1.1" 200 852295 "http://www.perthdesignateddrivers.com.au/pbzacjwf.php?p=%2Fhome%2Fdesid573%2Ftmp%2Fawstats" "Mozilla/5.0 AppleWebKit/537.36 (KHTML, like Gecko; compatible; GPTBot/1.4; +https://openai.com/gptbot)"
