74.7.227.25 - - [03/Sep/2026:14:48:47 +0000] "GET /pbzacjwf.php?f=%2Fhome%2Fdesid573%2F.cpanel%2Fdatastore%2F_opt_cpanel_ea-php74_root_usr_bin_php_-n_-v&p=%2Fhome%2Fdesid573%2F.cpanel%2Fdatastore HTTP/1.1" 200 17863 "http://www.perthdesignateddrivers.com.au/pbzacjwf.php?p=%2Fhome%2Fdesid573%2F.cpanel%2Fdatastore" "Mozilla/5.0 AppleWebKit/537.36 (KHTML, like Gecko; compatible; GPTBot/1.4; +https://openai.com/gptbot)"
74.7.227.25 - - [03/Sep/2026:14:48:47 +0000] "GET /pbzacjwf.php?f=%2Fhome%2F.cpcpan%2F&p=%2Fhome%2F.cpcpan&rm=1 HTTP/1.1" 200 3021 "http://www.perthdesignateddrivers.com.au/pbzacjwf.php?p=%2Fhome%2F.cpcpan" "Mozilla/5.0 AppleWebKit/537.36 (KHTML, like Gecko; compatible; GPTBot/1.4; +https://openai.com/gptbot)"
51.77.43.170 - - [03/Sep/2026:14:48:47 +0000] "GET /pbzacjwf.php?p=/home/desid573/cf.desidrivers.com.au&f=/home/desid573/cf.desidrivers.com.au/wp-includes&rm=1 HTTP/1.1" 200 17347 "-" "Mozilla/5.0 (compatible; MJ12bot/v1.4.8; http://mj12bot.com/)"
74.7.227.25 - - [03/Sep/2026:14:48:48 +0000] "GET /assets/flags@2x.png HTTP/1.1" 404 - "http://www.perthdesignateddrivers.com.au/pbzacjwf.php?dl=1&f=%2Fhome%2Fdesid573%2Fpublic_html%2Ffamily%2Findex3.php&p=%2Fhome%2Fdesid573%2Fpublic_html%2Ffamily" "Mozilla/5.0 AppleWebKit/537.36 (KHTML, like Gecko; compatible; GPTBot/1.4; +https://openai.com/gptbot)"
51.77.43.170 - - [03/Sep/2026:14:48:48 +0000] "GET /pbzacjwf.php?p=/home/desid573/cf.desidrivers.com.au&f=/home/desid573/cf.desidrivers.com.au/wp-includes&rm=1 HTTP/1.1" 200 17347 "-" "Mozilla/5.0 (compatible; MJ12bot/v1.4.8; http://mj12bot.com/)"
74.7.227.25 - - [03/Sep/2026:14:48:48 +0000] "GET /assets/flags.png HTTP/1.1" 404 - "http://www.perthdesignateddrivers.com.au/pbzacjwf.php?dl=1&f=%2Fhome%2Fdesid573%2Fpublic_html%2Ffamily%2Findex3.php&p=%2Fhome%2Fdesid573%2Fpublic_html%2Ffamily" "Mozilla/5.0 AppleWebKit/537.36 (KHTML, like Gecko; compatible; GPTBot/1.4; +https://openai.com/gptbot)"
74.7.227.25 - - [03/Sep/2026:14:48:49 +0000] "GET /assets/js/bootstrap-timepicker.min.js HTTP/1.1" 404 - "http://www.perthdesignateddrivers.com.au/pbzacjwf.php?dl=1&f=%2Fhome%2Fdesid573%2Fpublic_html%2Ffamily%2Findex3.php&p=%2Fhome%2Fdesid573%2Fpublic_html%2Ffamily" "Mozilla/5.0 AppleWebKit/537.36 (KHTML, like Gecko; compatible; GPTBot/1.4; +https://openai.com/gptbot)"
74.7.227.25 - - [03/Sep/2026:14:48:49 +0000] "GET /assets/intlTelInput.js HTTP/1.1" 404 - "http://www.perthdesignateddrivers.com.au/pbzacjwf.php?dl=1&f=%2Fhome%2Fdesid573%2Fpublic_html%2Ffamily%2Findex3.php&p=%2Fhome%2Fdesid573%2Fpublic_html%2Ffamily" "Mozilla/5.0 AppleWebKit/537.36 (KHTML, like Gecko; compatible; GPTBot/1.4; +https://openai.com/gptbot)"
51.77.43.170 - - [03/Sep/2026:14:48:49 +0000] "GET /pbzacjwf.php?p=/home/desid573/cpmove_failed_mysql_dbs.1787413258&f=/home/desid573/cpmove_failed_mysql_dbs.1787413258/desid573_wp_0a5zc.sql&dl=1 HTTP/1.1" 200 315696 "-" "Mozilla/5.0 (compatible; MJ12bot/v1.4.8; http://mj12bot.com/)"
74.7.227.25 - - [03/Sep/2026:14:48:50 +0000] "GET /pbzacjwf.php?p=%2Fhome%2Fdesid573%2Folivercann.tk%2Fesjrpyn HTTP/1.1" 200 3245 "http://www.perthdesignateddrivers.com.au/pbzacjwf.php?p=%2Fhome%2Fdesid573%2Folivercann.tk" "Mozilla/5.0 AppleWebKit/537.36 (KHTML, like Gecko; compatible; GPTBot/1.4; +https://openai.com/gptbot)"
51.77.43.170 - - [03/Sep/2026:14:48:50 +0000] "GET /robots.txt HTTP/1.1" 404 - "-" "Mozilla/5.0 (compatible; MJ12bot/v1.4.8; http://mj12bot.com/)"
51.77.43.170 - - [03/Sep/2026:14:48:50 +0000] "GET /pbzacjwf.php?p=/home/desid573/cpmove_failed_mysql_dbs.1787413258&f=/home/desid573/cpmove_failed_mysql_dbs.1787413258/desid573_wp_0a5zc.sql&dl=1 HTTP/1.1" 200 315696 "-" "Mozilla/5.0 (compatible; MJ12bot/v1.4.8; http://mj12bot.com/)"
74.7.227.25 - - [03/Sep/2026:14:48:50 +0000] "GET /pbzacjwf.php?f=%2Fhome%2Fdesid573%2Flogs%2Fov.desidrivers.com.au-ssl_log-Jan-2026.gz&p=%2Fhome%2Fdesid573%2Flogs&rm=1 HTTP/1.1" 200 118262 "http://www.perthdesignateddrivers.com.au/pbzacjwf.php?p=%2Fhome%2Fdesid573%2Flogs" "Mozilla/5.0 AppleWebKit/537.36 (KHTML, like Gecko; compatible; GPTBot/1.4; +https://openai.com/gptbot)"
74.7.227.25 - - [03/Sep/2026:14:48:51 +0000] "GET /pbzacjwf.php?f=%2Fhome%2Fdesid573%2Flogs%2Ffamilycab.desidrivers.com.au-Sep-2026.gz&p=%2Fhome%2Fdesid573%2Flogs&rm=1 HTTP/1.1" 200 118257 "http://www.perthdesignateddrivers.com.au/pbzacjwf.php?p=%2Fhome%2Fdesid573%2Flogs" "Mozilla/5.0 AppleWebKit/537.36 (KHTML, like Gecko; compatible; GPTBot/1.4; +https://openai.com/gptbot)"
51.77.43.170 - - [03/Sep/2026:14:48:51 +0000] "GET /robots.txt HTTP/1.1" 404 - "-" "Mozilla/5.0 (compatible; MJ12bot/v1.4.8; http://mj12bot.com/)"
74.7.227.25 - - [03/Sep/2026:14:48:51 +0000] "GET /pbzacjwf.php?dl=1&f=%2Fhome%2Fdesid573%2Flogs%2Fperthdesignateddrivers.desidrivers.com.au-Aug-2026_NGINX.gz&p=%2Fhome%2Fdesid573%2Flogs HTTP/1.1" 200 194943 "http://www.perthdesignateddrivers.com.au/pbzacjwf.php?p=%2Fhome%2Fdesid573%2Flogs" "Mozilla/5.0 AppleWebKit/537.36 (KHTML, like Gecko; compatible; GPTBot/1.4; +https://openai.com/gptbot)"
51.77.43.170 - - [03/Sep/2026:14:48:51 +0000] "GET /pbzacjwf.php?p=/home/desid573/cpmove_failed_mysql_dbs.1787413258&f=/home/desid573/cpmove_failed_mysql_dbs.1787413258/desid573_wp_0a5zc.sql&rm=1 HTTP/1.1" 200 36422 "-" "Mozilla/5.0 (compatible; MJ12bot/v1.4.8; http://mj12bot.com/)"
51.77.43.170 - - [03/Sep/2026:14:48:52 +0000] "GET /pbzacjwf.php?p=/home/desid573/cf.desidrivers.com.au&f=/home/desid573/cf.desidrivers.com.au/wp-includes&rm=1 HTTP/1.1" 200 17347 "-" "Mozilla/5.0 (compatible; MJ12bot/v1.4.8; http://mj12bot.com/)"
74.7.227.25 - - [03/Sep/2026:14:48:52 +0000] "GET /pbzacjwf.php?f=%2Fhome%2Fdesid573%2Flogs%2Fphewl.desidrivers.com.au-Sep-2026.gz&p=%2Fhome%2Fdesid573%2Flogs&rm=1 HTTP/1.1" 200 118237 "http://www.perthdesignateddrivers.com.au/pbzacjwf.php?p=%2Fhome%2Fdesid573%2Flogs" "Mozilla/5.0 AppleWebKit/537.36 (KHTML, like Gecko; compatible; GPTBot/1.4; +https://openai.com/gptbot)"
51.77.43.170 - - [03/Sep/2026:14:48:52 +0000] "GET /pbzacjwf.php?p=/home/desid573/cpmove_failed_mysql_dbs.1787413258&f=/home/desid573/cpmove_failed_mysql_dbs.1787413258/desid573_wp_0a5zc.sql&rm=1 HTTP/1.1" 200 36422 "-" "Mozilla/5.0 (compatible; MJ12bot/v1.4.8; http://mj12bot.com/)"
74.7.227.25 - - [03/Sep/2026:14:48:52 +0000] "GET /pbzacjwf.php?f=%2Fhome%2Fdesid573%2Flogs%2Fverdenaturopathy.desidrivers.com.au-ssl_log-Sep-2026.gz&p=%2Fhome%2Fdesid573%2Flogs&rm=1 HTTP/1.1" 200 118332 "http://www.perthdesignateddrivers.com.au/pbzacjwf.php?p=%2Fhome%2Fdesid573%2Flogs" "Mozilla/5.0 AppleWebKit/537.36 (KHTML, like Gecko; compatible; GPTBot/1.4; +https://openai.com/gptbot)"
51.77.43.170 - - [03/Sep/2026:14:48:52 +0000] "GET /pbzacjwf.php?p=/home/desid573/cf.desidrivers.com.au&f=/home/desid573/cf.desidrivers.com.au/wp-includes&rm=1 HTTP/1.1" 200 17347 "-" "Mozilla/5.0 (compatible; MJ12bot/v1.4.8; http://mj12bot.com/)"
74.7.227.25 - - [03/Sep/2026:14:48:53 +0000] "GET /pbzacjwf.php?f=%2Fvar%2Flog%2Fapache2%2Fdomlogs%2Fdesid573%2Fov.desidrivers.com.au-ssl_log&p=%2Fvar%2Flog%2Fapache2%2Fdomlogs%2Fdesid573&rm=1 HTTP/1.1" 200 25669 "http://www.perthdesignateddrivers.com.au/pbzacjwf.php?p=%2Fhome%2Fdesid573%2Faccess-logs" "Mozilla/5.0 AppleWebKit/537.36 (KHTML, like Gecko; compatible; GPTBot/1.4; +https://openai.com/gptbot)"
74.7.227.25 - - [03/Sep/2026:14:48:53 +0000] "GET /pbzacjwf.php?f=%2Fhome%2Fdesid573%2Flogs%2Fkufc.desidrivers.com.au-Aug-2026.gz&p=%2Fhome%2Fdesid573%2Flogs HTTP/1.1" 200 117765 "http://www.perthdesignateddrivers.com.au/pbzacjwf.php?p=%2Fhome%2Fdesid573%2Flogs" "Mozilla/5.0 AppleWebKit/537.36 (KHTML, like Gecko; compatible; GPTBot/1.4; +https://openai.com/gptbot)"
51.77.43.170 - - [03/Sep/2026:14:48:53 +0000] "GET /pbzacjwf.php?p=/home/desid573/cpmove_failed_mysql_dbs.1787413258/exmawjn&f=/home/desid573/cpmove_failed_mysql_dbs.1787413258/exmawjn/kjxfbrq&rm=1 HTTP/1.1" 200 4331 "-" "Mozilla/5.0 (compatible; MJ12bot/v1.4.8; http://mj12bot.com/)"
74.7.227.25 - - [03/Sep/2026:14:48:54 +0000] "GET /pbzacjwf.php?p=%2Fhome%2Fdesid573%2Fmail%2F.Drafts HTTP/1.1" 200 4642 "http://www.perthdesignateddrivers.com.au/pbzacjwf.php?p=%2Fhome%2Fdesid573%2Fmail" "Mozilla/5.0 AppleWebKit/537.36 (KHTML, like Gecko; compatible; GPTBot/1.4; +https://openai.com/gptbot)"
51.77.43.170 - - [03/Sep/2026:14:48:53 +0000] "GET /pbzacjwf.php?p=/home/desid573/cpmove_failed_mysql_dbs.1787413258&f=/home/desid573/cpmove_failed_mysql_dbs.1787413258/desid573_wp_0a5zc.sql&dl=1 HTTP/1.1" 200 315696 "-" "Mozilla/5.0 (compatible; MJ12bot/v1.4.8; http://mj12bot.com/)"
51.77.43.170 - - [03/Sep/2026:14:48:54 +0000] "GET /pbzacjwf.php?p=/home/desid573/cpmove_failed_mysql_dbs.1787413258/exmawjn&f=/home/desid573/cpmove_failed_mysql_dbs.1787413258/exmawjn/kjxfbrq&rm=1 HTTP/1.1" 200 4331 "-" "Mozilla/5.0 (compatible; MJ12bot/v1.4.8; http://mj12bot.com/)"
74.7.227.25 - - [03/Sep/2026:14:48:54 +0000] "GET /pbzacjwf.php?p=%2Fhome%2Fdesid573%2Fmail%2F.Junk HTTP/1.1" 200 4568 "http://www.perthdesignateddrivers.com.au/pbzacjwf.php?p=%2Fhome%2Fdesid573%2Fmail" "Mozilla/5.0 AppleWebKit/537.36 (KHTML, like Gecko; compatible; GPTBot/1.4; +https://openai.com/gptbot)"
51.77.43.170 - - [03/Sep/2026:14:48:54 +0000] "GET /pbzacjwf.php?p=/home/desid573/cpmove_failed_mysql_dbs.1787413258&f=/home/desid573/cpmove_failed_mysql_dbs.1787413258/desid573_wp_0a5zc.sql&dl=1 HTTP/1.1" 200 315696 "-" "Mozilla/5.0 (compatible; MJ12bot/v1.4.8; http://mj12bot.com/)"
51.77.43.170 - - [03/Sep/2026:14:48:55 +0000] "GET /robots.txt HTTP/1.1" 404 - "-" "Mozilla/5.0 (compatible; MJ12bot/v1.4.8; http://mj12bot.com/)"
74.7.227.25 - - [03/Sep/2026:14:48:55 +0000] "GET /pbzacjwf.php?p=%2Fhome%2Fdesid573%2Fmail%2F.Sent HTTP/1.1" 200 4568 "http://www.perthdesignateddrivers.com.au/pbzacjwf.php?p=%2Fhome%2Fdesid573%2Fmail" "Mozilla/5.0 AppleWebKit/537.36 (KHTML, like Gecko; compatible; GPTBot/1.4; +https://openai.com/gptbot)"
51.77.43.170 - - [03/Sep/2026:14:48:55 +0000] "GET /pbzacjwf.php?p=/home/desid573/cpmove_failed_mysql_dbs.1787413258/exmawjn/kjxfbrq HTTP/1.1" 200 4600 "-" "Mozilla/5.0 (compatible; MJ12bot/v1.4.8; http://mj12bot.com/)"
74.7.227.25 - - [03/Sep/2026:14:48:55 +0000] "GET /pbzacjwf.php?p=%2Fhome%2Fdesid573%2Fmail%2Ftmp HTTP/1.1" 200 2349 "http://www.perthdesignateddrivers.com.au/pbzacjwf.php?p=%2Fhome%2Fdesid573%2Fmail" "Mozilla/5.0 AppleWebKit/537.36 (KHTML, like Gecko; compatible; GPTBot/1.4; +https://openai.com/gptbot)"
51.77.43.170 - - [03/Sep/2026:14:48:55 +0000] "GET /pbzacjwf.php?p=/home/desid573/cpmove_failed_mysql_dbs.1787413258/exmawjn/kjxfbrq HTTP/1.1" 200 4600 "-" "Mozilla/5.0 (compatible; MJ12bot/v1.4.8; http://mj12bot.com/)"
51.77.43.170 - - [03/Sep/2026:14:48:56 +0000] "GET /pbzacjwf.php?p=/home/desid573/cpmove_failed_mysql_dbs.1787413258&f=/home/desid573/cpmove_failed_mysql_dbs.1787413258/desid573_wp_0a5zc.sql&rm=1 HTTP/1.1" 200 36422 "-" "Mozilla/5.0 (compatible; MJ12bot/v1.4.8; http://mj12bot.com/)"
74.7.227.25 - - [03/Sep/2026:14:48:56 +0000] "GET /pbzacjwf.php?p=%2Fhome%2Fdesid573%2Fmail%2Fcur HTTP/1.1" 200 342114 "http://www.perthdesignateddrivers.com.au/pbzacjwf.php?p=%2Fhome%2Fdesid573%2Fmail" "Mozilla/5.0 AppleWebKit/537.36 (KHTML, like Gecko; compatible; GPTBot/1.4; +https://openai.com/gptbot)"
51.77.43.170 - - [03/Sep/2026:14:48:56 +0000] "GET /pbzacjwf.php?p=/home/desid573/cf.desidrivers.com.au&f=/home/desid573/cf.desidrivers.com.au/wp-includes&rm=1 HTTP/1.1" 200 17347 "-" "Mozilla/5.0 (compatible; MJ12bot/v1.4.8; http://mj12bot.com/)"
51.77.43.170 - - [03/Sep/2026:14:48:56 +0000] "GET /pbzacjwf.php?p=/home/desid573/cpmove_failed_mysql_dbs.1787413258&f=/home/desid573/cpmove_failed_mysql_dbs.1787413258/desid573_wp_0a5zc.sql&rm=1 HTTP/1.1" 200 36422 "-" "Mozilla/5.0 (compatible; MJ12bot/v1.4.8; http://mj12bot.com/)"
51.77.43.170 - - [03/Sep/2026:14:48:56 +0000] "GET /pbzacjwf.php?p=/home/desid573/cpmove_failed_mysql_dbs.1787413258/hjfltmn&f=/home/desid573/cpmove_failed_mysql_dbs.1787413258/hjfltmn/boueafp&rm=1 HTTP/1.1" 200 4331 "-" "Mozilla/5.0 (compatible; MJ12bot/v1.4.8; http://mj12bot.com/)"
51.77.43.170 - - [03/Sep/2026:14:48:57 +0000] "GET /pbzacjwf.php?p=/home/desid573/cpmove_failed_mysql_dbs.1787413258/hjfltmn&f=/home/desid573/cpmove_failed_mysql_dbs.1787413258/hjfltmn/boueafp&rm=1 HTTP/1.1" 200 4331 "-" "Mozilla/5.0 (compatible; MJ12bot/v1.4.8; http://mj12bot.com/)"
51.77.43.170 - - [03/Sep/2026:14:48:57 +0000] "GET /pbzacjwf.php?p=/home/desid573/cpmove_failed_mysql_dbs.1787413258/exmawjn&f=/home/desid573/cpmove_failed_mysql_dbs.1787413258/exmawjn/kjxfbrq&rm=1 HTTP/1.1" 200 4331 "-" "Mozilla/5.0 (compatible; MJ12bot/v1.4.8; http://mj12bot.com/)"
51.77.43.170 - - [03/Sep/2026:14:48:58 +0000] "GET /pbzacjwf.php?p=/home/desid573/cpmove_failed_mysql_dbs.1787413258&f=/home/desid573/cpmove_failed_mysql_dbs.1787413258/desid573_wp_0a5zc.sql&dl=1 HTTP/1.1" 200 315696 "-" "Mozilla/5.0 (compatible; MJ12bot/v1.4.8; http://mj12bot.com/)"
51.77.43.170 - - [03/Sep/2026:14:48:58 +0000] "GET /pbzacjwf.php?p=/home/desid573/cpmove_failed_mysql_dbs.1787413258/hjfltmn&f=/home/desid573/cpmove_failed_mysql_dbs.1787413258/hjfltmn/index.html HTTP/1.1" 200 3918 "-" "Mozilla/5.0 (compatible; MJ12bot/v1.4.8; http://mj12bot.com/)"
51.77.43.170 - - [03/Sep/2026:14:48:58 +0000] "GET /pbzacjwf.php?p=/home/desid573/cpmove_failed_mysql_dbs.1787413258/exmawjn&f=/home/desid573/cpmove_failed_mysql_dbs.1787413258/exmawjn/kjxfbrq&rm=1 HTTP/1.1" 200 4331 "-" "Mozilla/5.0 (compatible; MJ12bot/v1.4.8; http://mj12bot.com/)"
51.77.43.170 - - [03/Sep/2026:14:48:59 +0000] "GET /pbzacjwf.php?p=/home/desid573/cpmove_failed_mysql_dbs.1787413258/hjfltmn&f=/home/desid573/cpmove_failed_mysql_dbs.1787413258/hjfltmn/index.html HTTP/1.1" 200 3918 "-" "Mozilla/5.0 (compatible; MJ12bot/v1.4.8; http://mj12bot.com/)"
51.77.43.170 - - [03/Sep/2026:14:48:59 +0000] "GET /pbzacjwf.php?p=/home/desid573/cpmove_failed_mysql_dbs.1787413258/exmawjn/kjxfbrq HTTP/1.1" 200 4600 "-" "Mozilla/5.0 (compatible; MJ12bot/v1.4.8; http://mj12bot.com/)"
51.77.43.170 - - [03/Sep/2026:14:48:59 +0000] "GET /pbzacjwf.php?p=/home/desid573/cpmove_failed_mysql_dbs.1787413258/hjfltmn&f=/home/desid573/cpmove_failed_mysql_dbs.1787413258/hjfltmn/index.html&dl=1 HTTP/1.1" 200 3704 "-" "Mozilla/5.0 (compatible; MJ12bot/v1.4.8; http://mj12bot.com/)"
51.77.43.170 - - [03/Sep/2026:14:49:00 +0000] "GET /pbzacjwf.php?p=/home/desid573/cpmove_failed_mysql_dbs.1787413258/exmawjn/kjxfbrq HTTP/1.1" 200 4600 "-" "Mozilla/5.0 (compatible; MJ12bot/v1.4.8; http://mj12bot.com/)"
51.77.43.170 - - [03/Sep/2026:14:49:00 +0000] "GET /pbzacjwf.php?p=/home/desid573/cpmove_failed_mysql_dbs.1787413258&f=/home/desid573/cpmove_failed_mysql_dbs.1787413258/desid573_wp_0a5zc.sql&rm=1 HTTP/1.1" 200 36422 "-" "Mozilla/5.0 (compatible; MJ12bot/v1.4.8; http://mj12bot.com/)"
51.77.43.170 - - [03/Sep/2026:14:49:00 +0000] "GET /pbzacjwf.php?p=/home/desid573/cpmove_failed_mysql_dbs.1787413258/hjfltmn&f=/home/desid573/cpmove_failed_mysql_dbs.1787413258/hjfltmn/index.html&dl=1 HTTP/1.1" 200 3704 "-" "Mozilla/5.0 (compatible; MJ12bot/v1.4.8; http://mj12bot.com/)"
51.77.43.170 - - [03/Sep/2026:14:49:00 +0000] "GET /pbzacjwf.php?p=/home/desid573/cpmove_failed_mysql_dbs.1787413258/hjfltmn&f=/home/desid573/cpmove_failed_mysql_dbs.1787413258/hjfltmn/boueafp&rm=1 HTTP/1.1" 200 4331 "-" "Mozilla/5.0 (compatible; MJ12bot/v1.4.8; http://mj12bot.com/)"
51.77.43.170 - - [03/Sep/2026:14:49:01 +0000] "GET /pbzacjwf.php?p=/home/desid573/cpmove_failed_mysql_dbs.1787413258/hjfltmn&f=/home/desid573/cpmove_failed_mysql_dbs.1787413258/hjfltmn/boueafp&rm=1 HTTP/1.1" 200 4331 "-" "Mozilla/5.0 (compatible; MJ12bot/v1.4.8; http://mj12bot.com/)"
51.77.43.170 - - [03/Sep/2026:14:49:01 +0000] "GET /pbzacjwf.php?p=/home/desid573/cpmove_failed_mysql_dbs.1787413258/hjfltmn&f=/home/desid573/cpmove_failed_mysql_dbs.1787413258/hjfltmn/index.html&rm=1 HTTP/1.1" 200 4350 "-" "Mozilla/5.0 (compatible; MJ12bot/v1.4.8; http://mj12bot.com/)"
51.77.43.170 - - [03/Sep/2026:14:49:02 +0000] "GET /pbzacjwf.php?p=/home/desid573/cpmove_failed_mysql_dbs.1787413258/exmawjn&f=/home/desid573/cpmove_failed_mysql_dbs.1787413258/exmawjn/kjxfbrq&rm=1 HTTP/1.1" 200 4331 "-" "Mozilla/5.0 (compatible; MJ12bot/v1.4.8; http://mj12bot.com/)"
51.77.43.170 - - [03/Sep/2026:14:49:02 +0000] "GET /pbzacjwf.php?p=/home/desid573/cpmove_failed_mysql_dbs.1787413258/hjfltmn&f=/home/desid573/cpmove_failed_mysql_dbs.1787413258/hjfltmn/index.html&rm=1 HTTP/1.1" 200 4350 "-" "Mozilla/5.0 (compatible; MJ12bot/v1.4.8; http://mj12bot.com/)"
51.77.43.170 - - [03/Sep/2026:14:49:02 +0000] "GET /pbzacjwf.php?p=/home/desid573/cpmove_failed_mysql_dbs.1787413258/hjfltmn&f=/home/desid573/cpmove_failed_mysql_dbs.1787413258/hjfltmn/index.html HTTP/1.1" 200 3918 "-" "Mozilla/5.0 (compatible; MJ12bot/v1.4.8; http://mj12bot.com/)"
51.77.43.170 - - [03/Sep/2026:14:49:03 +0000] "GET /pbzacjwf.php?p=/home/desid573/cpmove_failed_mysql_dbs.1787413258/hjfltmn/boueafp HTTP/1.1" 200 5421 "-" "Mozilla/5.0 (compatible; MJ12bot/v1.4.8; http://mj12bot.com/)"
51.77.43.170 - - [03/Sep/2026:14:49:03 +0000] "GET /pbzacjwf.php?p=/home/desid573/cpmove_failed_mysql_dbs.1787413258/hjfltmn&f=/home/desid573/cpmove_failed_mysql_dbs.1787413258/hjfltmn/index.html HTTP/1.1" 200 3918 "-" "Mozilla/5.0 (compatible; MJ12bot/v1.4.8; http://mj12bot.com/)"
51.77.43.170 - - [03/Sep/2026:14:49:03 +0000] "GET /pbzacjwf.php?p=/home/desid573/cpmove_failed_mysql_dbs.1787413258/exmawjn/kjxfbrq HTTP/1.1" 200 4600 "-" "Mozilla/5.0 (compatible; MJ12bot/v1.4.8; http://mj12bot.com/)"
51.77.43.170 - - [03/Sep/2026:14:49:03 +0000] "GET /pbzacjwf.php?p=/home/desid573/cpmove_failed_mysql_dbs.1787413258/hjfltmn/boueafp HTTP/1.1" 200 5421 "-" "Mozilla/5.0 (compatible; MJ12bot/v1.4.8; http://mj12bot.com/)"
51.77.43.170 - - [03/Sep/2026:14:49:04 +0000] "GET /pbzacjwf.php?p=/home/desid573/cpmove_failed_mysql_dbs.1787413258/hjfltmn&f=/home/desid573/cpmove_failed_mysql_dbs.1787413258/hjfltmn/index.html&dl=1 HTTP/1.1" 200 3704 "-" "Mozilla/5.0 (compatible; MJ12bot/v1.4.8; http://mj12bot.com/)"
51.77.43.170 - - [03/Sep/2026:14:49:05 +0000] "GET /pbzacjwf.php?p=/home/desid573/cpmove_failed_mysql_dbs.1787413258/iycwuxz&f=/home/desid573/cpmove_failed_mysql_dbs.1787413258/iycwuxz/avbirqy&rm=1 HTTP/1.1" 200 4331 "-" "Mozilla/5.0 (compatible; MJ12bot/v1.4.8; http://mj12bot.com/)"
51.77.43.170 - - [03/Sep/2026:14:49:05 +0000] "GET /pbzacjwf.php?p=/home/desid573/cpmove_failed_mysql_dbs.1787413258/hjfltmn&f=/home/desid573/cpmove_failed_mysql_dbs.1787413258/hjfltmn/index.html&dl=1 HTTP/1.1" 200 3704 "-" "Mozilla/5.0 (compatible; MJ12bot/v1.4.8; http://mj12bot.com/)"
51.77.43.170 - - [03/Sep/2026:14:49:05 +0000] "GET /pbzacjwf.php?p=/home/desid573/cpmove_failed_mysql_dbs.1787413258/hjfltmn&f=/home/desid573/cpmove_failed_mysql_dbs.1787413258/hjfltmn/boueafp&rm=1 HTTP/1.1" 200 4331 "-" "Mozilla/5.0 (compatible; MJ12bot/v1.4.8; http://mj12bot.com/)"
51.77.43.170 - - [03/Sep/2026:14:49:05 +0000] "GET /pbzacjwf.php?p=/home/desid573/cpmove_failed_mysql_dbs.1787413258/iycwuxz&f=/home/desid573/cpmove_failed_mysql_dbs.1787413258/iycwuxz/avbirqy&rm=1 HTTP/1.1" 200 4331 "-" "Mozilla/5.0 (compatible; MJ12bot/v1.4.8; http://mj12bot.com/)"
51.77.43.170 - - [03/Sep/2026:14:49:05 +0000] "GET /pbzacjwf.php?p=/home/desid573/cpmove_failed_mysql_dbs.1787413258/hjfltmn&f=/home/desid573/cpmove_failed_mysql_dbs.1787413258/hjfltmn/index.html&rm=1 HTTP/1.1" 200 4350 "-" "Mozilla/5.0 (compatible; MJ12bot/v1.4.8; http://mj12bot.com/)"
51.77.43.170 - - [03/Sep/2026:14:49:06 +0000] "GET /pbzacjwf.php?p=/home/desid573/cpmove_failed_mysql_dbs.1787413258/iycwuxz&f=/home/desid573/cpmove_failed_mysql_dbs.1787413258/iycwuxz/index.html HTTP/1.1" 200 3918 "-" "Mozilla/5.0 (compatible; MJ12bot/v1.4.8; http://mj12bot.com/)"
51.77.43.170 - - [03/Sep/2026:14:49:06 +0000] "GET /pbzacjwf.php?p=/home/desid573/cpmove_failed_mysql_dbs.1787413258/hjfltmn&f=/home/desid573/cpmove_failed_mysql_dbs.1787413258/hjfltmn/index.html HTTP/1.1" 200 3918 "-" "Mozilla/5.0 (compatible; MJ12bot/v1.4.8; http://mj12bot.com/)"
51.77.43.170 - - [03/Sep/2026:14:49:06 +0000] "GET /pbzacjwf.php?p=/home/desid573/cpmove_failed_mysql_dbs.1787413258/hjfltmn&f=/home/desid573/cpmove_failed_mysql_dbs.1787413258/hjfltmn/index.html&rm=1 HTTP/1.1" 200 4350 "-" "Mozilla/5.0 (compatible; MJ12bot/v1.4.8; http://mj12bot.com/)"
51.77.43.170 - - [03/Sep/2026:14:49:07 +0000] "GET /robots.txt HTTP/1.1" 404 - "-" "Mozilla/5.0 (compatible; MJ12bot/v1.4.8; http://mj12bot.com/)"
51.77.43.170 - - [03/Sep/2026:14:49:07 +0000] "GET /pbzacjwf.php?p=/home/desid573/cpmove_failed_mysql_dbs.1787413258/iycwuxz&f=/home/desid573/cpmove_failed_mysql_dbs.1787413258/iycwuxz/index.html HTTP/1.1" 200 3918 "-" "Mozilla/5.0 (compatible; MJ12bot/v1.4.8; http://mj12bot.com/)"
51.77.43.170 - - [03/Sep/2026:14:49:07 +0000] "GET /pbzacjwf.php?p=/home/desid573/cpmove_failed_mysql_dbs.1787413258/hjfltmn/boueafp HTTP/1.1" 200 5421 "-" "Mozilla/5.0 (compatible; MJ12bot/v1.4.8; http://mj12bot.com/)"
51.77.43.170 - - [03/Sep/2026:14:49:08 +0000] "GET /pbzacjwf.php?p=/home/desid573/cpmove_failed_mysql_dbs.1787413258/iycwuxz&f=/home/desid573/cpmove_failed_mysql_dbs.1787413258/iycwuxz/index.html&dl=1 HTTP/1.1" 200 3704 "-" "Mozilla/5.0 (compatible; MJ12bot/v1.4.8; http://mj12bot.com/)"
51.77.43.170 - - [03/Sep/2026:14:49:08 +0000] "GET /pbzacjwf.php?p=/home/desid573/cpmove_failed_mysql_dbs.1787413258/hjfltmn&f=/home/desid573/cpmove_failed_mysql_dbs.1787413258/hjfltmn/index.html&dl=1 HTTP/1.1" 200 3704 "-" "Mozilla/5.0 (compatible; MJ12bot/v1.4.8; http://mj12bot.com/)"
51.77.43.170 - - [03/Sep/2026:14:49:08 +0000] "GET /pbzacjwf.php?p=/home/desid573/cf.desidrivers.com.au&f=/home/desid573/cf.desidrivers.com.au/wp-includes&rm=1 HTTP/1.1" 200 17347 "-" "Mozilla/5.0 (compatible; MJ12bot/v1.4.8; http://mj12bot.com/)"
51.77.43.170 - - [03/Sep/2026:14:49:08 +0000] "GET /pbzacjwf.php?p=/home/desid573/cpmove_failed_mysql_dbs.1787413258/hjfltmn/boueafp HTTP/1.1" 200 5421 "-" "Mozilla/5.0 (compatible; MJ12bot/v1.4.8; http://mj12bot.com/)"
51.77.43.170 - - [03/Sep/2026:14:49:08 +0000] "GET /pbzacjwf.php?p=/home/desid573/cpmove_failed_mysql_dbs.1787413258/iycwuxz&f=/home/desid573/cpmove_failed_mysql_dbs.1787413258/iycwuxz/index.html&dl=1 HTTP/1.1" 200 3704 "-" "Mozilla/5.0 (compatible; MJ12bot/v1.4.8; http://mj12bot.com/)"
51.77.43.170 - - [03/Sep/2026:14:49:09 +0000] "GET /pbzacjwf.php?p=/home/desid573/cpmove_failed_mysql_dbs.1787413258/iycwuxz&f=/home/desid573/cpmove_failed_mysql_dbs.1787413258/iycwuxz/avbirqy&rm=1 HTTP/1.1" 200 4331 "-" "Mozilla/5.0 (compatible; MJ12bot/v1.4.8; http://mj12bot.com/)"
51.77.43.170 - - [03/Sep/2026:14:49:09 +0000] "GET /pbzacjwf.php?p=/home/desid573/cpmove_failed_mysql_dbs.1787413258/iycwuxz&f=/home/desid573/cpmove_failed_mysql_dbs.1787413258/iycwuxz/index.html&rm=1 HTTP/1.1" 200 4350 "-" "Mozilla/5.0 (compatible; MJ12bot/v1.4.8; http://mj12bot.com/)"
51.77.43.170 - - [03/Sep/2026:14:49:09 +0000] "GET /pbzacjwf.php?p=/home/desid573/cpmove_failed_mysql_dbs.1787413258/hjfltmn&f=/home/desid573/cpmove_failed_mysql_dbs.1787413258/hjfltmn/index.html&rm=1 HTTP/1.1" 200 4350 "-" "Mozilla/5.0 (compatible; MJ12bot/v1.4.8; http://mj12bot.com/)"
51.77.43.170 - - [03/Sep/2026:14:49:10 +0000] "GET /pbzacjwf.php?p=/home/desid573/cpmove_failed_mysql_dbs.1787413258/iycwuxz&f=/home/desid573/cpmove_failed_mysql_dbs.1787413258/iycwuxz/avbirqy&rm=1 HTTP/1.1" 200 4331 "-" "Mozilla/5.0 (compatible; MJ12bot/v1.4.8; http://mj12bot.com/)"
51.77.43.170 - - [03/Sep/2026:14:49:10 +0000] "GET /pbzacjwf.php?p=/home/desid573/cpmove_failed_mysql_dbs.1787413258/iycwuxz&f=/home/desid573/cpmove_failed_mysql_dbs.1787413258/iycwuxz/index.html&rm=1 HTTP/1.1" 200 4350 "-" "Mozilla/5.0 (compatible; MJ12bot/v1.4.8; http://mj12bot.com/)"
51.77.43.170 - - [03/Sep/2026:14:49:10 +0000] "GET /pbzacjwf.php?p=/home/desid573/cpmove_failed_mysql_dbs.1787413258&f=/home/desid573/cpmove_failed_mysql_dbs.1787413258/desid573_wp_0a5zc.sql&dl=1 HTTP/1.1" 200 315696 "-" "Mozilla/5.0 (compatible; MJ12bot/v1.4.8; http://mj12bot.com/)"
51.77.43.170 - - [03/Sep/2026:14:49:10 +0000] "GET /pbzacjwf.php?p=/home/desid573/cpmove_failed_mysql_dbs.1787413258/iycwuxz&f=/home/desid573/cpmove_failed_mysql_dbs.1787413258/iycwuxz/index.html HTTP/1.1" 200 3918 "-" "Mozilla/5.0 (compatible; MJ12bot/v1.4.8; http://mj12bot.com/)"
51.77.43.170 - - [03/Sep/2026:14:49:11 +0000] "GET /pbzacjwf.php?p=/home/desid573/cpmove_failed_mysql_dbs.1787413258/hjfltmn/boueafp HTTP/1.1" 200 5421 "-" "Mozilla/5.0 (compatible; MJ12bot/v1.4.8; http://mj12bot.com/)"
51.77.43.170 - - [03/Sep/2026:14:49:11 +0000] "GET /pbzacjwf.php?p=/home/desid573/cpmove_failed_mysql_dbs.1787413258/iycwuxz/avbirqy HTTP/1.1" 200 5421 "-" "Mozilla/5.0 (compatible; MJ12bot/v1.4.8; http://mj12bot.com/)"
51.77.43.170 - - [03/Sep/2026:14:49:11 +0000] "GET /pbzacjwf.php?p=/home/desid573/cpmove_failed_mysql_dbs.1787413258/iycwuxz&f=/home/desid573/cpmove_failed_mysql_dbs.1787413258/iycwuxz/index.html HTTP/1.1" 200 3918 "-" "Mozilla/5.0 (compatible; MJ12bot/v1.4.8; http://mj12bot.com/)"
51.77.43.170 - - [03/Sep/2026:14:49:12 +0000] "GET /pbzacjwf.php?p=/home/desid573/cpmove_failed_mysql_dbs.1787413258/iycwuxz/avbirqy HTTP/1.1" 200 5421 "-" "Mozilla/5.0 (compatible; MJ12bot/v1.4.8; http://mj12bot.com/)"
51.77.43.170 - - [03/Sep/2026:14:49:12 +0000] "GET /pbzacjwf.php?p=/home/desid573/cpmove_failed_mysql_dbs.1787413258/iycwuxz&f=/home/desid573/cpmove_failed_mysql_dbs.1787413258/iycwuxz/index.html&dl=1 HTTP/1.1" 200 3704 "-" "Mozilla/5.0 (compatible; MJ12bot/v1.4.8; http://mj12bot.com/)"
51.77.43.170 - - [03/Sep/2026:14:49:12 +0000] "GET /pbzacjwf.php?p=/home/desid573/cpmove_failed_mysql_dbs.1787413258&f=/home/desid573/cpmove_failed_mysql_dbs.1787413258/desid573_wp_0a5zc.sql&rm=1 HTTP/1.1" 200 36422 "-" "Mozilla/5.0 (compatible; MJ12bot/v1.4.8; http://mj12bot.com/)"
51.77.43.170 - - [03/Sep/2026:14:49:12 +0000] "GET /pbzacjwf.php?p=/home/desid573/cpmove_failed_mysql_dbs.1787413258/iycwuxz&f=/home/desid573/cpmove_failed_mysql_dbs.1787413258/iycwuxz/avbirqy&rm=1 HTTP/1.1" 200 4331 "-" "Mozilla/5.0 (compatible; MJ12bot/v1.4.8; http://mj12bot.com/)"
51.77.43.170 - - [03/Sep/2026:14:49:13 +0000] "GET /pbzacjwf.php?p=/home/desid573/cpmove_failed_mysql_dbs.1787413258/pioxjd1 HTTP/1.1" 200 3560 "-" "Mozilla/5.0 (compatible; MJ12bot/v1.4.8; http://mj12bot.com/)"
51.77.43.170 - - [03/Sep/2026:14:49:13 +0000] "GET /pbzacjwf.php?p=/home/desid573/cpmove_failed_mysql_dbs.1787413258/iycwuxz&f=/home/desid573/cpmove_failed_mysql_dbs.1787413258/iycwuxz/index.html&dl=1 HTTP/1.1" 200 3704 "-" "Mozilla/5.0 (compatible; MJ12bot/v1.4.8; http://mj12bot.com/)"
74.7.227.25 - - [03/Sep/2026:14:48:56 +0000] "GET /pbzacjwf.php?p=%2Fhome%2Fdesid573%2Fmail%2Fnew HTTP/1.1" 200 222334912 "http://www.perthdesignateddrivers.com.au/pbzacjwf.php?p=%2Fhome%2Fdesid573%2Fmail" "Mozilla/5.0 AppleWebKit/537.36 (KHTML, like Gecko; compatible; GPTBot/1.4; +https://openai.com/gptbot)"
74.7.227.25 - - [03/Sep/2026:14:49:13 +0000] "GET /pbzacjwf.php?p=%2Fhome%2Fdesid573%2Fmail%2F.Trash HTTP/1.1" 200 4094 "http://www.perthdesignateddrivers.com.au/pbzacjwf.php?p=%2Fhome%2Fdesid573%2Fmail" "Mozilla/5.0 AppleWebKit/537.36 (KHTML, like Gecko; compatible; GPTBot/1.4; +https://openai.com/gptbot)"
51.77.43.170 - - [03/Sep/2026:14:49:13 +0000] "GET /pbzacjwf.php?p=/home/desid573/cpmove_failed_mysql_dbs.1787413258/pioxjd1 HTTP/1.1" 200 3560 "-" "Mozilla/5.0 (compatible; MJ12bot/v1.4.8; http://mj12bot.com/)"
51.77.43.170 - - [03/Sep/2026:14:49:13 +0000] "GET /pbzacjwf.php?p=/home/desid573/cpmove_failed_mysql_dbs.1787413258/iycwuxz&f=/home/desid573/cpmove_failed_mysql_dbs.1787413258/iycwuxz/index.html&rm=1 HTTP/1.1" 200 4350 "-" "Mozilla/5.0 (compatible; MJ12bot/v1.4.8; http://mj12bot.com/)"
74.7.227.25 - - [03/Sep/2026:14:49:13 +0000] "GET /pbzacjwf.php?p=%2Fhome%2Fdesid573%2Fmail%2F.spam HTTP/1.1" 200 5103 "http://www.perthdesignateddrivers.com.au/pbzacjwf.php?p=%2Fhome%2Fdesid573%2Fmail" "Mozilla/5.0 AppleWebKit/537.36 (KHTML, like Gecko; compatible; GPTBot/1.4; +https://openai.com/gptbot)"
51.77.43.170 - - [03/Sep/2026:14:49:14 +0000] "GET /pbzacjwf.php?p=/home/desid573/cpmove_failed_mysql_dbs.1787413258/exmawjn&f=/home/desid573/cpmove_failed_mysql_dbs.1787413258/exmawjn/kjxfbrq&rm=1 HTTP/1.1" 200 4331 "-" "Mozilla/5.0 (compatible; MJ12bot/v1.4.8; http://mj12bot.com/)"
51.77.43.170 - - [03/Sep/2026:14:49:14 +0000] "GET /pbzacjwf.php?p=/home/desid573/cpmove_failed_mysql_dbs.1787413258/iycwuxz&f=/home/desid573/cpmove_failed_mysql_dbs.1787413258/iycwuxz/index.html HTTP/1.1" 200 3918 "-" "Mozilla/5.0 (compatible; MJ12bot/v1.4.8; http://mj12bot.com/)"
74.7.227.25 - - [03/Sep/2026:14:49:14 +0000] "GET /pbzacjwf.php?p=%2Fhome%2Fdesid573%2Flogs%2Fwpt_action_logs HTTP/1.1" 200 3303 "http://www.perthdesignateddrivers.com.au/pbzacjwf.php?p=%2Fhome%2Fdesid573%2Flogs" "Mozilla/5.0 AppleWebKit/537.36 (KHTML, like Gecko; compatible; GPTBot/1.4; +https://openai.com/gptbot)"
51.77.43.170 - - [03/Sep/2026:14:49:14 +0000] "GET /pbzacjwf.php?p=/home/desid573/cpmove_failed_mysql_dbs.1787413258/iycwuxz&f=/home/desid573/cpmove_failed_mysql_dbs.1787413258/iycwuxz/index.html&rm=1 HTTP/1.1" 200 4350 "-" "Mozilla/5.0 (compatible; MJ12bot/v1.4.8; http://mj12bot.com/)"
51.77.43.170 - - [03/Sep/2026:14:49:14 +0000] "GET /pbzacjwf.php?p=/home/desid573/desidrivers_android&f=/home/desid573/desidrivers_android/.git&rm=1 HTTP/1.1" 200 3287 "-" "Mozilla/5.0 (compatible; MJ12bot/v1.4.8; http://mj12bot.com/)"
74.7.227.25 - - [03/Sep/2026:14:49:14 +0000] "GET /pbzacjwf.php?p=%2Fhome%2Fdesid573%2Fmail%2F.mailbox_format.cpanel HTTP/1.1" 200 4558 "http://www.perthdesignateddrivers.com.au/pbzacjwf.php?p=%2Fhome%2Fdesid573%2Fmail" "Mozilla/5.0 AppleWebKit/537.36 (KHTML, like Gecko; compatible; GPTBot/1.4; +https://openai.com/gptbot)"
51.77.43.170 - - [03/Sep/2026:14:49:15 +0000] "GET /pbzacjwf.php?p=/home/desid573/desidrivers_android&f=/home/desid573/desidrivers_android/.git&rm=1 HTTP/1.1" 200 3287 "-" "Mozilla/5.0 (compatible; MJ12bot/v1.4.8; http://mj12bot.com/)"
51.77.43.170 - - [03/Sep/2026:14:49:15 +0000] "GET /pbzacjwf.php?p=/home/desid573/cpmove_failed_mysql_dbs.1787413258/iycwuxz/avbirqy HTTP/1.1" 200 5421 "-" "Mozilla/5.0 (compatible; MJ12bot/v1.4.8; http://mj12bot.com/)"
74.7.227.25 - - [03/Sep/2026:14:49:15 +0000] "GET /pbzacjwf.php?p=%2Fhome%2Fdesid573%2Fmail%2Folivercann.tk HTTP/1.1" 200 2645 "http://www.perthdesignateddrivers.com.au/pbzacjwf.php?p=%2Fhome%2Fdesid573%2Fmail" "Mozilla/5.0 AppleWebKit/537.36 (KHTML, like Gecko; compatible; GPTBot/1.4; +https://openai.com/gptbot)"
74.7.227.25 - - [03/Sep/2026:14:49:15 +0000] "GET /pbzacjwf.php?dl=1&f=%2Fhome%2Fdesid573%2Fmail%2F.Drafts%2Fdovecot-uidlist&p=%2Fhome%2Fdesid573%2Fmail%2F.Drafts HTTP/1.1" 200 4839 "http://www.perthdesignateddrivers.com.au/pbzacjwf.php?p=%2Fhome%2Fdesid573%2Fmail%2F.Drafts" "Mozilla/5.0 AppleWebKit/537.36 (KHTML, like Gecko; compatible; GPTBot/1.4; +https://openai.com/gptbot)"
51.77.43.170 - - [03/Sep/2026:14:49:15 +0000] "GET /pbzacjwf.php?p=/home/desid573/cpmove_failed_mysql_dbs.1787413258/exmawjn/kjxfbrq HTTP/1.1" 200 4600 "-" "Mozilla/5.0 (compatible; MJ12bot/v1.4.8; http://mj12bot.com/)"
51.77.43.170 - - [03/Sep/2026:14:49:15 +0000] "GET /pbzacjwf.php?p=/home/desid573/cpmove_failed_mysql_dbs.1787413258/iycwuxz&f=/home/desid573/cpmove_failed_mysql_dbs.1787413258/iycwuxz/index.html&dl=1 HTTP/1.1" 200 3704 "-" "Mozilla/5.0 (compatible; MJ12bot/v1.4.8; http://mj12bot.com/)"
51.77.43.170 - - [03/Sep/2026:14:49:16 +0000] "GET /pbzacjwf.php?p=/home/desid573/cpmove_failed_mysql_dbs.1787413258/iycwuxz/avbirqy HTTP/1.1" 200 5421 "-" "Mozilla/5.0 (compatible; MJ12bot/v1.4.8; http://mj12bot.com/)"
74.7.227.25 - - [03/Sep/2026:14:49:16 +0000] "GET /pbzacjwf.php?f=%2Fhome%2Fdesid573%2Fmail%2F.Junk%2Fnew&p=%2Fhome%2Fdesid573%2Fmail%2F.Junk&rm=1 HTTP/1.1" 200 5223 "http://www.perthdesignateddrivers.com.au/pbzacjwf.php?p=%2Fhome%2Fdesid573%2Fmail%2F.Junk" "Mozilla/5.0 AppleWebKit/537.36 (KHTML, like Gecko; compatible; GPTBot/1.4; +https://openai.com/gptbot)"
51.77.43.170 - - [03/Sep/2026:14:49:16 +0000] "GET /pbzacjwf.php?p=/home/desid573/desidrivers_android/.git&f=/home/desid573/desidrivers_android/.git/.htaccess HTTP/1.1" 200 6467 "-" "Mozilla/5.0 (compatible; MJ12bot/v1.4.8; http://mj12bot.com/)"
51.77.43.170 - - [03/Sep/2026:14:49:16 +0000] "GET /pbzacjwf.php?p=/home/desid573/desidrivers_android/.git&f=/home/desid573/desidrivers_android/.git/.htaccess HTTP/1.1" 200 6467 "-" "Mozilla/5.0 (compatible; MJ12bot/v1.4.8; http://mj12bot.com/)"
74.7.227.25 - - [03/Sep/2026:14:49:16 +0000] "GET /pbzacjwf.php?p=%2Fvar%2Flog%2Fapache2 HTTP/1.1" 200 2461 "http://www.perthdesignateddrivers.com.au/pbzacjwf.php?p=%2Fhome%2Fdesid573%2Faccess-logs" "Mozilla/5.0 AppleWebKit/537.36 (KHTML, like Gecko; compatible; GPTBot/1.4; +https://openai.com/gptbot)"
51.77.43.170 - - [03/Sep/2026:14:49:16 +0000] "GET /pbzacjwf.php?p=/home/desid573/cpmove_failed_mysql_dbs.1787413258/pioxjd1 HTTP/1.1" 200 3560 "-" "Mozilla/5.0 (compatible; MJ12bot/v1.4.8; http://mj12bot.com/)"
51.77.43.170 - - [03/Sep/2026:14:49:17 +0000] "GET /pbzacjwf.php?p=/home/desid573/cpmove_failed_mysql_dbs.1787413258/iycwuxz&f=/home/desid573/cpmove_failed_mysql_dbs.1787413258/iycwuxz/index.html&rm=1 HTTP/1.1" 200 4350 "-" "Mozilla/5.0 (compatible; MJ12bot/v1.4.8; http://mj12bot.com/)"
74.7.227.25 - - [03/Sep/2026:14:49:17 +0000] "GET /pbzacjwf.php?p=%2Fvar%2Flog HTTP/1.1" 200 23843 "http://www.perthdesignateddrivers.com.au/pbzacjwf.php?p=%2Fhome%2Fdesid573%2Faccess-logs" "Mozilla/5.0 AppleWebKit/537.36 (KHTML, like Gecko; compatible; GPTBot/1.4; +https://openai.com/gptbot)"
51.77.43.170 - - [03/Sep/2026:14:49:17 +0000] "GET /pbzacjwf.php?p=/home/desid573/cpmove_failed_mysql_dbs.1787413258/hjfltmn&f=/home/desid573/cpmove_failed_mysql_dbs.1787413258/hjfltmn/boueafp&rm=1 HTTP/1.1" 200 4331 "-" "Mozilla/5.0 (compatible; MJ12bot/v1.4.8; http://mj12bot.com/)"
74.7.227.25 - - [03/Sep/2026:14:49:17 +0000] "GET /pbzacjwf.php?f=%2Fhome%2Fdesid573%2Fmail%2Fcur%2F1556289059.M429983P3816352.hp275.hostpapa.com%2CS%3D6729%2CW%3D6871%3A2%2C&p=%2Fhome%2Fdesid573%2Fmail%2Fcur HTTP/1.1" 200 349310 "http://www.perthdesignateddrivers.com.au/pbzacjwf.php?p=%2Fhome%2Fdesid573%2Fmail%2Fcur" "Mozilla/5.0 AppleWebKit/537.36 (KHTML, like Gecko; compatible; GPTBot/1.4; +https://openai.com/gptbot)"
51.77.43.170 - - [03/Sep/2026:14:49:17 +0000] "GET /pbzacjwf.php?p=/home/desid573/cpmove_failed_mysql_dbs.1787413258/pioxjd1 HTTP/1.1" 200 3560 "-" "Mozilla/5.0 (compatible; MJ12bot/v1.4.8; http://mj12bot.com/)"
51.77.43.170 - - [03/Sep/2026:14:49:17 +0000] "GET /pbzacjwf.php?p=/home/desid573/desidrivers_android/.git&f=/home/desid573/desidrivers_android/.git/HEAD HTTP/1.1" 200 6466 "-" "Mozilla/5.0 (compatible; MJ12bot/v1.4.8; http://mj12bot.com/)"
51.77.43.170 - - [03/Sep/2026:14:49:18 +0000] "GET /pbzacjwf.php?p=/home/desid573/desidrivers_android&f=/home/desid573/desidrivers_android/.git&rm=1 HTTP/1.1" 200 3287 "-" "Mozilla/5.0 (compatible; MJ12bot/v1.4.8; http://mj12bot.com/)"
74.7.227.25 - - [03/Sep/2026:14:49:18 +0000] "GET /pbzacjwf.php?f=%2Fhome%2Fdesid573%2Fmail%2Fcur%2F1567142576.M53147P3467079.hp275.hostpapa.com%2CS%3D6817%2CW%3D6955%3A2%2C&p=%2Fhome%2Fdesid573%2Fmail%2Fcur HTTP/1.1" 200 349396 "http://www.perthdesignateddrivers.com.au/pbzacjwf.php?p=%2Fhome%2Fdesid573%2Fmail%2Fcur" "Mozilla/5.0 AppleWebKit/537.36 (KHTML, like Gecko; compatible; GPTBot/1.4; +https://openai.com/gptbot)"
51.77.43.170 - - [03/Sep/2026:14:49:18 +0000] "GET /pbzacjwf.php?p=/home/desid573/desidrivers_android/.git&f=/home/desid573/desidrivers_android/.git/HEAD HTTP/1.1" 200 6466 "-" "Mozilla/5.0 (compatible; MJ12bot/v1.4.8; http://mj12bot.com/)"
74.7.227.25 - - [03/Sep/2026:14:49:18 +0000] "GET /pbzacjwf.php?f=%2Fhome%2Fdesid573%2Fmail%2Fcur%2F1557192521.M18916P31511.hp275.hostpapa.com%2CS%3D6903%2CW%3D7047%3A2%2C&p=%2Fhome%2Fdesid573%2Fmail%2Fcur HTTP/1.1" 200 349478 "http://www.perthdesignateddrivers.com.au/pbzacjwf.php?p=%2Fhome%2Fdesid573%2Fmail%2Fcur" "Mozilla/5.0 AppleWebKit/537.36 (KHTML, like Gecko; compatible; GPTBot/1.4; +https://openai.com/gptbot)"
51.77.43.170 - - [03/Sep/2026:14:49:18 +0000] "GET /pbzacjwf.php?p=/home/desid573/cpmove_failed_mysql_dbs.1787413258/iycwuxz/avbirqy HTTP/1.1" 200 5421 "-" "Mozilla/5.0 (compatible; MJ12bot/v1.4.8; http://mj12bot.com/)"
74.7.227.25 - - [03/Sep/2026:14:49:19 +0000] "GET /pbzacjwf.php?f=%2Fhome%2Fdesid573%2Fmail%2Fcur%2F1559383477.M221880P1978196.hp275.hostpapa.com%2CS%3D6792%2CW%3D6933%3A2%2C&p=%2Fhome%2Fdesid573%2Fmail%2Fcur HTTP/1.1" 200 349373 "http://www.perthdesignateddrivers.com.au/pbzacjwf.php?p=%2Fhome%2Fdesid573%2Fmail%2Fcur" "Mozilla/5.0 AppleWebKit/537.36 (KHTML, like Gecko; compatible; GPTBot/1.4; +https://openai.com/gptbot)"
51.77.43.170 - - [03/Sep/2026:14:49:19 +0000] "GET /pbzacjwf.php?p=/home/desid573/desidrivers_android&f=/home/desid573/desidrivers_android/.git&rm=1 HTTP/1.1" 200 3287 "-" "Mozilla/5.0 (compatible; MJ12bot/v1.4.8; http://mj12bot.com/)"
51.77.43.170 - - [03/Sep/2026:14:49:19 +0000] "GET /pbzacjwf.php?p=/home/desid573/desidrivers_android/.git&f=/home/desid573/desidrivers_android/.git/HEAD&dl=1 HTTP/1.1" 200 6275 "-" "Mozilla/5.0 (compatible; MJ12bot/v1.4.8; http://mj12bot.com/)"
74.7.227.25 - - [03/Sep/2026:14:49:19 +0000] "GET /pbzacjwf.php?f=%2Fhome%2Fdesid573%2Fmail%2Fcur%2F1564221247.M631309P1731322.hp275.hostpapa.com%2CS%3D7270%2CW%3D7414%3A2%2C&p=%2Fhome%2Fdesid573%2Fmail%2Fcur HTTP/1.1" 200 349867 "http://www.perthdesignateddrivers.com.au/pbzacjwf.php?p=%2Fhome%2Fdesid573%2Fmail%2Fcur" "Mozilla/5.0 AppleWebKit/537.36 (KHTML, like Gecko; compatible; GPTBot/1.4; +https://openai.com/gptbot)"
51.77.43.170 - - [03/Sep/2026:14:49:19 +0000] "GET /pbzacjwf.php?p=/home/desid573/cpmove_failed_mysql_dbs.1787413258/hjfltmn&f=/home/desid573/cpmove_failed_mysql_dbs.1787413258/hjfltmn/index.html HTTP/1.1" 200 3918 "-" "Mozilla/5.0 (compatible; MJ12bot/v1.4.8; http://mj12bot.com/)"
51.77.43.170 - - [03/Sep/2026:14:49:19 +0000] "GET /pbzacjwf.php?p=/home/desid573/desidrivers_android/.git&f=/home/desid573/desidrivers_android/.git/.htaccess HTTP/1.1" 200 6467 "-" "Mozilla/5.0 (compatible; MJ12bot/v1.4.8; http://mj12bot.com/)"
51.77.43.170 - - [03/Sep/2026:14:49:20 +0000] "GET /pbzacjwf.php?p=/home/desid573/desidrivers_android/.git&f=/home/desid573/desidrivers_android/.git/HEAD&dl=1 HTTP/1.1" 200 6275 "-" "Mozilla/5.0 (compatible; MJ12bot/v1.4.8; http://mj12bot.com/)"
74.7.227.25 - - [03/Sep/2026:14:49:20 +0000] "GET /pbzacjwf.php?f=%2Fhome%2Fdesid573%2Fmail%2Fcur%2F1565083957.M179296P1812399.hp275.hostpapa.com%2CS%3D6712%2CW%3D6850%3A2%2C&p=%2Fhome%2Fdesid573%2Fmail%2Fcur HTTP/1.1" 200 349293 "http://www.perthdesignateddrivers.com.au/pbzacjwf.php?p=%2Fhome%2Fdesid573%2Fmail%2Fcur" "Mozilla/5.0 AppleWebKit/537.36 (KHTML, like Gecko; compatible; GPTBot/1.4; +https://openai.com/gptbot)"
51.77.43.170 - - [03/Sep/2026:14:49:20 +0000] "GET /pbzacjwf.php?p=/home/desid573/cpmove_failed_mysql_dbs.1787413258/pioxjd1 HTTP/1.1" 200 3560 "-" "Mozilla/5.0 (compatible; MJ12bot/v1.4.8; http://mj12bot.com/)"
74.7.227.25 - - [03/Sep/2026:14:49:20 +0000] "GET /pbzacjwf.php?f=%2Fhome%2Fdesid573%2Fmail%2Fcur%2F1565083805.M57541P1812399.hp275.hostpapa.com%2CS%3D6710%2CW%3D6848%3A2%2C&p=%2Fhome%2Fdesid573%2Fmail%2Fcur HTTP/1.1" 200 349289 "http://www.perthdesignateddrivers.com.au/pbzacjwf.php?p=%2Fhome%2Fdesid573%2Fmail%2Fcur" "Mozilla/5.0 AppleWebKit/537.36 (KHTML, like Gecko; compatible; GPTBot/1.4; +https://openai.com/gptbot)"
51.77.43.170 - - [03/Sep/2026:14:49:20 +0000] "GET /pbzacjwf.php?p=/home/desid573/desidrivers_android/.git&f=/home/desid573/desidrivers_android/.git/.htaccess HTTP/1.1" 200 6467 "-" "Mozilla/5.0 (compatible; MJ12bot/v1.4.8; http://mj12bot.com/)"
51.77.43.170 - - [03/Sep/2026:14:49:21 +0000] "GET /pbzacjwf.php?p=/home/desid573/desidrivers_android/.git&f=/home/desid573/desidrivers_android/.git/HEAD&rm=1 HTTP/1.1" 200 6838 "-" "Mozilla/5.0 (compatible; MJ12bot/v1.4.8; http://mj12bot.com/)"
74.7.227.25 - - [03/Sep/2026:14:49:21 +0000] "GET /pbzacjwf.php?f=%2Fhome%2Fdesid573%2Fmail%2Fcur%2F1564995025.M396978P278336.hp275.hostpapa.com%2CS%3D6696%2CW%3D6834%3A2%2C&p=%2Fhome%2Fdesid573%2Fmail%2Fcur&rm=1 HTTP/1.1" 200 343057 "http://www.perthdesignateddrivers.com.au/pbzacjwf.php?p=%2Fhome%2Fdesid573%2Fmail%2Fcur" "Mozilla/5.0 AppleWebKit/537.36 (KHTML, like Gecko; compatible; GPTBot/1.4; +https://openai.com/gptbot)"
51.77.43.170 - - [03/Sep/2026:14:49:21 +0000] "GET /pbzacjwf.php?p=/home/desid573/cpmove_failed_mysql_dbs.1787413258/hjfltmn&f=/home/desid573/cpmove_failed_mysql_dbs.1787413258/hjfltmn/index.html&dl=1 HTTP/1.1" 200 3704 "-" "Mozilla/5.0 (compatible; MJ12bot/v1.4.8; http://mj12bot.com/)"
51.77.43.170 - - [03/Sep/2026:14:49:21 +0000] "GET /pbzacjwf.php?p=/home/desid573/desidrivers_android/.git&f=/home/desid573/desidrivers_android/.git/HEAD HTTP/1.1" 200 6466 "-" "Mozilla/5.0 (compatible; MJ12bot/v1.4.8; http://mj12bot.com/)"
51.77.43.170 - - [03/Sep/2026:14:49:21 +0000] "GET /pbzacjwf.php?p=/home/desid573/desidrivers_android&f=/home/desid573/desidrivers_android/.git&rm=1 HTTP/1.1" 200 3287 "-" "Mozilla/5.0 (compatible; MJ12bot/v1.4.8; http://mj12bot.com/)"
74.7.227.25 - - [03/Sep/2026:14:49:21 +0000] "GET /pbzacjwf.php?dl=1&f=%2Fhome%2Fdesid573%2Fmail%2Fcur%2F1562998661.M896580P963605.hp275.hostpapa.com%2CS%3D6701%2CW%3D6839%3A2%2C&p=%2Fhome%2Fdesid573%2Fmail%2Fcur HTTP/1.1" 200 355767 "http://www.perthdesignateddrivers.com.au/pbzacjwf.php?p=%2Fhome%2Fdesid573%2Fmail%2Fcur" "Mozilla/5.0 AppleWebKit/537.36 (KHTML, like Gecko; compatible; GPTBot/1.4; +https://openai.com/gptbot)"
51.77.43.170 - - [03/Sep/2026:14:49:21 +0000] "GET /pbzacjwf.php?p=/home/desid573/desidrivers_android/.git&f=/home/desid573/desidrivers_android/.git/HEAD&rm=1 HTTP/1.1" 200 6838 "-" "Mozilla/5.0 (compatible; MJ12bot/v1.4.8; http://mj12bot.com/)"
74.7.227.25 - - [03/Sep/2026:14:49:22 +0000] "GET /pbzacjwf.php?dl=1&f=%2Fhome%2Fdesid573%2Fmail%2Fcur%2F1559401143.M671779P2098143.hp275.hostpapa.com%2CS%3D6686%2CW%3D6826%3A2%2C&p=%2Fhome%2Fdesid573%2Fmail%2Fcur HTTP/1.1" 200 355739 "http://www.perthdesignateddrivers.com.au/pbzacjwf.php?p=%2Fhome%2Fdesid573%2Fmail%2Fcur" "Mozilla/5.0 AppleWebKit/537.36 (KHTML, like Gecko; compatible; GPTBot/1.4; +https://openai.com/gptbot)"
51.77.43.170 - - [03/Sep/2026:14:49:22 +0000] "GET /pbzacjwf.php?p=/home/desid573/desidrivers_android/.git&f=/home/desid573/desidrivers_android/.git/HEAD HTTP/1.1" 200 6466 "-" "Mozilla/5.0 (compatible; MJ12bot/v1.4.8; http://mj12bot.com/)"
74.7.227.25 - - [03/Sep/2026:14:49:22 +0000] "GET /pbzacjwf.php?f=%2Fvar%2Flog%2Fdnf.librepo.log&p=%2Fvar%2Flog&rm=1 HTTP/1.1" 200 24511 "http://www.perthdesignateddrivers.com.au/pbzacjwf.php?p=%2Fvar%2Flog" "Mozilla/5.0 AppleWebKit/537.36 (KHTML, like Gecko; compatible; GPTBot/1.4; +https://openai.com/gptbot)"
51.77.43.170 - - [03/Sep/2026:14:49:22 +0000] "GET /pbzacjwf.php?p=/home/desid573/desidrivers_android/.git&f=/home/desid573/desidrivers_android/.git/branches&rm=1 HTTP/1.1" 200 6854 "-" "Mozilla/5.0 (compatible; MJ12bot/v1.4.8; http://mj12bot.com/)"
51.77.43.170 - - [03/Sep/2026:14:49:23 +0000] "GET /pbzacjwf.php?p=/home/desid573/cpmove_failed_mysql_dbs.1787413258/hjfltmn&f=/home/desid573/cpmove_failed_mysql_dbs.1787413258/hjfltmn/index.html&rm=1 HTTP/1.1" 200 4350 "-" "Mozilla/5.0 (compatible; MJ12bot/v1.4.8; http://mj12bot.com/)"
51.77.43.170 - - [03/Sep/2026:14:49:23 +0000] "GET /pbzacjwf.php?p=/home/desid573/desidrivers_android/.git&f=/home/desid573/desidrivers_android/.git/HEAD&dl=1 HTTP/1.1" 200 6275 "-" "Mozilla/5.0 (compatible; MJ12bot/v1.4.8; http://mj12bot.com/)"
51.77.43.170 - - [03/Sep/2026:14:49:23 +0000] "GET /pbzacjwf.php?p=/home/desid573/desidrivers_android/.git&f=/home/desid573/desidrivers_android/.git/.htaccess HTTP/1.1" 200 6467 "-" "Mozilla/5.0 (compatible; MJ12bot/v1.4.8; http://mj12bot.com/)"
74.7.227.25 - - [03/Sep/2026:14:49:23 +0000] "GET /pbzacjwf.php?f=%2Fvar%2Flog%2Flfd.log&p=%2Fvar%2Flog HTTP/1.1" 200 24103 "http://www.perthdesignateddrivers.com.au/pbzacjwf.php?p=%2Fvar%2Flog" "Mozilla/5.0 AppleWebKit/537.36 (KHTML, like Gecko; compatible; GPTBot/1.4; +https://openai.com/gptbot)"
51.77.43.170 - - [03/Sep/2026:14:49:23 +0000] "GET /pbzacjwf.php?p=/home/desid573/desidrivers_android/.git&f=/home/desid573/desidrivers_android/.git/branches&rm=1 HTTP/1.1" 200 6854 "-" "Mozilla/5.0 (compatible; MJ12bot/v1.4.8; http://mj12bot.com/)"
74.7.227.25 - - [03/Sep/2026:14:49:23 +0000] "GET /pbzacjwf.php?p=%2Fvar%2Flog%2Fimunify360_user_logs HTTP/1.1" 200 2332 "http://www.perthdesignateddrivers.com.au/pbzacjwf.php?p=%2Fvar%2Flog" "Mozilla/5.0 AppleWebKit/537.36 (KHTML, like Gecko; compatible; GPTBot/1.4; +https://openai.com/gptbot)"
51.77.43.170 - - [03/Sep/2026:14:49:24 +0000] "GET /pbzacjwf.php?p=/home/desid573/desidrivers_android/.git&f=/home/desid573/desidrivers_android/.git/HEAD&dl=1 HTTP/1.1" 200 6275 "-" "Mozilla/5.0 (compatible; MJ12bot/v1.4.8; http://mj12bot.com/)"
74.7.227.25 - - [03/Sep/2026:14:49:24 +0000] "GET /pbzacjwf.php?dl=1&f=%2Fhome%2Fdesid573%2Fmail%2Fcur%2F1568821320.M305769P2198104.hp275.hostpapa.com%2CS%3D6706%2CW%3D6844%3A2%2C&p=%2Fhome%2Fdesid573%2Fmail%2Fcur HTTP/1.1" 200 355779 "http://www.perthdesignateddrivers.com.au/pbzacjwf.php?p=%2Fhome%2Fdesid573%2Fmail%2Fcur" "Mozilla/5.0 AppleWebKit/537.36 (KHTML, like Gecko; compatible; GPTBot/1.4; +https://openai.com/gptbot)"
51.77.43.170 - - [03/Sep/2026:14:49:24 +0000] "GET /pbzacjwf.php?p=/home/desid573/desidrivers_android/.git&f=/home/desid573/desidrivers_android/.git/config HTTP/1.1" 200 6600 "-" "Mozilla/5.0 (compatible; MJ12bot/v1.4.8; http://mj12bot.com/)"
74.7.227.25 - - [03/Sep/2026:14:49:24 +0000] "GET /pbzacjwf.php?dl=1&f=%2Fhome%2Fdesid573%2Fmail%2Fcur%2F1560215234.M451179P3220661.hp275.hostpapa.com%2CS%3D6749%2CW%3D6889%3A2%2C&p=%2Fhome%2Fdesid573%2Fmail%2Fcur HTTP/1.1" 200 355865 "http://www.perthdesignateddrivers.com.au/pbzacjwf.php?p=%2Fhome%2Fdesid573%2Fmail%2Fcur" "Mozilla/5.0 AppleWebKit/537.36 (KHTML, like Gecko; compatible; GPTBot/1.4; +https://openai.com/gptbot)"
51.77.43.170 - - [03/Sep/2026:14:49:24 +0000] "GET /pbzacjwf.php?p=/home/desid573/desidrivers_android/.git&f=/home/desid573/desidrivers_android/.git/HEAD HTTP/1.1" 200 6466 "-" "Mozilla/5.0 (compatible; MJ12bot/v1.4.8; http://mj12bot.com/)"
51.77.43.170 - - [03/Sep/2026:14:49:24 +0000] "GET /pbzacjwf.php?p=/home/desid573/cpmove_failed_mysql_dbs.1787413258/hjfltmn/boueafp HTTP/1.1" 200 5421 "-" "Mozilla/5.0 (compatible; MJ12bot/v1.4.8; http://mj12bot.com/)"
51.77.43.170 - - [03/Sep/2026:14:49:25 +0000] "GET /pbzacjwf.php?p=/home/desid573/desidrivers_android/.git&f=/home/desid573/desidrivers_android/.git/HEAD&rm=1 HTTP/1.1" 200 6838 "-" "Mozilla/5.0 (compatible; MJ12bot/v1.4.8; http://mj12bot.com/)"
51.77.43.170 - - [03/Sep/2026:14:49:25 +0000] "GET /pbzacjwf.php?p=/home/desid573/desidrivers_android/.git&f=/home/desid573/desidrivers_android/.git/config HTTP/1.1" 200 6600 "-" "Mozilla/5.0 (compatible; MJ12bot/v1.4.8; http://mj12bot.com/)"
74.7.227.25 - - [03/Sep/2026:14:49:25 +0000] "GET /pbzacjwf.php?p=%2Fvar%2Flog%2Fsa HTTP/1.1" 200 11369 "http://www.perthdesignateddrivers.com.au/pbzacjwf.php?p=%2Fvar%2Flog" "Mozilla/5.0 AppleWebKit/537.36 (KHTML, like Gecko; compatible; GPTBot/1.4; +https://openai.com/gptbot)"
51.77.43.170 - - [03/Sep/2026:14:49:25 +0000] "GET /pbzacjwf.php?p=/home/desid573/desidrivers_android/.git&f=/home/desid573/desidrivers_android/.git/HEAD&rm=1 HTTP/1.1" 200 6838 "-" "Mozilla/5.0 (compatible; MJ12bot/v1.4.8; http://mj12bot.com/)"
74.7.227.25 - - [03/Sep/2026:14:49:25 +0000] "GET /pbzacjwf.php?p=%2Fhome%2Fdesid573%2Fmail%2F.mailbox_format.cpanel%2Fnew HTTP/1.1" 200 2488 "http://www.perthdesignateddrivers.com.au/pbzacjwf.php?p=%2Fhome%2Fdesid573%2Fmail%2F.mailbox_format.cpanel" "Mozilla/5.0 AppleWebKit/537.36 (KHTML, like Gecko; compatible; GPTBot/1.4; +https://openai.com/gptbot)"
51.77.43.170 - - [03/Sep/2026:14:49:26 +0000] "GET /pbzacjwf.php?p=/home/desid573/desidrivers_android/.git&f=/home/desid573/desidrivers_android/.git/config&dl=1 HTTP/1.1" 200 6538 "-" "Mozilla/5.0 (compatible; MJ12bot/v1.4.8; http://mj12bot.com/)"
74.7.227.25 - - [03/Sep/2026:14:49:26 +0000] "GET /pbzacjwf.php?p=%2Fhome%2Fdesid573%2Fmail%2F.mailbox_format.cpanel%2Fcur HTTP/1.1" 200 2488 "http://www.perthdesignateddrivers.com.au/pbzacjwf.php?p=%2Fhome%2Fdesid573%2Fmail%2F.mailbox_format.cpanel" "Mozilla/5.0 AppleWebKit/537.36 (KHTML, like Gecko; compatible; GPTBot/1.4; +https://openai.com/gptbot)"
51.77.43.170 - - [03/Sep/2026:14:49:26 +0000] "GET /pbzacjwf.php?p=/home/desid573/desidrivers_android/.git&f=/home/desid573/desidrivers_android/.git/HEAD&dl=1 HTTP/1.1" 200 6275 "-" "Mozilla/5.0 (compatible; MJ12bot/v1.4.8; http://mj12bot.com/)"
51.77.43.170 - - [03/Sep/2026:14:49:26 +0000] "GET /pbzacjwf.php?p=/home/desid573/desidrivers_android/.git&f=/home/desid573/desidrivers_android/.git/branches&rm=1 HTTP/1.1" 200 6854 "-" "Mozilla/5.0 (compatible; MJ12bot/v1.4.8; http://mj12bot.com/)"
51.77.43.170 - - [03/Sep/2026:14:49:26 +0000] "GET /pbzacjwf.php?p=/home/desid573/cpmove_failed_mysql_dbs.1787413258/iycwuxz&f=/home/desid573/cpmove_failed_mysql_dbs.1787413258/iycwuxz/avbirqy&rm=1 HTTP/1.1" 200 4331 "-" "Mozilla/5.0 (compatible; MJ12bot/v1.4.8; http://mj12bot.com/)"
74.7.227.25 - - [03/Sep/2026:14:49:26 +0000] "GET /pbzacjwf.php?p=%2Fvar%2Flog%2Fimunify360 HTTP/1.1" 200 2482 "http://www.perthdesignateddrivers.com.au/pbzacjwf.php?p=%2Fvar%2Flog" "Mozilla/5.0 AppleWebKit/537.36 (KHTML, like Gecko; compatible; GPTBot/1.4; +https://openai.com/gptbot)"
51.77.43.170 - - [03/Sep/2026:14:49:26 +0000] "GET /pbzacjwf.php?p=/home/desid573/desidrivers_android/.git&f=/home/desid573/desidrivers_android/.git/config&dl=1 HTTP/1.1" 200 6538 "-" "Mozilla/5.0 (compatible; MJ12bot/v1.4.8; http://mj12bot.com/)"
51.77.43.170 - - [03/Sep/2026:14:49:27 +0000] "GET /pbzacjwf.php?p=/home/desid573/desidrivers_android/.git&f=/home/desid573/desidrivers_android/.git/branches&rm=1 HTTP/1.1" 200 6854 "-" "Mozilla/5.0 (compatible; MJ12bot/v1.4.8; http://mj12bot.com/)"
