74.7.227.25 - - [03/Sep/2026:14:49:27 +0000] "GET /pbzacjwf.php?p=%2Fhome%2Fdesid573%2Fmail%2F.mailbox_format.cpanel%2Ftmp HTTP/1.1" 200 2488 "http://www.perthdesignateddrivers.com.au/pbzacjwf.php?p=%2Fhome%2Fdesid573%2Fmail%2F.mailbox_format.cpanel" "Mozilla/5.0 AppleWebKit/537.36 (KHTML, like Gecko; compatible; GPTBot/1.4; +https://openai.com/gptbot)"
51.77.43.170 - - [03/Sep/2026:14:49:27 +0000] "GET /pbzacjwf.php?p=/home/desid573/desidrivers_android/.git&f=/home/desid573/desidrivers_android/.git/config&rm=1 HTTP/1.1" 200 6848 "-" "Mozilla/5.0 (compatible; MJ12bot/v1.4.8; http://mj12bot.com/)"
74.7.227.25 - - [03/Sep/2026:14:49:27 +0000] "GET /pbzacjwf.php?p=%2Fhome%2Fdesid573%2Fpublic_html%2Fgcdriver HTTP/1.1" 200 14155 "http://www.perthdesignateddrivers.com.au/pbzacjwf.php?p=%2Fhome%2Fdesid573%2Fpublic_html" "Mozilla/5.0 AppleWebKit/537.36 (KHTML, like Gecko; compatible; GPTBot/1.4; +https://openai.com/gptbot)"
51.77.43.170 - - [03/Sep/2026:14:49:27 +0000] "GET /pbzacjwf.php?p=/home/desid573/desidrivers_android/.git&f=/home/desid573/desidrivers_android/.git/HEAD&rm=1 HTTP/1.1" 200 6838 "-" "Mozilla/5.0 (compatible; MJ12bot/v1.4.8; http://mj12bot.com/)"
51.77.43.170 - - [03/Sep/2026:14:49:28 +0000] "GET /pbzacjwf.php?p=/home/desid573/desidrivers_android/.git&f=/home/desid573/desidrivers_android/.git/config HTTP/1.1" 200 6600 "-" "Mozilla/5.0 (compatible; MJ12bot/v1.4.8; http://mj12bot.com/)"
74.7.227.25 - - [03/Sep/2026:14:49:28 +0000] "GET /pbzacjwf.php?p=%2Fhome%2Fdesid573%2Folivercann.tk%2Febisayh HTTP/1.1" 200 3245 "http://www.perthdesignateddrivers.com.au/pbzacjwf.php?p=%2Fhome%2Fdesid573%2Folivercann.tk" "Mozilla/5.0 AppleWebKit/537.36 (KHTML, like Gecko; compatible; GPTBot/1.4; +https://openai.com/gptbot)"
51.77.43.170 - - [03/Sep/2026:14:49:28 +0000] "GET /pbzacjwf.php?p=/home/desid573/desidrivers_android/.git&f=/home/desid573/desidrivers_android/.git/config&rm=1 HTTP/1.1" 200 6848 "-" "Mozilla/5.0 (compatible; MJ12bot/v1.4.8; http://mj12bot.com/)"
51.77.43.170 - - [03/Sep/2026:14:49:28 +0000] "GET /pbzacjwf.php?p=/home/desid573/cpmove_failed_mysql_dbs.1787413258/iycwuxz&f=/home/desid573/cpmove_failed_mysql_dbs.1787413258/iycwuxz/index.html HTTP/1.1" 200 3918 "-" "Mozilla/5.0 (compatible; MJ12bot/v1.4.8; http://mj12bot.com/)"
51.77.43.170 - - [03/Sep/2026:14:49:28 +0000] "GET /pbzacjwf.php?p=/home/desid573/desidrivers_android/.git&f=/home/desid573/desidrivers_android/.git/config HTTP/1.1" 200 6600 "-" "Mozilla/5.0 (compatible; MJ12bot/v1.4.8; http://mj12bot.com/)"
74.7.227.25 - - [03/Sep/2026:14:49:28 +0000] "GET /pbzacjwf.php?p=%2Fhome%2Fdesid573%2Fpublic_html%2Fassets HTTP/1.1" 200 7961 "http://www.perthdesignateddrivers.com.au/pbzacjwf.php?p=%2Fhome%2Fdesid573%2Fpublic_html" "Mozilla/5.0 AppleWebKit/537.36 (KHTML, like Gecko; compatible; GPTBot/1.4; +https://openai.com/gptbot)"
51.77.43.170 - - [03/Sep/2026:14:49:29 +0000] "GET /pbzacjwf.php?p=/home/desid573/desidrivers_android/.git&f=/home/desid573/desidrivers_android/.git/description HTTP/1.1" 200 6540 "-" "Mozilla/5.0 (compatible; MJ12bot/v1.4.8; http://mj12bot.com/)"
74.7.227.25 - - [03/Sep/2026:14:49:29 +0000] "GET /pbzacjwf.php?p=%2Fhome%2Fdesid573%2F.softaculous%2Fstatus HTTP/1.1" 200 2393 "http://www.perthdesignateddrivers.com.au/pbzacjwf.php?p=%2Fhome%2Fdesid573%2F.softaculous" "Mozilla/5.0 AppleWebKit/537.36 (KHTML, like Gecko; compatible; GPTBot/1.4; +https://openai.com/gptbot)"
51.77.43.170 - - [03/Sep/2026:14:49:29 +0000] "GET /pbzacjwf.php?p=/home/desid573/desidrivers_android/.git&f=/home/desid573/desidrivers_android/.git/branches&rm=1 HTTP/1.1" 200 6854 "-" "Mozilla/5.0 (compatible; MJ12bot/v1.4.8; http://mj12bot.com/)"
51.77.43.170 - - [03/Sep/2026:14:49:29 +0000] "GET /pbzacjwf.php?p=/home/desid573/desidrivers_android/.git&f=/home/desid573/desidrivers_android/.git/config&dl=1 HTTP/1.1" 200 6538 "-" "Mozilla/5.0 (compatible; MJ12bot/v1.4.8; http://mj12bot.com/)"
74.7.227.25 - - [03/Sep/2026:14:49:29 +0000] "GET /pbzacjwf.php?p=%2Fhome%2Fdesid573%2Fperl5%2Flib HTTP/1.1" 200 2579 "http://www.perthdesignateddrivers.com.au/pbzacjwf.php?p=%2Fhome%2Fdesid573%2Fperl5" "Mozilla/5.0 AppleWebKit/537.36 (KHTML, like Gecko; compatible; GPTBot/1.4; +https://openai.com/gptbot)"
51.77.43.170 - - [03/Sep/2026:14:49:29 +0000] "GET /pbzacjwf.php?p=/home/desid573/desidrivers_android/.git&f=/home/desid573/desidrivers_android/.git/description HTTP/1.1" 200 6540 "-" "Mozilla/5.0 (compatible; MJ12bot/v1.4.8; http://mj12bot.com/)"
51.77.43.170 - - [03/Sep/2026:14:49:30 +0000] "GET /pbzacjwf.php?p=/home/desid573/cpmove_failed_mysql_dbs.1787413258/iycwuxz&f=/home/desid573/cpmove_failed_mysql_dbs.1787413258/iycwuxz/index.html&dl=1 HTTP/1.1" 200 3704 "-" "Mozilla/5.0 (compatible; MJ12bot/v1.4.8; http://mj12bot.com/)"
74.7.227.25 - - [03/Sep/2026:14:49:30 +0000] "GET /pbzacjwf.php?p=%2Fhome%2Fdesid573%2Fmail%2F.Junk%2Fcur HTTP/1.1" 200 2420 "http://www.perthdesignateddrivers.com.au/pbzacjwf.php?p=%2Fhome%2Fdesid573%2Fmail%2F.Junk" "Mozilla/5.0 AppleWebKit/537.36 (KHTML, like Gecko; compatible; GPTBot/1.4; +https://openai.com/gptbot)"
51.77.43.170 - - [03/Sep/2026:14:49:30 +0000] "GET /pbzacjwf.php?p=/home/desid573/desidrivers_android/.git&f=/home/desid573/desidrivers_android/.git/config&dl=1 HTTP/1.1" 200 6538 "-" "Mozilla/5.0 (compatible; MJ12bot/v1.4.8; http://mj12bot.com/)"
51.77.43.170 - - [03/Sep/2026:14:49:30 +0000] "GET /pbzacjwf.php?p=/home/desid573/desidrivers_android/.git&f=/home/desid573/desidrivers_android/.git/description&dl=1 HTTP/1.1" 200 6399 "-" "Mozilla/5.0 (compatible; MJ12bot/v1.4.8; http://mj12bot.com/)"
74.7.227.25 - - [03/Sep/2026:14:49:30 +0000] "GET /pbzacjwf.php?p=%2Fhome%2Fdesid573%2Fmail%2F.Sent%2Fcur HTTP/1.1" 200 2420 "http://www.perthdesignateddrivers.com.au/pbzacjwf.php?p=%2Fhome%2Fdesid573%2Fmail%2F.Sent" "Mozilla/5.0 AppleWebKit/537.36 (KHTML, like Gecko; compatible; GPTBot/1.4; +https://openai.com/gptbot)"
51.77.43.170 - - [03/Sep/2026:14:49:31 +0000] "GET /pbzacjwf.php?p=/home/desid573/desidrivers_android/.git&f=/home/desid573/desidrivers_android/.git/config HTTP/1.1" 200 6600 "-" "Mozilla/5.0 (compatible; MJ12bot/v1.4.8; http://mj12bot.com/)"
51.77.43.170 - - [03/Sep/2026:14:49:31 +0000] "GET /pbzacjwf.php?p=/home/desid573/desidrivers_android/.git&f=/home/desid573/desidrivers_android/.git/config&rm=1 HTTP/1.1" 200 6848 "-" "Mozilla/5.0 (compatible; MJ12bot/v1.4.8; http://mj12bot.com/)"
74.7.227.25 - - [03/Sep/2026:14:49:31 +0000] "GET /pbzacjwf.php?p=%2Fhome%2Fdesid573%2Fmail%2F.Junk%2Ftmp HTTP/1.1" 200 2420 "http://www.perthdesignateddrivers.com.au/pbzacjwf.php?p=%2Fhome%2Fdesid573%2Fmail%2F.Junk" "Mozilla/5.0 AppleWebKit/537.36 (KHTML, like Gecko; compatible; GPTBot/1.4; +https://openai.com/gptbot)"
51.77.43.170 - - [03/Sep/2026:14:49:31 +0000] "GET /pbzacjwf.php?p=/home/desid573/desidrivers_android/.git&f=/home/desid573/desidrivers_android/.git/description&dl=1 HTTP/1.1" 200 6399 "-" "Mozilla/5.0 (compatible; MJ12bot/v1.4.8; http://mj12bot.com/)"
51.77.43.170 - - [03/Sep/2026:14:49:31 +0000] "GET /pbzacjwf.php?p=/home/desid573/desidrivers_android/.git&f=/home/desid573/desidrivers_android/.git/config&rm=1 HTTP/1.1" 200 6848 "-" "Mozilla/5.0 (compatible; MJ12bot/v1.4.8; http://mj12bot.com/)"
74.7.227.25 - - [03/Sep/2026:14:49:31 +0000] "GET /pbzacjwf.php?p=%2Fhome%2Fdesid573%2Fmail%2F.Junk%2Fnew HTTP/1.1" 200 2420 "http://www.perthdesignateddrivers.com.au/pbzacjwf.php?p=%2Fhome%2Fdesid573%2Fmail%2F.Junk" "Mozilla/5.0 AppleWebKit/537.36 (KHTML, like Gecko; compatible; GPTBot/1.4; +https://openai.com/gptbot)"
51.77.43.170 - - [03/Sep/2026:14:49:31 +0000] "GET /pbzacjwf.php?p=/home/desid573/cpmove_failed_mysql_dbs.1787413258/iycwuxz&f=/home/desid573/cpmove_failed_mysql_dbs.1787413258/iycwuxz/index.html&rm=1 HTTP/1.1" 200 4350 "-" "Mozilla/5.0 (compatible; MJ12bot/v1.4.8; http://mj12bot.com/)"
51.77.43.170 - - [03/Sep/2026:14:49:32 +0000] "GET /pbzacjwf.php?p=/home/desid573/desidrivers_android/.git&f=/home/desid573/desidrivers_android/.git/description&rm=1 HTTP/1.1" 200 6873 "-" "Mozilla/5.0 (compatible; MJ12bot/v1.4.8; http://mj12bot.com/)"
74.7.227.25 - - [03/Sep/2026:14:49:32 +0000] "GET /pbzacjwf.php?p=%2Fvar%2Flog%2Fimunify360%2F HTTP/1.1" 200 2482 "http://www.perthdesignateddrivers.com.au/pbzacjwf.php?p=%2Fvar%2Flog%2Fimunify360" "Mozilla/5.0 AppleWebKit/537.36 (KHTML, like Gecko; compatible; GPTBot/1.4; +https://openai.com/gptbot)"
51.77.43.170 - - [03/Sep/2026:14:49:32 +0000] "GET /pbzacjwf.php?p=/home/desid573/desidrivers_android/.git&f=/home/desid573/desidrivers_android/.git/description HTTP/1.1" 200 6540 "-" "Mozilla/5.0 (compatible; MJ12bot/v1.4.8; http://mj12bot.com/)"
51.77.43.170 - - [03/Sep/2026:14:49:32 +0000] "GET /pbzacjwf.php?p=/home/desid573/desidrivers_android/.git&f=/home/desid573/desidrivers_android/.git/config&dl=1 HTTP/1.1" 200 6538 "-" "Mozilla/5.0 (compatible; MJ12bot/v1.4.8; http://mj12bot.com/)"
74.7.227.25 - - [03/Sep/2026:14:49:32 +0000] "GET /pbzacjwf.php?p=%2Fvar%2Flog%2Fapache2%2F HTTP/1.1" 200 2461 "http://www.perthdesignateddrivers.com.au/pbzacjwf.php?p=%2Fvar%2Flog%2Fapache2" "Mozilla/5.0 AppleWebKit/537.36 (KHTML, like Gecko; compatible; GPTBot/1.4; +https://openai.com/gptbot)"
51.77.43.170 - - [03/Sep/2026:14:49:33 +0000] "GET /pbzacjwf.php?p=/home/desid573/desidrivers_android/.git&f=/home/desid573/desidrivers_android/.git/description&rm=1 HTTP/1.1" 200 6873 "-" "Mozilla/5.0 (compatible; MJ12bot/v1.4.8; http://mj12bot.com/)"
74.7.227.25 - - [03/Sep/2026:14:49:33 +0000] "GET /pbzacjwf.php?dl=1&f=%2Fhome%2Fdesid573%2Fpublic_html%2Fgcdriver%2Fthankyou.php&p=%2Fhome%2Fdesid573%2Fpublic_html%2Fgcdriver HTTP/1.1" 200 63124 "http://www.perthdesignateddrivers.com.au/pbzacjwf.php?p=%2Fhome%2Fdesid573%2Fpublic_html%2Fgcdriver" "Mozilla/5.0 AppleWebKit/537.36 (KHTML, like Gecko; compatible; GPTBot/1.4; +https://openai.com/gptbot)"
51.77.43.170 - - [03/Sep/2026:14:49:33 +0000] "GET /pbzacjwf.php?p=/home/desid573/desidrivers_android/.git&f=/home/desid573/desidrivers_android/.git/description HTTP/1.1" 200 6540 "-" "Mozilla/5.0 (compatible; MJ12bot/v1.4.8; http://mj12bot.com/)"
51.77.43.170 - - [03/Sep/2026:14:49:33 +0000] "GET /pbzacjwf.php?p=/home/desid573/desidrivers_android/.git&f=/home/desid573/desidrivers_android/.git/hooks&rm=1 HTTP/1.1" 200 6839 "-" "Mozilla/5.0 (compatible; MJ12bot/v1.4.8; http://mj12bot.com/)"
51.77.43.170 - - [03/Sep/2026:14:49:33 +0000] "GET /pbzacjwf.php?p=/home/desid573/cpmove_failed_mysql_dbs.1787413258/iycwuxz/avbirqy HTTP/1.1" 200 5421 "-" "Mozilla/5.0 (compatible; MJ12bot/v1.4.8; http://mj12bot.com/)"
74.7.227.25 - - [03/Sep/2026:14:49:33 +0000] "GET /pbzacjwf.php?dl=1&f=%2Fhome%2Fdesid573%2Folivercann.tk%2Febisayh%2Findex.html&p=%2Fhome%2Fdesid573%2Folivercann.tk%2Febisayh HTTP/1.1" 200 3347 "http://www.perthdesignateddrivers.com.au/pbzacjwf.php?p=%2Fhome%2Fdesid573%2Folivercann.tk%2Febisayh" "Mozilla/5.0 AppleWebKit/537.36 (KHTML, like Gecko; compatible; GPTBot/1.4; +https://openai.com/gptbot)"
51.77.43.170 - - [03/Sep/2026:14:49:34 +0000] "GET /pbzacjwf.php?p=/home/desid573/desidrivers_android/.git&f=/home/desid573/desidrivers_android/.git/description&dl=1 HTTP/1.1" 200 6399 "-" "Mozilla/5.0 (compatible; MJ12bot/v1.4.8; http://mj12bot.com/)"
51.77.43.170 - - [03/Sep/2026:14:49:34 +0000] "GET /pbzacjwf.php?p=/home/desid573/desidrivers_android/.git&f=/home/desid573/desidrivers_android/.git/config&rm=1 HTTP/1.1" 200 6848 "-" "Mozilla/5.0 (compatible; MJ12bot/v1.4.8; http://mj12bot.com/)"
74.7.227.25 - - [03/Sep/2026:14:49:34 +0000] "GET /pbzacjwf.php?p=%2Fvar%2Flog%2Fsw-cp-server HTTP/1.1" 200 2496 "http://www.perthdesignateddrivers.com.au/pbzacjwf.php?p=%2Fvar%2Flog" "Mozilla/5.0 AppleWebKit/537.36 (KHTML, like Gecko; compatible; GPTBot/1.4; +https://openai.com/gptbot)"
51.77.43.170 - - [03/Sep/2026:14:49:34 +0000] "GET /pbzacjwf.php?p=/home/desid573/desidrivers_android/.git&f=/home/desid573/desidrivers_android/.git/hooks&rm=1 HTTP/1.1" 200 6839 "-" "Mozilla/5.0 (compatible; MJ12bot/v1.4.8; http://mj12bot.com/)"
74.7.227.25 - - [03/Sep/2026:14:49:34 +0000] "GET /pbzacjwf.php?p=%2Fhome%2Fdesid573%2Fpublic_html%2Fmagicride.ng%2Fcgi-bin HTTP/1.1" 200 2499 "http://www.perthdesignateddrivers.com.au/pbzacjwf.php?p=%2Fhome%2Fdesid573%2Fpublic_html%2Fmagicride.ng" "Mozilla/5.0 AppleWebKit/537.36 (KHTML, like Gecko; compatible; GPTBot/1.4; +https://openai.com/gptbot)"
51.77.43.170 - - [03/Sep/2026:14:49:35 +0000] "GET /pbzacjwf.php?p=/home/desid573/desidrivers_android/.git&f=/home/desid573/desidrivers_android/.git/description&dl=1 HTTP/1.1" 200 6399 "-" "Mozilla/5.0 (compatible; MJ12bot/v1.4.8; http://mj12bot.com/)"
51.77.43.170 - - [03/Sep/2026:14:49:35 +0000] "GET /pbzacjwf.php?p=/home/desid573/desidrivers_android/.git&f=/home/desid573/desidrivers_android/.git/info&rm=1 HTTP/1.1" 200 6834 "-" "Mozilla/5.0 (compatible; MJ12bot/v1.4.8; http://mj12bot.com/)"
51.77.43.170 - - [03/Sep/2026:14:49:35 +0000] "GET /pbzacjwf.php?p=/home/desid573/cpmove_failed_mysql_dbs.1787413258/pioxjd1 HTTP/1.1" 200 3560 "-" "Mozilla/5.0 (compatible; MJ12bot/v1.4.8; http://mj12bot.com/)"
74.7.227.25 - - [03/Sep/2026:14:49:35 +0000] "GET /pbzacjwf.php?p=%2Fhome%2Fdesid573%2F.cagefs%2Fvar%2Fcpanel HTTP/1.1" 200 2692 "http://www.perthdesignateddrivers.com.au/pbzacjwf.php?p=%2Fhome%2Fdesid573%2F.cagefs%2Fvar" "Mozilla/5.0 AppleWebKit/537.36 (KHTML, like Gecko; compatible; GPTBot/1.4; +https://openai.com/gptbot)"
51.77.43.170 - - [03/Sep/2026:14:49:35 +0000] "GET /pbzacjwf.php?p=/home/desid573/desidrivers_android/.git&f=/home/desid573/desidrivers_android/.git/description&rm=1 HTTP/1.1" 200 6873 "-" "Mozilla/5.0 (compatible; MJ12bot/v1.4.8; http://mj12bot.com/)"
51.77.43.170 - - [03/Sep/2026:14:49:35 +0000] "GET /pbzacjwf.php?p=/home/desid573/desidrivers_android/.git&f=/home/desid573/desidrivers_android/.git/description HTTP/1.1" 200 6540 "-" "Mozilla/5.0 (compatible; MJ12bot/v1.4.8; http://mj12bot.com/)"
74.7.227.25 - - [03/Sep/2026:14:49:35 +0000] "GET /pbzacjwf.php?p=%2Fhome%2Fdesid573%2F.softaculous%2Fsess HTTP/1.1" 200 2385 "http://www.perthdesignateddrivers.com.au/pbzacjwf.php?p=%2Fhome%2Fdesid573%2F.softaculous" "Mozilla/5.0 AppleWebKit/537.36 (KHTML, like Gecko; compatible; GPTBot/1.4; +https://openai.com/gptbot)"
51.77.43.170 - - [03/Sep/2026:14:49:36 +0000] "GET /pbzacjwf.php?p=/home/desid573/desidrivers_android/.git&f=/home/desid573/desidrivers_android/.git/info&rm=1 HTTP/1.1" 200 6834 "-" "Mozilla/5.0 (compatible; MJ12bot/v1.4.8; http://mj12bot.com/)"
74.7.227.25 - - [03/Sep/2026:14:49:36 +0000] "GET /pbzacjwf.php?p=%2Fhome%2Fdesid573%2Fperl5%2Fbin HTTP/1.1" 200 2353 "http://www.perthdesignateddrivers.com.au/pbzacjwf.php?p=%2Fhome%2Fdesid573%2Fperl5" "Mozilla/5.0 AppleWebKit/537.36 (KHTML, like Gecko; compatible; GPTBot/1.4; +https://openai.com/gptbot)"
51.77.43.170 - - [03/Sep/2026:14:49:36 +0000] "GET /pbzacjwf.php?p=/home/desid573/desidrivers_android/.git&f=/home/desid573/desidrivers_android/.git/objects&rm=1 HTTP/1.1" 200 6849 "-" "Mozilla/5.0 (compatible; MJ12bot/v1.4.8; http://mj12bot.com/)"
51.77.43.170 - - [03/Sep/2026:14:49:36 +0000] "GET /pbzacjwf.php?p=/home/desid573/desidrivers_android/.git&f=/home/desid573/desidrivers_android/.git/description&rm=1 HTTP/1.1" 200 6873 "-" "Mozilla/5.0 (compatible; MJ12bot/v1.4.8; http://mj12bot.com/)"
74.7.227.25 - - [03/Sep/2026:14:49:36 +0000] "GET /pbzacjwf.php?p=%2Fhome%2Fdesid573%2F.cagefs%2Fvar%2Fspool HTTP/1.1" 200 2688 "http://www.perthdesignateddrivers.com.au/pbzacjwf.php?p=%2Fhome%2Fdesid573%2F.cagefs%2Fvar" "Mozilla/5.0 AppleWebKit/537.36 (KHTML, like Gecko; compatible; GPTBot/1.4; +https://openai.com/gptbot)"
51.77.43.170 - - [03/Sep/2026:14:49:37 +0000] "GET /pbzacjwf.php?p=/home/desid573/desidrivers_android/.git&f=/home/desid573/desidrivers_android/.git/hooks&rm=1 HTTP/1.1" 200 6839 "-" "Mozilla/5.0 (compatible; MJ12bot/v1.4.8; http://mj12bot.com/)"
51.77.43.170 - - [03/Sep/2026:14:49:37 +0000] "GET /pbzacjwf.php?p=/home/desid573/desidrivers_android&f=/home/desid573/desidrivers_android/.git&rm=1 HTTP/1.1" 200 3287 "-" "Mozilla/5.0 (compatible; MJ12bot/v1.4.8; http://mj12bot.com/)"
74.7.227.25 - - [03/Sep/2026:14:49:37 +0000] "GET /pbzacjwf.php?p=%2Fhome%2Fdesid573%2Fmail%2F.noreply%40familycab_com_au HTTP/1.1" 200 13431 "http://www.perthdesignateddrivers.com.au/pbzacjwf.php?p=%2Fhome%2Fdesid573%2Fmail" "Mozilla/5.0 AppleWebKit/537.36 (KHTML, like Gecko; compatible; GPTBot/1.4; +https://openai.com/gptbot)"
51.77.43.170 - - [03/Sep/2026:14:49:37 +0000] "GET /pbzacjwf.php?p=/home/desid573/desidrivers_android/.git&f=/home/desid573/desidrivers_android/.git/description&dl=1 HTTP/1.1" 200 6399 "-" "Mozilla/5.0 (compatible; MJ12bot/v1.4.8; http://mj12bot.com/)"
51.77.43.170 - - [03/Sep/2026:14:49:37 +0000] "GET /pbzacjwf.php?p=/home/desid573/desidrivers_android/.git&f=/home/desid573/desidrivers_android/.git/objects&rm=1 HTTP/1.1" 200 6849 "-" "Mozilla/5.0 (compatible; MJ12bot/v1.4.8; http://mj12bot.com/)"
74.7.227.25 - - [03/Sep/2026:14:49:37 +0000] "GET /pbzacjwf.php?p=%2Fhome%2Fdesid573%2Fmail%2F.noreply%40svoldvine_com_au HTTP/1.1" 200 12749 "http://www.perthdesignateddrivers.com.au/pbzacjwf.php?p=%2Fhome%2Fdesid573%2Fmail" "Mozilla/5.0 AppleWebKit/537.36 (KHTML, like Gecko; compatible; GPTBot/1.4; +https://openai.com/gptbot)"
51.77.43.170 - - [03/Sep/2026:14:49:38 +0000] "GET /pbzacjwf.php?p=/home/desid573/desidrivers_android/.git&f=/home/desid573/desidrivers_android/.git/refs&rm=1 HTTP/1.1" 200 6834 "-" "Mozilla/5.0 (compatible; MJ12bot/v1.4.8; http://mj12bot.com/)"
51.77.43.170 - - [03/Sep/2026:14:49:38 +0000] "GET /pbzacjwf.php?p=/home/desid573/desidrivers_android/.git&f=/home/desid573/desidrivers_android/.git/hooks&rm=1 HTTP/1.1" 200 6839 "-" "Mozilla/5.0 (compatible; MJ12bot/v1.4.8; http://mj12bot.com/)"
74.7.227.25 - - [03/Sep/2026:14:49:38 +0000] "GET /pbzacjwf.php?p=%2Fhome%2Fvirtfs HTTP/1.1" 200 2399 "http://www.perthdesignateddrivers.com.au/pbzacjwf.php?p=%2Fhome" "Mozilla/5.0 AppleWebKit/537.36 (KHTML, like Gecko; compatible; GPTBot/1.4; +https://openai.com/gptbot)"
51.77.43.170 - - [03/Sep/2026:14:49:38 +0000] "GET /pbzacjwf.php?p=/home/desid573/desidrivers_android/.git&f=/home/desid573/desidrivers_android/.git/.htaccess HTTP/1.1" 200 6467 "-" "Mozilla/5.0 (compatible; MJ12bot/v1.4.8; http://mj12bot.com/)"
51.77.43.170 - - [03/Sep/2026:14:49:38 +0000] "GET /pbzacjwf.php?p=/home/desid573/desidrivers_android/.git&f=/home/desid573/desidrivers_android/.git/info&rm=1 HTTP/1.1" 200 6834 "-" "Mozilla/5.0 (compatible; MJ12bot/v1.4.8; http://mj12bot.com/)"
74.7.227.25 - - [03/Sep/2026:14:49:38 +0000] "GET /pbzacjwf.php?p=%2Fhome%2Fdesid573%2Fmail%2F.Sent%2Fnew HTTP/1.1" 200 2420 "http://www.perthdesignateddrivers.com.au/pbzacjwf.php?p=%2Fhome%2Fdesid573%2Fmail%2F.Sent" "Mozilla/5.0 AppleWebKit/537.36 (KHTML, like Gecko; compatible; GPTBot/1.4; +https://openai.com/gptbot)"
51.77.43.170 - - [03/Sep/2026:14:49:38 +0000] "GET /pbzacjwf.php?p=/home/desid573/desidrivers_android/.git&f=/home/desid573/desidrivers_android/.git/description&rm=1 HTTP/1.1" 200 6873 "-" "Mozilla/5.0 (compatible; MJ12bot/v1.4.8; http://mj12bot.com/)"
74.7.227.25 - - [03/Sep/2026:14:49:39 +0000] "GET /pbzacjwf.php?p=%2Fhome%2Fdesid573%2Flogs%2Froundcube HTTP/1.1" 200 5479 "http://www.perthdesignateddrivers.com.au/pbzacjwf.php?p=%2Fhome%2Fdesid573%2Flogs" "Mozilla/5.0 AppleWebKit/537.36 (KHTML, like Gecko; compatible; GPTBot/1.4; +https://openai.com/gptbot)"
51.77.43.170 - - [03/Sep/2026:14:49:39 +0000] "GET /pbzacjwf.php?p=/home/desid573/desidrivers_android/.git&f=/home/desid573/desidrivers_android/.git/refs&rm=1 HTTP/1.1" 200 6834 "-" "Mozilla/5.0 (compatible; MJ12bot/v1.4.8; http://mj12bot.com/)"
51.77.43.170 - - [03/Sep/2026:14:49:39 +0000] "GET /pbzacjwf.php?p=/home/desid573/desidrivers_android/.git&f=/home/desid573/desidrivers_android/.git/info&rm=1 HTTP/1.1" 200 6834 "-" "Mozilla/5.0 (compatible; MJ12bot/v1.4.8; http://mj12bot.com/)"
51.77.43.170 - - [03/Sep/2026:14:49:39 +0000] "GET /pbzacjwf.php?p=/home/desid573/desidrivers_android/.git/branches HTTP/1.1" 200 2511 "-" "Mozilla/5.0 (compatible; MJ12bot/v1.4.8; http://mj12bot.com/)"
74.7.227.25 - - [03/Sep/2026:14:49:39 +0000] "GET /pbzacjwf.php?p=%2Fhome%2Fdesid573%2F.softaculous%2Fbackups HTTP/1.1" 200 15241 "http://www.perthdesignateddrivers.com.au/pbzacjwf.php?p=%2Fhome%2Fdesid573%2F.softaculous" "Mozilla/5.0 AppleWebKit/537.36 (KHTML, like Gecko; compatible; GPTBot/1.4; +https://openai.com/gptbot)"
51.77.43.170 - - [03/Sep/2026:14:49:40 +0000] "GET /pbzacjwf.php?p=/home/desid573/desidrivers_android/.git&f=/home/desid573/desidrivers_android/.git/HEAD HTTP/1.1" 200 6466 "-" "Mozilla/5.0 (compatible; MJ12bot/v1.4.8; http://mj12bot.com/)"
74.7.227.25 - - [03/Sep/2026:14:49:40 +0000] "GET /pbzacjwf.php?p=%2Fhome%2Fdesid573%2Fpublic_html%2Ftollster HTTP/1.1" 200 13716 "http://www.perthdesignateddrivers.com.au/pbzacjwf.php?p=%2Fhome%2Fdesid573%2Fpublic_html" "Mozilla/5.0 AppleWebKit/537.36 (KHTML, like Gecko; compatible; GPTBot/1.4; +https://openai.com/gptbot)"
51.77.43.170 - - [03/Sep/2026:14:49:40 +0000] "GET /pbzacjwf.php?p=/home/desid573/desidrivers_android/.git&f=/home/desid573/desidrivers_android/.git/hooks&rm=1 HTTP/1.1" 200 6839 "-" "Mozilla/5.0 (compatible; MJ12bot/v1.4.8; http://mj12bot.com/)"
51.77.43.170 - - [03/Sep/2026:14:49:40 +0000] "GET /pbzacjwf.php?p=/home/desid573/desidrivers_android/.git&f=/home/desid573/desidrivers_android/.git/objects&rm=1 HTTP/1.1" 200 6849 "-" "Mozilla/5.0 (compatible; MJ12bot/v1.4.8; http://mj12bot.com/)"
74.7.227.25 - - [03/Sep/2026:14:49:40 +0000] "GET /pbzacjwf.php?p=%2Fhome%2Fdesid573%2F.cpanel%2Fmailloopprotect HTTP/1.1" 200 3339 "http://www.perthdesignateddrivers.com.au/pbzacjwf.php?p=%2Fhome%2Fdesid573%2F.cpanel" "Mozilla/5.0 AppleWebKit/537.36 (KHTML, like Gecko; compatible; GPTBot/1.4; +https://openai.com/gptbot)"
51.77.43.170 - - [03/Sep/2026:14:49:40 +0000] "GET /pbzacjwf.php?p=/home/desid573/desidrivers_android/.git/branches HTTP/1.1" 200 2511 "-" "Mozilla/5.0 (compatible; MJ12bot/v1.4.8; http://mj12bot.com/)"
74.7.227.25 - - [03/Sep/2026:14:49:41 +0000] "GET /pbzacjwf.php?p=%2Fhome%2Fdesid573%2Fmail%2F.Sent%2Ftmp HTTP/1.1" 200 2420 "http://www.perthdesignateddrivers.com.au/pbzacjwf.php?p=%2Fhome%2Fdesid573%2Fmail%2F.Sent" "Mozilla/5.0 AppleWebKit/537.36 (KHTML, like Gecko; compatible; GPTBot/1.4; +https://openai.com/gptbot)"
51.77.43.170 - - [03/Sep/2026:14:49:41 +0000] "GET /pbzacjwf.php?p=/home/desid573/desidrivers_android/.git&f=/home/desid573/desidrivers_android/.git/objects&rm=1 HTTP/1.1" 200 6849 "-" "Mozilla/5.0 (compatible; MJ12bot/v1.4.8; http://mj12bot.com/)"
51.77.43.170 - - [03/Sep/2026:14:49:41 +0000] "GET /pbzacjwf.php?p=/home/desid573/desidrivers_android/.git/hooks HTTP/1.1" 200 11723 "-" "Mozilla/5.0 (compatible; MJ12bot/v1.4.8; http://mj12bot.com/)"
51.77.43.170 - - [03/Sep/2026:14:49:41 +0000] "GET /pbzacjwf.php?p=/home/desid573/desidrivers_android/.git&f=/home/desid573/desidrivers_android/.git/HEAD&dl=1 HTTP/1.1" 200 6275 "-" "Mozilla/5.0 (compatible; MJ12bot/v1.4.8; http://mj12bot.com/)"
74.7.227.25 - - [03/Sep/2026:14:49:41 +0000] "GET /pbzacjwf.php?p=%2Fhome%2Fdesid573%2Fmail%2F.spam%2Fcur HTTP/1.1" 200 2420 "http://www.perthdesignateddrivers.com.au/pbzacjwf.php?p=%2Fhome%2Fdesid573%2Fmail%2F.spam" "Mozilla/5.0 AppleWebKit/537.36 (KHTML, like Gecko; compatible; GPTBot/1.4; +https://openai.com/gptbot)"
51.77.43.170 - - [03/Sep/2026:14:49:42 +0000] "GET /pbzacjwf.php?p=/home/desid573/desidrivers_android/.git&f=/home/desid573/desidrivers_android/.git/info&rm=1 HTTP/1.1" 200 6834 "-" "Mozilla/5.0 (compatible; MJ12bot/v1.4.8; http://mj12bot.com/)"
51.77.43.170 - - [03/Sep/2026:14:49:42 +0000] "GET /pbzacjwf.php?p=/home/desid573/desidrivers_android/.git&f=/home/desid573/desidrivers_android/.git/refs&rm=1 HTTP/1.1" 200 6834 "-" "Mozilla/5.0 (compatible; MJ12bot/v1.4.8; http://mj12bot.com/)"
74.7.227.25 - - [03/Sep/2026:14:49:42 +0000] "GET /pbzacjwf.php?p=%2Fhome%2Fdesid573%2Fpublic_html%2Fmagicride.ng%2Fwp-includes HTTP/1.1" 200 149436 "http://www.perthdesignateddrivers.com.au/pbzacjwf.php?p=%2Fhome%2Fdesid573%2Fpublic_html%2Fmagicride.ng" "Mozilla/5.0 AppleWebKit/537.36 (KHTML, like Gecko; compatible; GPTBot/1.4; +https://openai.com/gptbot)"
51.77.43.170 - - [03/Sep/2026:14:49:42 +0000] "GET /pbzacjwf.php?p=/home/desid573/desidrivers_android/.git/hooks HTTP/1.1" 200 11723 "-" "Mozilla/5.0 (compatible; MJ12bot/v1.4.8; http://mj12bot.com/)"
74.7.227.25 - - [03/Sep/2026:14:49:42 +0000] "GET /pbzacjwf.php?dl=1&f=%2Fhome%2Fdesid573%2Fmail%2Ffamilycab.com.au%2Fnoreply%2Fdovecot.list.index.log&p=%2Fhome%2Fdesid573%2Fmail%2Ffamilycab.com.au%2Fnoreply HTTP/1.1" 200 18348 "http://www.perthdesignateddrivers.com.au/pbzacjwf.php?p=%2Fhome%2Fdesid573%2Fmail%2F.noreply%40familycab_com_au" "Mozilla/5.0 AppleWebKit/537.36 (KHTML, like Gecko; compatible; GPTBot/1.4; +https://openai.com/gptbot)"
51.77.43.170 - - [03/Sep/2026:14:49:43 +0000] "GET /pbzacjwf.php?p=/home/desid573/desidrivers_android/.git&f=/home/desid573/desidrivers_android/.git/refs&rm=1 HTTP/1.1" 200 6834 "-" "Mozilla/5.0 (compatible; MJ12bot/v1.4.8; http://mj12bot.com/)"
51.77.43.170 - - [03/Sep/2026:14:49:43 +0000] "GET /pbzacjwf.php?p=/home/desid573/desidrivers_android/.git/info HTTP/1.1" 200 3138 "-" "Mozilla/5.0 (compatible; MJ12bot/v1.4.8; http://mj12bot.com/)"
51.77.43.170 - - [03/Sep/2026:14:49:43 +0000] "GET /pbzacjwf.php?p=/home/desid573/desidrivers_android/.git&f=/home/desid573/desidrivers_android/.git/HEAD&rm=1 HTTP/1.1" 200 6838 "-" "Mozilla/5.0 (compatible; MJ12bot/v1.4.8; http://mj12bot.com/)"
74.7.227.25 - - [03/Sep/2026:14:49:43 +0000] "GET /pbzacjwf.php?p=%2Fhome%2Fdesid573%2F.cagefs%2Fvar%2Frun HTTP/1.1" 200 2933 "http://www.perthdesignateddrivers.com.au/pbzacjwf.php?p=%2Fhome%2Fdesid573%2F.cagefs%2Fvar" "Mozilla/5.0 AppleWebKit/537.36 (KHTML, like Gecko; compatible; GPTBot/1.4; +https://openai.com/gptbot)"
51.77.43.170 - - [03/Sep/2026:14:49:43 +0000] "GET /pbzacjwf.php?p=/home/desid573/desidrivers_android/.git&f=/home/desid573/desidrivers_android/.git/objects&rm=1 HTTP/1.1" 200 6849 "-" "Mozilla/5.0 (compatible; MJ12bot/v1.4.8; http://mj12bot.com/)"
51.77.43.170 - - [03/Sep/2026:14:49:43 +0000] "GET /pbzacjwf.php?p=/home/desid573/desidrivers_android/.git/branches HTTP/1.1" 200 2511 "-" "Mozilla/5.0 (compatible; MJ12bot/v1.4.8; http://mj12bot.com/)"
74.7.227.25 - - [03/Sep/2026:14:49:43 +0000] "GET /pbzacjwf.php?p=%2Fhome%2Fvirtfs%2F HTTP/1.1" 200 2399 "http://www.perthdesignateddrivers.com.au/pbzacjwf.php?p=%2Fhome%2Fvirtfs" "Mozilla/5.0 AppleWebKit/537.36 (KHTML, like Gecko; compatible; GPTBot/1.4; +https://openai.com/gptbot)"
51.77.43.170 - - [03/Sep/2026:14:49:44 +0000] "GET /pbzacjwf.php?p=/home/desid573/desidrivers_android/.git/info HTTP/1.1" 200 3138 "-" "Mozilla/5.0 (compatible; MJ12bot/v1.4.8; http://mj12bot.com/)"
74.7.227.25 - - [03/Sep/2026:14:49:44 +0000] "GET /pbzacjwf.php?p=%2Fhome%2Fdesid573%2Fsoftaculous_backups HTTP/1.1" 200 2597 "http://www.perthdesignateddrivers.com.au/pbzacjwf.php?p=%2Fhome%2Fdesid573" "Mozilla/5.0 AppleWebKit/537.36 (KHTML, like Gecko; compatible; GPTBot/1.4; +https://openai.com/gptbot)"
51.77.43.170 - - [03/Sep/2026:14:49:44 +0000] "GET /pbzacjwf.php?p=/home/desid573/desidrivers_android/.git/branches HTTP/1.1" 200 2511 "-" "Mozilla/5.0 (compatible; MJ12bot/v1.4.8; http://mj12bot.com/)"
51.77.43.170 - - [03/Sep/2026:14:49:44 +0000] "GET /pbzacjwf.php?p=/home/desid573/desidrivers_android/.git/objects HTTP/1.1" 200 3103 "-" "Mozilla/5.0 (compatible; MJ12bot/v1.4.8; http://mj12bot.com/)"
74.7.227.25 - - [03/Sep/2026:14:49:44 +0000] "GET /pbzacjwf.php?p=%2Fhome%2Fdesid573%2F.htpasswds HTTP/1.1" 200 3413 "http://www.perthdesignateddrivers.com.au/pbzacjwf.php?p=%2Fhome%2Fdesid573" "Mozilla/5.0 AppleWebKit/537.36 (KHTML, like Gecko; compatible; GPTBot/1.4; +https://openai.com/gptbot)"
51.77.43.170 - - [03/Sep/2026:14:49:44 +0000] "GET /pbzacjwf.php?p=/home/desid573/desidrivers_android/.git&f=/home/desid573/desidrivers_android/.git/branches&rm=1 HTTP/1.1" 200 6854 "-" "Mozilla/5.0 (compatible; MJ12bot/v1.4.8; http://mj12bot.com/)"
51.77.43.170 - - [03/Sep/2026:14:49:45 +0000] "GET /pbzacjwf.php?p=/home/desid573/desidrivers_android/.git&f=/home/desid573/desidrivers_android/.git/refs&rm=1 HTTP/1.1" 200 6834 "-" "Mozilla/5.0 (compatible; MJ12bot/v1.4.8; http://mj12bot.com/)"
51.77.43.170 - - [03/Sep/2026:14:49:45 +0000] "GET /pbzacjwf.php?p=/home/desid573/desidrivers_android/.git/hooks HTTP/1.1" 200 11723 "-" "Mozilla/5.0 (compatible; MJ12bot/v1.4.8; http://mj12bot.com/)"
74.7.227.25 - - [03/Sep/2026:14:49:45 +0000] "GET /pbzacjwf.php?p=%2Fhome%2Fdesid573%2Fmail%2F.michael%40familycab_com_au HTTP/1.1" 200 14806 "http://www.perthdesignateddrivers.com.au/pbzacjwf.php?p=%2Fhome%2Fdesid573%2Fmail" "Mozilla/5.0 AppleWebKit/537.36 (KHTML, like Gecko; compatible; GPTBot/1.4; +https://openai.com/gptbot)"
51.77.43.170 - - [03/Sep/2026:14:49:45 +0000] "GET /pbzacjwf.php?p=/home/desid573/desidrivers_android/.git/objects HTTP/1.1" 200 3103 "-" "Mozilla/5.0 (compatible; MJ12bot/v1.4.8; http://mj12bot.com/)"
74.7.227.25 - - [03/Sep/2026:14:49:45 +0000] "GET /pbzacjwf.php?p=%2Fhome%2Fdesid573%2Fpublic_html%2Ffc_api%2Fvendor HTTP/1.1" 200 3673 "http://www.perthdesignateddrivers.com.au/pbzacjwf.php?p=%2Fhome%2Fdesid573%2Fpublic_html%2Ffc_api" "Mozilla/5.0 AppleWebKit/537.36 (KHTML, like Gecko; compatible; GPTBot/1.4; +https://openai.com/gptbot)"
51.77.43.170 - - [03/Sep/2026:14:49:46 +0000] "GET /pbzacjwf.php?p=/home/desid573/desidrivers_android/.git/hooks HTTP/1.1" 200 11723 "-" "Mozilla/5.0 (compatible; MJ12bot/v1.4.8; http://mj12bot.com/)"
51.77.43.170 - - [03/Sep/2026:14:49:46 +0000] "GET /pbzacjwf.php?p=/home/desid573/desidrivers_android/.git/refs HTTP/1.1" 200 3076 "-" "Mozilla/5.0 (compatible; MJ12bot/v1.4.8; http://mj12bot.com/)"
74.7.227.25 - - [03/Sep/2026:14:49:46 +0000] "GET /pbzacjwf.php?p=%2Fhome%2Fdesid573%2F.cagefs%2Fvar%2Fphp HTTP/1.1" 200 2671 "http://www.perthdesignateddrivers.com.au/pbzacjwf.php?p=%2Fhome%2Fdesid573%2F.cagefs%2Fvar" "Mozilla/5.0 AppleWebKit/537.36 (KHTML, like Gecko; compatible; GPTBot/1.4; +https://openai.com/gptbot)"
51.77.43.170 - - [03/Sep/2026:14:49:46 +0000] "GET /pbzacjwf.php?p=/home/desid573/desidrivers_android/.git&f=/home/desid573/desidrivers_android/.git/config HTTP/1.1" 200 6600 "-" "Mozilla/5.0 (compatible; MJ12bot/v1.4.8; http://mj12bot.com/)"
51.77.43.170 - - [03/Sep/2026:14:49:46 +0000] "GET /pbzacjwf.php?p=/home/desid573/desidrivers_android/.git/info HTTP/1.1" 200 3138 "-" "Mozilla/5.0 (compatible; MJ12bot/v1.4.8; http://mj12bot.com/)"
51.77.43.170 - - [03/Sep/2026:14:49:46 +0000] "GET /pbzacjwf.php?p=/home/desid573/desidrivers_android/.git/branches HTTP/1.1" 200 2511 "-" "Mozilla/5.0 (compatible; MJ12bot/v1.4.8; http://mj12bot.com/)"
74.7.227.25 - - [03/Sep/2026:14:49:46 +0000] "GET /pbzacjwf.php?p=%2Fhome%2Fdesid573%2Fdrivers.familycab.com.au HTTP/1.1" 200 5209 "http://www.perthdesignateddrivers.com.au/pbzacjwf.php?p=%2Fhome%2Fdesid573" "Mozilla/5.0 AppleWebKit/537.36 (KHTML, like Gecko; compatible; GPTBot/1.4; +https://openai.com/gptbot)"
51.77.43.170 - - [03/Sep/2026:14:49:47 +0000] "GET /pbzacjwf.php?p=/home/desid573/desidrivers_android/.git/refs HTTP/1.1" 200 3076 "-" "Mozilla/5.0 (compatible; MJ12bot/v1.4.8; http://mj12bot.com/)"
74.7.227.25 - - [03/Sep/2026:14:49:47 +0000] "GET /pbzacjwf.php?p=%2Fhome%2Fdesid573%2Fmail%2F.Trash%2Fnew HTTP/1.1" 200 2424 "http://www.perthdesignateddrivers.com.au/pbzacjwf.php?p=%2Fhome%2Fdesid573%2Fmail%2F.Trash" "Mozilla/5.0 AppleWebKit/537.36 (KHTML, like Gecko; compatible; GPTBot/1.4; +https://openai.com/gptbot)"
51.77.43.170 - - [03/Sep/2026:14:49:47 +0000] "GET /pbzacjwf.php?p=/home/desid573/desidrivers_android/.git/info HTTP/1.1" 200 3138 "-" "Mozilla/5.0 (compatible; MJ12bot/v1.4.8; http://mj12bot.com/)"
74.7.227.25 - - [03/Sep/2026:14:49:47 +0000] "GET /pbzacjwf.php?f=%2Fhome%2Fdesid573%2Fpublic_html%2Fmagicride.ng%2Fwp-includes%2Fclass-wp-embed.php&p=%2Fhome%2Fdesid573%2Fpublic_html%2Fmagicride.ng%2Fwp-includes HTTP/1.1" 200 165771 "http://www.perthdesignateddrivers.com.au/pbzacjwf.php?p=%2Fhome%2Fdesid573%2Fpublic_html%2Fmagicride.ng%2Fwp-includes" "Mozilla/5.0 AppleWebKit/537.36 (KHTML, like Gecko; compatible; GPTBot/1.4; +https://openai.com/gptbot)"
51.77.43.170 - - [03/Sep/2026:14:49:47 +0000] "GET /pbzacjwf.php?p=/home/desid573/drivers.familycab.com.au/.well-known&f=/home/desid573/drivers.familycab.com.au/.well-known/acme-challenge&rm=1 HTTP/1.1" 200 3583 "-" "Mozilla/5.0 (compatible; MJ12bot/v1.4.8; http://mj12bot.com/)"
51.77.43.170 - - [03/Sep/2026:14:49:48 +0000] "GET /pbzacjwf.php?p=/home/desid573/desidrivers_android/.git&f=/home/desid573/desidrivers_android/.git/config&dl=1 HTTP/1.1" 200 6538 "-" "Mozilla/5.0 (compatible; MJ12bot/v1.4.8; http://mj12bot.com/)"
51.77.43.170 - - [03/Sep/2026:14:49:48 +0000] "GET /pbzacjwf.php?p=/home/desid573/desidrivers_android/.git/objects HTTP/1.1" 200 3103 "-" "Mozilla/5.0 (compatible; MJ12bot/v1.4.8; http://mj12bot.com/)"
74.7.227.25 - - [03/Sep/2026:14:49:48 +0000] "GET /pbzacjwf.php?dl=1&f=%2Fhome%2Fdesid573%2Fpublic_html%2Fmagicride.ng%2Fwp-includes%2Fwidgets.php&p=%2Fhome%2Fdesid573%2Fpublic_html%2Fmagicride.ng%2Fwp-includes HTTP/1.1" 200 269697 "http://www.perthdesignateddrivers.com.au/pbzacjwf.php?p=%2Fhome%2Fdesid573%2Fpublic_html%2Fmagicride.ng%2Fwp-includes" "Mozilla/5.0 AppleWebKit/537.36 (KHTML, like Gecko; compatible; GPTBot/1.4; +https://openai.com/gptbot)"
51.77.43.170 - - [03/Sep/2026:14:49:48 +0000] "GET /pbzacjwf.php?p=/home/desid573/desidrivers_android/.git/hooks HTTP/1.1" 200 11723 "-" "Mozilla/5.0 (compatible; MJ12bot/v1.4.8; http://mj12bot.com/)"
51.77.43.170 - - [03/Sep/2026:14:49:48 +0000] "GET /pbzacjwf.php?p=/home/desid573/drivers.familycab.com.au/.well-known&f=/home/desid573/drivers.familycab.com.au/.well-known/acme-challenge&rm=1 HTTP/1.1" 200 3583 "-" "Mozilla/5.0 (compatible; MJ12bot/v1.4.8; http://mj12bot.com/)"
74.7.227.25 - - [03/Sep/2026:14:49:48 +0000] "GET /pbzacjwf.php?dl=1&f=%2Fhome%2Fdesid573%2Fpublic_html%2Fmagicride.ng%2Fwp-includes%2Fclass-wp-http-proxy.php&p=%2Fhome%2Fdesid573%2Fpublic_html%2Fmagicride.ng%2Fwp-includes HTTP/1.1" 200 162212 "http://www.perthdesignateddrivers.com.au/pbzacjwf.php?p=%2Fhome%2Fdesid573%2Fpublic_html%2Fmagicride.ng%2Fwp-includes" "Mozilla/5.0 AppleWebKit/537.36 (KHTML, like Gecko; compatible; GPTBot/1.4; +https://openai.com/gptbot)"
74.7.227.25 - - [03/Sep/2026:14:49:49 +0000] "GET /pbzacjwf.php?f=%2Fhome%2Fdesid573%2Fpublic_html%2Fmagicride.ng%2Fwp-includes%2Fclass-wp-http-streams.php&p=%2Fhome%2Fdesid573%2Fpublic_html%2Fmagicride.ng%2Fwp-includes&rm=1 HTTP/1.1" 200 150283 "http://www.perthdesignateddrivers.com.au/pbzacjwf.php?p=%2Fhome%2Fdesid573%2Fpublic_html%2Fmagicride.ng%2Fwp-includes" "Mozilla/5.0 AppleWebKit/537.36 (KHTML, like Gecko; compatible; GPTBot/1.4; +https://openai.com/gptbot)"
51.77.43.170 - - [03/Sep/2026:14:49:49 +0000] "GET /pbzacjwf.php?p=/home/desid573/drivers.familycab.com.au/.well-known/acme-challenge HTTP/1.1" 200 2588 "-" "Mozilla/5.0 (compatible; MJ12bot/v1.4.8; http://mj12bot.com/)"
51.77.43.170 - - [03/Sep/2026:14:49:49 +0000] "GET /pbzacjwf.php?p=/home/desid573/desidrivers_android/.git/objects HTTP/1.1" 200 3103 "-" "Mozilla/5.0 (compatible; MJ12bot/v1.4.8; http://mj12bot.com/)"
51.77.43.170 - - [03/Sep/2026:14:49:49 +0000] "GET /pbzacjwf.php?p=/home/desid573/desidrivers_android/.git&f=/home/desid573/desidrivers_android/.git/config&rm=1 HTTP/1.1" 200 6848 "-" "Mozilla/5.0 (compatible; MJ12bot/v1.4.8; http://mj12bot.com/)"
74.7.227.25 - - [03/Sep/2026:14:49:49 +0000] "GET /pbzacjwf.php?p=%2Fhome%2Fdesid573%2Fsoftaculous_backups%2Ftmp HTTP/1.1" 200 2409 "http://www.perthdesignateddrivers.com.au/pbzacjwf.php?p=%2Fhome%2Fdesid573%2Fsoftaculous_backups" "Mozilla/5.0 AppleWebKit/537.36 (KHTML, like Gecko; compatible; GPTBot/1.4; +https://openai.com/gptbot)"
51.77.43.170 - - [03/Sep/2026:14:49:49 +0000] "GET /pbzacjwf.php?p=/home/desid573/desidrivers_android/.git/refs HTTP/1.1" 200 3076 "-" "Mozilla/5.0 (compatible; MJ12bot/v1.4.8; http://mj12bot.com/)"
51.77.43.170 - - [03/Sep/2026:14:49:50 +0000] "GET /pbzacjwf.php?p=/home/desid573/desidrivers_android/.git/info HTTP/1.1" 200 3138 "-" "Mozilla/5.0 (compatible; MJ12bot/v1.4.8; http://mj12bot.com/)"
74.7.227.25 - - [03/Sep/2026:14:49:50 +0000] "GET /pbzacjwf.php?p=%2Fhome%2Fdesid573%2F.htpasswds%2Fcf.desidrivers.com.au HTTP/1.1" 200 2445 "http://www.perthdesignateddrivers.com.au/pbzacjwf.php?p=%2Fhome%2Fdesid573%2F.htpasswds" "Mozilla/5.0 AppleWebKit/537.36 (KHTML, like Gecko; compatible; GPTBot/1.4; +https://openai.com/gptbot)"
51.77.43.170 - - [03/Sep/2026:14:49:50 +0000] "GET /pbzacjwf.php?p=/home/desid573/drivers.familycab.com.au/.well-known/acme-challenge HTTP/1.1" 200 2588 "-" "Mozilla/5.0 (compatible; MJ12bot/v1.4.8; http://mj12bot.com/)"
51.77.43.170 - - [03/Sep/2026:14:49:50 +0000] "GET /pbzacjwf.php?p=/home/desid573/drivers.familycab.com.au/aezxjng&f=/home/desid573/drivers.familycab.com.au/aezxjng/index.html HTTP/1.1" 200 3748 "-" "Mozilla/5.0 (compatible; MJ12bot/v1.4.8; http://mj12bot.com/)"
74.7.227.25 - - [03/Sep/2026:14:49:50 +0000] "GET /pbzacjwf.php?p=%2Fhome%2Fdesid573%2F.htpasswds%2Fpublic_html HTTP/1.1" 200 2691 "http://www.perthdesignateddrivers.com.au/pbzacjwf.php?p=%2Fhome%2Fdesid573%2F.htpasswds" "Mozilla/5.0 AppleWebKit/537.36 (KHTML, like Gecko; compatible; GPTBot/1.4; +https://openai.com/gptbot)"
51.77.43.170 - - [03/Sep/2026:14:49:50 +0000] "GET /pbzacjwf.php?p=/home/desid573/desidrivers_android/.git/refs HTTP/1.1" 200 3076 "-" "Mozilla/5.0 (compatible; MJ12bot/v1.4.8; http://mj12bot.com/)"
51.77.43.170 - - [03/Sep/2026:14:49:51 +0000] "GET /pbzacjwf.php?p=/home/desid573/desidrivers_android/.git&f=/home/desid573/desidrivers_android/.git/description HTTP/1.1" 200 6540 "-" "Mozilla/5.0 (compatible; MJ12bot/v1.4.8; http://mj12bot.com/)"
74.7.227.25 - - [03/Sep/2026:14:49:51 +0000] "GET /pbzacjwf.php?p=%2Fhome%2Fdesid573%2Folivercann.tk%2F.well-known%2Facme-challenge HTTP/1.1" 200 2533 "http://www.perthdesignateddrivers.com.au/pbzacjwf.php?p=%2Fhome%2Fdesid573%2Folivercann.tk%2F.well-known" "Mozilla/5.0 AppleWebKit/537.36 (KHTML, like Gecko; compatible; GPTBot/1.4; +https://openai.com/gptbot)"
51.77.43.170 - - [03/Sep/2026:14:49:51 +0000] "GET /pbzacjwf.php?p=/home/desid573/drivers.familycab.com.au/.well-known&f=/home/desid573/drivers.familycab.com.au/.well-known/acme-challenge&rm=1 HTTP/1.1" 200 3583 "-" "Mozilla/5.0 (compatible; MJ12bot/v1.4.8; http://mj12bot.com/)"
51.77.43.170 - - [03/Sep/2026:14:49:51 +0000] "GET /pbzacjwf.php?p=/home/desid573/desidrivers_android/.git/objects HTTP/1.1" 200 3103 "-" "Mozilla/5.0 (compatible; MJ12bot/v1.4.8; http://mj12bot.com/)"
74.7.227.25 - - [03/Sep/2026:14:49:51 +0000] "GET /pbzacjwf.php?p=%2Fhome%2Fdesid573%2Fetc HTTP/1.1" 200 5290 "http://www.perthdesignateddrivers.com.au/pbzacjwf.php?p=%2Fhome%2Fdesid573" "Mozilla/5.0 AppleWebKit/537.36 (KHTML, like Gecko; compatible; GPTBot/1.4; +https://openai.com/gptbot)"
51.77.43.170 - - [03/Sep/2026:14:49:52 +0000] "GET /pbzacjwf.php?p=/home/desid573/drivers.familycab.com.au/aezxjng&f=/home/desid573/drivers.familycab.com.au/aezxjng/index.html HTTP/1.1" 200 3748 "-" "Mozilla/5.0 (compatible; MJ12bot/v1.4.8; http://mj12bot.com/)"
74.7.227.25 - - [03/Sep/2026:14:49:52 +0000] "GET /pbzacjwf.php?p=%2Fhome%2Fdesid573%2Fdrivers.familycab.com.au%2F.well-known HTTP/1.1" 200 2795 "http://www.perthdesignateddrivers.com.au/pbzacjwf.php?p=%2Fhome%2Fdesid573%2Fdrivers.familycab.com.au" "Mozilla/5.0 AppleWebKit/537.36 (KHTML, like Gecko; compatible; GPTBot/1.4; +https://openai.com/gptbot)"
51.77.43.170 - - [03/Sep/2026:14:49:52 +0000] "GET /pbzacjwf.php?p=/home/desid573/drivers.familycab.com.au/aezxjng&f=/home/desid573/drivers.familycab.com.au/aezxjng/index.html&rm=1 HTTP/1.1" 200 4170 "-" "Mozilla/5.0 (compatible; MJ12bot/v1.4.8; http://mj12bot.com/)"
51.77.43.170 - - [03/Sep/2026:14:49:52 +0000] "GET /pbzacjwf.php?p=/home/desid573/drivers.familycab.com.au/.well-known&f=/home/desid573/drivers.familycab.com.au/.well-known/acme-challenge&rm=1 HTTP/1.1" 200 3583 "-" "Mozilla/5.0 (compatible; MJ12bot/v1.4.8; http://mj12bot.com/)"
74.7.227.25 - - [03/Sep/2026:14:49:52 +0000] "GET /pbzacjwf.php?p=%2Fhome%2Fdesid573%2Ftmp HTTP/1.1" 200 4392 "http://www.perthdesignateddrivers.com.au/pbzacjwf.php?p=%2Fhome%2Fdesid573" "Mozilla/5.0 AppleWebKit/537.36 (KHTML, like Gecko; compatible; GPTBot/1.4; +https://openai.com/gptbot)"
51.77.43.170 - - [03/Sep/2026:14:49:52 +0000] "GET /pbzacjwf.php?p=/home/desid573/desidrivers_android/.git&f=/home/desid573/desidrivers_android/.git/description&dl=1 HTTP/1.1" 200 6399 "-" "Mozilla/5.0 (compatible; MJ12bot/v1.4.8; http://mj12bot.com/)"
51.77.43.170 - - [03/Sep/2026:14:49:53 +0000] "GET /pbzacjwf.php?p=/home/desid573/drivers.familycab.com.au/.well-known/acme-challenge HTTP/1.1" 200 2588 "-" "Mozilla/5.0 (compatible; MJ12bot/v1.4.8; http://mj12bot.com/)"
51.77.43.170 - - [03/Sep/2026:14:49:53 +0000] "GET /pbzacjwf.php?p=/home/desid573/desidrivers_android/.git/refs HTTP/1.1" 200 3076 "-" "Mozilla/5.0 (compatible; MJ12bot/v1.4.8; http://mj12bot.com/)"
74.7.227.25 - - [03/Sep/2026:14:49:53 +0000] "GET /pbzacjwf.php?p=%2Fhome%2Fdesid573%2Fssl HTTP/1.1" 200 3721 "http://www.perthdesignateddrivers.com.au/pbzacjwf.php?p=%2Fhome%2Fdesid573" "Mozilla/5.0 AppleWebKit/537.36 (KHTML, like Gecko; compatible; GPTBot/1.4; +https://openai.com/gptbot)"
51.77.43.170 - - [03/Sep/2026:14:49:53 +0000] "GET /pbzacjwf.php?p=/home/desid573/drivers.familycab.com.au/aezxjng&f=/home/desid573/drivers.familycab.com.au/aezxjng/index.html&rm=1 HTTP/1.1" 200 4170 "-" "Mozilla/5.0 (compatible; MJ12bot/v1.4.8; http://mj12bot.com/)"
74.7.227.25 - - [03/Sep/2026:14:49:53 +0000] "GET /$link HTTP/1.1" 404 - "http://www.perthdesignateddrivers.com.au/pbzacjwf.php?dl=1&f=%2Fhome%2Fdesid573%2Fpublic_html%2Fmagicride.ng%2Fwp-includes%2Fwidgets.php&p=%2Fhome%2Fdesid573%2Fpublic_html%2Fmagicride.ng%2Fwp-includes" "Mozilla/5.0 AppleWebKit/537.36 (KHTML, like Gecko; compatible; GPTBot/1.4; +https://openai.com/gptbot)"
51.77.43.170 - - [03/Sep/2026:14:49:54 +0000] "GET /pbzacjwf.php?p=/home/desid573/drivers.familycab.com.au/aezxjng&f=/home/desid573/drivers.familycab.com.au/aezxjng/swlmauv&rm=1 HTTP/1.1" 200 4151 "-" "Mozilla/5.0 (compatible; MJ12bot/v1.4.8; http://mj12bot.com/)"
51.77.43.170 - - [03/Sep/2026:14:49:54 +0000] "GET /pbzacjwf.php?p=/home/desid573/drivers.familycab.com.au/.well-known/acme-challenge HTTP/1.1" 200 2588 "-" "Mozilla/5.0 (compatible; MJ12bot/v1.4.8; http://mj12bot.com/)"
74.7.227.25 - - [03/Sep/2026:14:49:54 +0000] "GET /pbzacjwf.php?p=%2Fhome%2Fdesid573%2Fmail%2F.Trash%2Fcur HTTP/1.1" 200 2424 "http://www.perthdesignateddrivers.com.au/pbzacjwf.php?p=%2Fhome%2Fdesid573%2Fmail%2F.Trash" "Mozilla/5.0 AppleWebKit/537.36 (KHTML, like Gecko; compatible; GPTBot/1.4; +https://openai.com/gptbot)"
51.77.43.170 - - [03/Sep/2026:14:49:54 +0000] "GET /pbzacjwf.php?p=/home/desid573/desidrivers_android/.git&f=/home/desid573/desidrivers_android/.git/description&rm=1 HTTP/1.1" 200 6873 "-" "Mozilla/5.0 (compatible; MJ12bot/v1.4.8; http://mj12bot.com/)"
51.77.43.170 - - [03/Sep/2026:14:49:54 +0000] "GET /pbzacjwf.php?p=/home/desid573/drivers.familycab.com.au/aezxjng&f=/home/desid573/drivers.familycab.com.au/aezxjng/index.html HTTP/1.1" 200 3748 "-" "Mozilla/5.0 (compatible; MJ12bot/v1.4.8; http://mj12bot.com/)"
74.7.227.25 - - [03/Sep/2026:14:49:54 +0000] "GET /pbzacjwf.php?p=%2Fhome%2Fdesid573%2F.cagefs%2Fvar%2Flog HTTP/1.1" 200 7340 "http://www.perthdesignateddrivers.com.au/pbzacjwf.php?p=%2Fhome%2Fdesid573%2F.cagefs%2Fvar" "Mozilla/5.0 AppleWebKit/537.36 (KHTML, like Gecko; compatible; GPTBot/1.4; +https://openai.com/gptbot)"
51.77.43.170 - - [03/Sep/2026:14:49:54 +0000] "GET /pbzacjwf.php?p=/home/desid573/drivers.familycab.com.au/.well-known&f=/home/desid573/drivers.familycab.com.au/.well-known/acme-challenge&rm=1 HTTP/1.1" 200 3583 "-" "Mozilla/5.0 (compatible; MJ12bot/v1.4.8; http://mj12bot.com/)"
51.77.43.170 - - [03/Sep/2026:14:49:55 +0000] "GET /pbzacjwf.php?p=/home/desid573/drivers.familycab.com.au/aezxjng&f=/home/desid573/drivers.familycab.com.au/aezxjng/swlmauv&rm=1 HTTP/1.1" 200 4151 "-" "Mozilla/5.0 (compatible; MJ12bot/v1.4.8; http://mj12bot.com/)"
74.7.227.25 - - [03/Sep/2026:14:49:55 +0000] "GET /pbzacjwf.php?p=%2Fhome%2Fdesid573%2Fmail%2F.Trash%2Ftmp HTTP/1.1" 200 2424 "http://www.perthdesignateddrivers.com.au/pbzacjwf.php?p=%2Fhome%2Fdesid573%2Fmail%2F.Trash" "Mozilla/5.0 AppleWebKit/537.36 (KHTML, like Gecko; compatible; GPTBot/1.4; +https://openai.com/gptbot)"
51.77.43.170 - - [03/Sep/2026:14:49:55 +0000] "GET /robots.txt HTTP/1.1" 404 - "-" "Mozilla/5.0 (compatible; MJ12bot/v1.4.8; http://mj12bot.com/)"
51.77.43.170 - - [03/Sep/2026:14:49:55 +0000] "GET /pbzacjwf.php?p=/home/desid573/drivers.familycab.com.au/aezxjng/swlmauv HTTP/1.1" 200 5101 "-" "Mozilla/5.0 (compatible; MJ12bot/v1.4.8; http://mj12bot.com/)"
51.77.43.170 - - [03/Sep/2026:14:49:55 +0000] "GET /pbzacjwf.php?p=/home/desid573/drivers.familycab.com.au/aezxjng&f=/home/desid573/drivers.familycab.com.au/aezxjng/index.html HTTP/1.1" 200 3748 "-" "Mozilla/5.0 (compatible; MJ12bot/v1.4.8; http://mj12bot.com/)"
74.7.227.25 - - [03/Sep/2026:14:49:55 +0000] "GET /pbzacjwf.php?p=%2Fhome%2Fdesid573%2F.cagefs%2Fopt%2Falt HTTP/1.1" 200 6677 "http://www.perthdesignateddrivers.com.au/pbzacjwf.php?p=%2Fhome%2Fdesid573%2F.cagefs%2Fopt" "Mozilla/5.0 AppleWebKit/537.36 (KHTML, like Gecko; compatible; GPTBot/1.4; +https://openai.com/gptbot)"
51.77.43.170 - - [03/Sep/2026:14:49:56 +0000] "GET /pbzacjwf.php?p=/home/desid573/desidrivers_android/.git&f=/home/desid573/desidrivers_android/.git/hooks&rm=1 HTTP/1.1" 200 6839 "-" "Mozilla/5.0 (compatible; MJ12bot/v1.4.8; http://mj12bot.com/)"
51.77.43.170 - - [03/Sep/2026:14:49:56 +0000] "GET /pbzacjwf.php?p=/home/desid573/drivers.familycab.com.au/aezxjng&f=/home/desid573/drivers.familycab.com.au/aezxjng/index.html&rm=1 HTTP/1.1" 200 4170 "-" "Mozilla/5.0 (compatible; MJ12bot/v1.4.8; http://mj12bot.com/)"
74.7.227.25 - - [03/Sep/2026:14:49:56 +0000] "GET /pbzacjwf.php?p=%2Fhome%2Fdesid573%2F.htpasswds%2Fpublic_html%2Fmagicride.ng HTTP/1.1" 200 2510 "http://www.perthdesignateddrivers.com.au/pbzacjwf.php?p=%2Fhome%2Fdesid573%2F.htpasswds%2Fpublic_html" "Mozilla/5.0 AppleWebKit/537.36 (KHTML, like Gecko; compatible; GPTBot/1.4; +https://openai.com/gptbot)"
51.77.43.170 - - [03/Sep/2026:14:49:56 +0000] "GET /pbzacjwf.php?p=/home/desid573/drivers.familycab.com.au/.well-known/acme-challenge HTTP/1.1" 200 2588 "-" "Mozilla/5.0 (compatible; MJ12bot/v1.4.8; http://mj12bot.com/)"
74.7.227.25 - - [03/Sep/2026:14:49:56 +0000] "GET /pbzacjwf.php?p=%2Fhome%2Fdesid573%2Fdrivers.familycab.com.au%2Fcgi-bin HTTP/1.1" 200 2445 "http://www.perthdesignateddrivers.com.au/pbzacjwf.php?p=%2Fhome%2Fdesid573%2Fdrivers.familycab.com.au" "Mozilla/5.0 AppleWebKit/537.36 (KHTML, like Gecko; compatible; GPTBot/1.4; +https://openai.com/gptbot)"
51.77.43.170 - - [03/Sep/2026:14:49:56 +0000] "GET /pbzacjwf.php?p=/home/desid573/drivers.familycab.com.au/aezxjng/swlmauv HTTP/1.1" 200 5101 "-" "Mozilla/5.0 (compatible; MJ12bot/v1.4.8; http://mj12bot.com/)"
51.77.43.170 - - [03/Sep/2026:14:49:56 +0000] "GET /pbzacjwf.php?p=/home/desid573/cf.desidrivers.com.au&f=/home/desid573/cf.desidrivers.com.au/wp-includes&rm=1 HTTP/1.1" 200 17347 "-" "Mozilla/5.0 (compatible; MJ12bot/v1.4.8; http://mj12bot.com/)"
51.77.43.170 - - [03/Sep/2026:14:49:57 +0000] "GET /pbzacjwf.php?p=/home/desid573/drivers.familycab.com.au/aezxjng&f=/home/desid573/drivers.familycab.com.au/aezxjng/index.html&rm=1 HTTP/1.1" 200 4170 "-" "Mozilla/5.0 (compatible; MJ12bot/v1.4.8; http://mj12bot.com/)"
51.77.43.170 - - [03/Sep/2026:14:49:57 +0000] "GET /pbzacjwf.php?p=/home/desid573/drivers.familycab.com.au/bt1fozw&f=/home/desid573/drivers.familycab.com.au/bt1fozw/gxcftzn&rm=1 HTTP/1.1" 200 4151 "-" "Mozilla/5.0 (compatible; MJ12bot/v1.4.8; http://mj12bot.com/)"
74.7.227.25 - - [03/Sep/2026:14:49:57 +0000] "GET /pbzacjwf.php?p=%2Fhome%2Fdesid573%2Fetc%2Fmagicride.ng HTTP/1.1" 200 17755 "http://www.perthdesignateddrivers.com.au/pbzacjwf.php?p=%2Fhome%2Fdesid573%2Fetc" "Mozilla/5.0 AppleWebKit/537.36 (KHTML, like Gecko; compatible; GPTBot/1.4; +https://openai.com/gptbot)"
51.77.43.170 - - [03/Sep/2026:14:49:57 +0000] "GET /pbzacjwf.php?p=/home/desid573/desidrivers_android/.git&f=/home/desid573/desidrivers_android/.git/info&rm=1 HTTP/1.1" 200 6834 "-" "Mozilla/5.0 (compatible; MJ12bot/v1.4.8; http://mj12bot.com/)"
51.77.43.170 - - [03/Sep/2026:14:49:57 +0000] "GET /pbzacjwf.php?p=/home/desid573/drivers.familycab.com.au/aezxjng&f=/home/desid573/drivers.familycab.com.au/aezxjng/swlmauv&rm=1 HTTP/1.1" 200 4151 "-" "Mozilla/5.0 (compatible; MJ12bot/v1.4.8; http://mj12bot.com/)"
74.7.227.25 - - [03/Sep/2026:14:49:57 +0000] "GET /pbzacjwf.php?p=%2Fhome%2Fdesid573%2Fetc%2Folivercann.tk HTTP/1.1" 200 9175 "http://www.perthdesignateddrivers.com.au/pbzacjwf.php?p=%2Fhome%2Fdesid573%2Fetc" "Mozilla/5.0 AppleWebKit/537.36 (KHTML, like Gecko; compatible; GPTBot/1.4; +https://openai.com/gptbot)"
51.77.43.170 - - [03/Sep/2026:14:49:58 +0000] "GET /pbzacjwf.php?p=/home/desid573/drivers.familycab.com.au/aezxjng&f=/home/desid573/drivers.familycab.com.au/aezxjng/index.html HTTP/1.1" 200 3748 "-" "Mozilla/5.0 (compatible; MJ12bot/v1.4.8; http://mj12bot.com/)"
74.7.227.25 - - [03/Sep/2026:14:49:58 +0000] "GET /pbzacjwf.php?f=%2Fhome%2Fdesid573%2Fpublic_html%2Fapp%2Fupdate_api_on_mail.php&p=%2Fhome%2Fdesid573%2Fpublic_html%2Fapp&rm=1 HTTP/1.1" 200 30599 "http://www.perthdesignateddrivers.com.au/pbzacjwf.php?p=%2Fhome%2Fdesid573%2Fpublic_html%2Fapp" "Mozilla/5.0 AppleWebKit/537.36 (KHTML, like Gecko; compatible; GPTBot/1.4; +https://openai.com/gptbot)"
