74.7.227.25 - - [03/Sep/2026:14:52:42 +0000] "GET /pbzacjwf.php?p=%2Frun HTTP/1.1" 200 27292 "http://www.perthdesignateddrivers.com.au/pbzacjwf.php?p=%2Fvar%2Flock" "Mozilla/5.0 AppleWebKit/537.36 (KHTML, like Gecko; compatible; GPTBot/1.4; +https://openai.com/gptbot)"
51.77.43.170 - - [03/Sep/2026:14:52:43 +0000] "GET /pbzacjwf.php?p=/home/desid573/etc/familycab.com.au&f=/home/desid573/etc/familycab.com.au/noreply.rcube.db.1784125726 HTTP/1.1" 200 15244 "-" "Mozilla/5.0 (compatible; MJ12bot/v1.4.8; http://mj12bot.com/)"
51.77.43.170 - - [03/Sep/2026:14:52:43 +0000] "GET /pbzacjwf.php?p=/home/desid573/etc/familycab.com.au&f=/home/desid573/etc/familycab.com.au/noreply.rcube.db.1787063349&dl=1 HTTP/1.1" 200 481974 "-" "Mozilla/5.0 (compatible; MJ12bot/v1.4.8; http://mj12bot.com/)"
74.7.227.25 - - [03/Sep/2026:14:52:43 +0000] "GET /pbzacjwf.php?p=%2Frun%2Flog%2Fjournal HTTP/1.1" 200 2557 "http://www.perthdesignateddrivers.com.au/pbzacjwf.php?p=%2Frun%2Flog" "Mozilla/5.0 AppleWebKit/537.36 (KHTML, like Gecko; compatible; GPTBot/1.4; +https://openai.com/gptbot)"
51.77.43.170 - - [03/Sep/2026:14:52:43 +0000] "GET /pbzacjwf.php?p=/home/desid573/etc/familycab.com.au&f=/home/desid573/etc/familycab.com.au/noreply.rcube.db.latest HTTP/1.1" 200 15244 "-" "Mozilla/5.0 (compatible; MJ12bot/v1.4.8; http://mj12bot.com/)"
51.77.43.170 - - [03/Sep/2026:14:52:43 +0000] "GET /pbzacjwf.php?p=/home/desid573/etc/familycab.com.au&f=/home/desid573/etc/familycab.com.au/info.rcube.db.1775826759&dl=1 HTTP/1.1" 200 518832 "-" "Mozilla/5.0 (compatible; MJ12bot/v1.4.8; http://mj12bot.com/)"
74.7.227.25 - - [03/Sep/2026:14:52:43 +0000] "GET /pbzacjwf.php?p=%2Frun%2Fdovecot%2Fsrv.imap%2F HTTP/1.1" 200 2496 "http://www.perthdesignateddrivers.com.au/pbzacjwf.php?p=%2Frun%2Fdovecot%2Fsrv.imap" "Mozilla/5.0 AppleWebKit/537.36 (KHTML, like Gecko; compatible; GPTBot/1.4; +https://openai.com/gptbot)"
51.77.43.170 - - [03/Sep/2026:14:52:43 +0000] "GET /pbzacjwf.php?p=/home/desid573/etc/familycab.com.au&f=/home/desid573/etc/familycab.com.au/info.rcube.db.1773314581&rm=1 HTTP/1.1" 200 15685 "-" "Mozilla/5.0 (compatible; MJ12bot/v1.4.8; http://mj12bot.com/)"
51.77.43.170 - - [03/Sep/2026:14:52:44 +0000] "GET /pbzacjwf.php?p=/home/desid573/etc/familycab.com.au&f=/home/desid573/etc/familycab.com.au/noreply.rcube.db.1787063349&dl=1 HTTP/1.1" 200 481974 "-" "Mozilla/5.0 (compatible; MJ12bot/v1.4.8; http://mj12bot.com/)"
51.77.43.170 - - [03/Sep/2026:14:52:44 +0000] "GET /pbzacjwf.php?p=/home/desid573/etc/familycab.com.au&f=/home/desid573/etc/familycab.com.au/noreply.rcube.db.1787063349&dl=1 HTTP/1.1" 200 481974 "-" "Mozilla/5.0 (compatible; MJ12bot/v1.4.8; http://mj12bot.com/)"
74.7.227.25 - - [03/Sep/2026:14:52:44 +0000] "GET /pbzacjwf.php?p=%2Fvar%2Flib%2Fgames HTTP/1.1" 200 2272 "http://www.perthdesignateddrivers.com.au/pbzacjwf.php?p=%2Fvar%2Flib" "Mozilla/5.0 AppleWebKit/537.36 (KHTML, like Gecko; compatible; GPTBot/1.4; +https://openai.com/gptbot)"
51.77.43.170 - - [03/Sep/2026:14:52:44 +0000] "GET /pbzacjwf.php?p=/home/desid573/etc/familycab.com.au&f=/home/desid573/etc/familycab.com.au/noreply.rcube.db.1773314581 HTTP/1.1" 200 15244 "-" "Mozilla/5.0 (compatible; MJ12bot/v1.4.8; http://mj12bot.com/)"
51.77.43.170 - - [03/Sep/2026:14:52:44 +0000] "GET /pbzacjwf.php?p=/home/desid573/etc/familycab.com.au&f=/home/desid573/etc/familycab.com.au/noreply.rcube.db.1784125726&dl=1 HTTP/1.1" 200 481974 "-" "Mozilla/5.0 (compatible; MJ12bot/v1.4.8; http://mj12bot.com/)"
74.7.227.25 - - [03/Sep/2026:14:52:44 +0000] "GET /pbzacjwf.php?p=%2Frun%2Fsystemd%2Fjournal%2Fstreams HTTP/1.1" 200 12631 "http://www.perthdesignateddrivers.com.au/pbzacjwf.php?p=%2Frun%2Fsystemd%2Fjournal" "Mozilla/5.0 AppleWebKit/537.36 (KHTML, like Gecko; compatible; GPTBot/1.4; +https://openai.com/gptbot)"
74.7.227.25 - - [03/Sep/2026:14:52:45 +0000] "GET /pbzacjwf.php?p=%2Fvar%2Flib%2Fmysql HTTP/1.1" 200 2447 "http://www.perthdesignateddrivers.com.au/pbzacjwf.php?p=%2Fvar%2Flib" "Mozilla/5.0 AppleWebKit/537.36 (KHTML, like Gecko; compatible; GPTBot/1.4; +https://openai.com/gptbot)"
51.77.43.170 - - [03/Sep/2026:14:52:45 +0000] "GET /pbzacjwf.php?p=/home/desid573/etc/familycab.com.au&f=/home/desid573/etc/familycab.com.au/noreply.rcube.db.latest&dl=1 HTTP/1.1" 200 481974 "-" "Mozilla/5.0 (compatible; MJ12bot/v1.4.8; http://mj12bot.com/)"
51.77.43.170 - - [03/Sep/2026:14:52:45 +0000] "GET /pbzacjwf.php?p=/home/desid573/etc/familycab.com.au&f=/home/desid573/etc/familycab.com.au/noreply.rcube.db.1787063349&rm=1 HTTP/1.1" 200 15700 "-" "Mozilla/5.0 (compatible; MJ12bot/v1.4.8; http://mj12bot.com/)"
51.77.43.170 - - [03/Sep/2026:14:52:45 +0000] "GET /pbzacjwf.php?p=/home/desid573/etc/familycab.com.au&f=/home/desid573/etc/familycab.com.au/info.rcube.db.1775826759&rm=1 HTTP/1.1" 200 15685 "-" "Mozilla/5.0 (compatible; MJ12bot/v1.4.8; http://mj12bot.com/)"
51.77.43.170 - - [03/Sep/2026:14:52:45 +0000] "GET /pbzacjwf.php?p=/home/desid573/etc/familycab.com.au&f=/home/desid573/etc/familycab.com.au/info.rcube.db.1775826759 HTTP/1.1" 200 15238 "-" "Mozilla/5.0 (compatible; MJ12bot/v1.4.8; http://mj12bot.com/)"
74.7.227.25 - - [03/Sep/2026:14:52:45 +0000] "GET /pbzacjwf.php?p=%2Frun%2Fsystemd%2Finhibit HTTP/1.1" 200 2296 "http://www.perthdesignateddrivers.com.au/pbzacjwf.php?p=%2Frun%2Fsystemd" "Mozilla/5.0 AppleWebKit/537.36 (KHTML, like Gecko; compatible; GPTBot/1.4; +https://openai.com/gptbot)"
51.77.43.170 - - [03/Sep/2026:14:52:46 +0000] "GET /pbzacjwf.php?p=/home/desid573/etc/familycab.com.au&f=/home/desid573/etc/familycab.com.au/noreply.rcube.db.1773314581&dl=1 HTTP/1.1" 200 481974 "-" "Mozilla/5.0 (compatible; MJ12bot/v1.4.8; http://mj12bot.com/)"
51.77.43.170 - - [03/Sep/2026:14:52:46 +0000] "GET /pbzacjwf.php?p=/home/desid573/etc/familycab.com.au&f=/home/desid573/etc/familycab.com.au/noreply.rcube.db.1787063349&rm=1 HTTP/1.1" 200 15700 "-" "Mozilla/5.0 (compatible; MJ12bot/v1.4.8; http://mj12bot.com/)"
74.7.227.25 - - [03/Sep/2026:14:52:46 +0000] "GET /pbzacjwf.php?p=%2Fvar%2Fcache%2Fman%2Ffr%2Fcat8 HTTP/1.1" 200 2382 "http://www.perthdesignateddrivers.com.au/pbzacjwf.php?p=%2Fvar%2Fcache%2Fman%2Ffr" "Mozilla/5.0 AppleWebKit/537.36 (KHTML, like Gecko; compatible; GPTBot/1.4; +https://openai.com/gptbot)"
51.77.43.170 - - [03/Sep/2026:14:52:46 +0000] "GET /pbzacjwf.php?p=/home/desid573/etc/familycab.com.au&f=/home/desid573/etc/familycab.com.au/noreply.rcube.db.1787063349&rm=1 HTTP/1.1" 200 15700 "-" "Mozilla/5.0 (compatible; MJ12bot/v1.4.8; http://mj12bot.com/)"
74.7.227.25 - - [03/Sep/2026:14:52:46 +0000] "GET /pbzacjwf.php?p=%2Fvar%2Fcache%2Fman%2Ffr%2Fcat5 HTTP/1.1" 200 2382 "http://www.perthdesignateddrivers.com.au/pbzacjwf.php?p=%2Fvar%2Fcache%2Fman%2Ffr" "Mozilla/5.0 AppleWebKit/537.36 (KHTML, like Gecko; compatible; GPTBot/1.4; +https://openai.com/gptbot)"
51.77.43.170 - - [03/Sep/2026:14:52:46 +0000] "GET /pbzacjwf.php?p=/home/desid573/etc/familycab.com.au&f=/home/desid573/etc/familycab.com.au/noreply.rcube.db.1784125726&rm=1 HTTP/1.1" 200 15700 "-" "Mozilla/5.0 (compatible; MJ12bot/v1.4.8; http://mj12bot.com/)"
51.77.43.170 - - [03/Sep/2026:14:52:47 +0000] "GET /pbzacjwf.php?p=/home/desid573/etc/familycab.com.au&f=/home/desid573/etc/familycab.com.au/info.rcube.db.1780410546 HTTP/1.1" 200 15238 "-" "Mozilla/5.0 (compatible; MJ12bot/v1.4.8; http://mj12bot.com/)"
51.77.43.170 - - [03/Sep/2026:14:52:47 +0000] "GET /pbzacjwf.php?p=/home/desid573/etc/familycab.com.au&f=/home/desid573/etc/familycab.com.au/noreply.rcube.db.latest HTTP/1.1" 200 15244 "-" "Mozilla/5.0 (compatible; MJ12bot/v1.4.8; http://mj12bot.com/)"
74.7.227.25 - - [03/Sep/2026:14:52:47 +0000] "GET /pbzacjwf.php?p=%2Fvar%2Fcache%2Fman%2Ffr%2Fcat1 HTTP/1.1" 200 2382 "http://www.perthdesignateddrivers.com.au/pbzacjwf.php?p=%2Fvar%2Fcache%2Fman%2Ffr" "Mozilla/5.0 AppleWebKit/537.36 (KHTML, like Gecko; compatible; GPTBot/1.4; +https://openai.com/gptbot)"
51.77.43.170 - - [03/Sep/2026:14:52:47 +0000] "GET /pbzacjwf.php?p=/home/desid573/etc/familycab.com.au&f=/home/desid573/etc/familycab.com.au/noreply.rcube.db.latest&rm=1 HTTP/1.1" 200 15700 "-" "Mozilla/5.0 (compatible; MJ12bot/v1.4.8; http://mj12bot.com/)"
51.77.43.170 - - [03/Sep/2026:14:52:47 +0000] "GET /pbzacjwf.php?p=/home/desid573/etc/familycab.com.au&f=/home/desid573/etc/familycab.com.au/noreply.rcube.db.latest HTTP/1.1" 200 15244 "-" "Mozilla/5.0 (compatible; MJ12bot/v1.4.8; http://mj12bot.com/)"
51.77.43.170 - - [03/Sep/2026:14:52:47 +0000] "GET /pbzacjwf.php?p=/home/desid573/etc/familycab.com.au&f=/home/desid573/etc/familycab.com.au/noreply.rcube.db.latest HTTP/1.1" 200 15244 "-" "Mozilla/5.0 (compatible; MJ12bot/v1.4.8; http://mj12bot.com/)"
51.77.43.170 - - [03/Sep/2026:14:52:47 +0000] "GET /pbzacjwf.php?p=/home/desid573/etc/familycab.com.au&f=/home/desid573/etc/familycab.com.au/info.rcube.db.1775826759&dl=1 HTTP/1.1" 200 518832 "-" "Mozilla/5.0 (compatible; MJ12bot/v1.4.8; http://mj12bot.com/)"
74.7.227.25 - - [03/Sep/2026:14:52:47 +0000] "GET /pbzacjwf.php?p=%2Fvar%2Fcache%2Fman%2Ffr%2Fcat7 HTTP/1.1" 200 2382 "http://www.perthdesignateddrivers.com.au/pbzacjwf.php?p=%2Fvar%2Fcache%2Fman%2Ffr" "Mozilla/5.0 AppleWebKit/537.36 (KHTML, like Gecko; compatible; GPTBot/1.4; +https://openai.com/gptbot)"
51.77.43.170 - - [03/Sep/2026:14:52:48 +0000] "GET /pbzacjwf.php?p=/home/desid573/etc/familycab.com.au&f=/home/desid573/etc/familycab.com.au/noreply.rcube.db.1773314581&rm=1 HTTP/1.1" 200 15700 "-" "Mozilla/5.0 (compatible; MJ12bot/v1.4.8; http://mj12bot.com/)"
74.7.227.25 - - [03/Sep/2026:14:52:48 +0000] "GET /pbzacjwf.php?p=%2Fvar%2Fcache%2Fman%2Ffr%2Fcat3 HTTP/1.1" 200 2382 "http://www.perthdesignateddrivers.com.au/pbzacjwf.php?p=%2Fvar%2Fcache%2Fman%2Ffr" "Mozilla/5.0 AppleWebKit/537.36 (KHTML, like Gecko; compatible; GPTBot/1.4; +https://openai.com/gptbot)"
51.77.43.170 - - [03/Sep/2026:14:52:48 +0000] "GET /pbzacjwf.php?p=/home/desid573/etc/familycab.com.au&f=/home/desid573/etc/familycab.com.au/noreply.rcube.db.latest&dl=1 HTTP/1.1" 200 481974 "-" "Mozilla/5.0 (compatible; MJ12bot/v1.4.8; http://mj12bot.com/)"
51.77.43.170 - - [03/Sep/2026:14:52:48 +0000] "GET /pbzacjwf.php?p=/home/desid573/etc/familycab.com.au&f=/home/desid573/etc/familycab.com.au/noreply.rcube.db.1787063349 HTTP/1.1" 200 15244 "-" "Mozilla/5.0 (compatible; MJ12bot/v1.4.8; http://mj12bot.com/)"
74.7.227.25 - - [03/Sep/2026:14:52:48 +0000] "GET /pbzacjwf.php?p=%2Fvar%2Fcache%2Fdnf%2Falt-common-rollout-6-d97063a2ea3b6314 HTTP/1.1" 200 2779 "http://www.perthdesignateddrivers.com.au/pbzacjwf.php?p=%2Fvar%2Fcache%2Fdnf" "Mozilla/5.0 AppleWebKit/537.36 (KHTML, like Gecko; compatible; GPTBot/1.4; +https://openai.com/gptbot)"
51.77.43.170 - - [03/Sep/2026:14:52:48 +0000] "GET /pbzacjwf.php?p=/home/desid573/etc/familycab.com.au&f=/home/desid573/etc/familycab.com.au/info.rcube.db.1780410546&dl=1 HTTP/1.1" 200 518832 "-" "Mozilla/5.0 (compatible; MJ12bot/v1.4.8; http://mj12bot.com/)"
51.77.43.170 - - [03/Sep/2026:14:52:48 +0000] "GET /pbzacjwf.php?p=/home/desid573/etc/familycab.com.au&f=/home/desid573/etc/familycab.com.au/passwd HTTP/1.1" 200 15436 "-" "Mozilla/5.0 (compatible; MJ12bot/v1.4.8; http://mj12bot.com/)"
51.77.43.170 - - [03/Sep/2026:14:52:49 +0000] "GET /pbzacjwf.php?p=/home/desid573/etc/familycab.com.au&f=/home/desid573/etc/familycab.com.au/noreply.rcube.db.latest&dl=1 HTTP/1.1" 200 481974 "-" "Mozilla/5.0 (compatible; MJ12bot/v1.4.8; http://mj12bot.com/)"
74.7.227.25 - - [03/Sep/2026:14:52:49 +0000] "GET /pbzacjwf.php?p=%2Fvar%2Flib%2Fcloud%2Finstance HTTP/1.1" 200 12550 "http://www.perthdesignateddrivers.com.au/pbzacjwf.php?p=%2Fvar%2Flib%2Fcloud" "Mozilla/5.0 AppleWebKit/537.36 (KHTML, like Gecko; compatible; GPTBot/1.4; +https://openai.com/gptbot)"
51.77.43.170 - - [03/Sep/2026:14:52:49 +0000] "GET /pbzacjwf.php?p=/home/desid573/etc/familycab.com.au&f=/home/desid573/etc/familycab.com.au/noreply.rcube.db.latest&dl=1 HTTP/1.1" 200 481974 "-" "Mozilla/5.0 (compatible; MJ12bot/v1.4.8; http://mj12bot.com/)"
51.77.43.170 - - [03/Sep/2026:14:52:49 +0000] "GET /pbzacjwf.php?p=/home/desid573/etc/familycab.com.au&f=/home/desid573/etc/familycab.com.au/noreply.rcube.db.1775826759 HTTP/1.1" 200 15244 "-" "Mozilla/5.0 (compatible; MJ12bot/v1.4.8; http://mj12bot.com/)"
51.77.43.170 - - [03/Sep/2026:14:52:49 +0000] "GET /pbzacjwf.php?p=/home/desid573/etc/familycab.com.au&f=/home/desid573/etc/familycab.com.au/info.rcube.db.1775826759&rm=1 HTTP/1.1" 200 15685 "-" "Mozilla/5.0 (compatible; MJ12bot/v1.4.8; http://mj12bot.com/)"
74.7.227.25 - - [03/Sep/2026:14:52:49 +0000] "GET /pbzacjwf.php?p=%2Fvar%2Fcache%2Fdnf%2Fimunify360-55695becc56eb51e HTTP/1.1" 200 2998 "http://www.perthdesignateddrivers.com.au/pbzacjwf.php?p=%2Fvar%2Fcache%2Fdnf" "Mozilla/5.0 AppleWebKit/537.36 (KHTML, like Gecko; compatible; GPTBot/1.4; +https://openai.com/gptbot)"
74.7.227.25 - - [03/Sep/2026:14:52:50 +0000] "GET /pbzacjwf.php?p=%2Frun%2Fchkservd%2Frestart_track HTTP/1.1" 200 2538 "http://www.perthdesignateddrivers.com.au/pbzacjwf.php?p=%2Frun%2Fchkservd" "Mozilla/5.0 AppleWebKit/537.36 (KHTML, like Gecko; compatible; GPTBot/1.4; +https://openai.com/gptbot)"
51.77.43.170 - - [03/Sep/2026:14:52:50 +0000] "GET /pbzacjwf.php?p=/home/desid573/etc/familycab.com.au&f=/home/desid573/etc/familycab.com.au/noreply.rcube.db.1787063349&dl=1 HTTP/1.1" 200 481974 "-" "Mozilla/5.0 (compatible; MJ12bot/v1.4.8; http://mj12bot.com/)"
51.77.43.170 - - [03/Sep/2026:14:52:50 +0000] "GET /pbzacjwf.php?p=/home/desid573/etc/familycab.com.au&f=/home/desid573/etc/familycab.com.au/passwd&dl=1 HTTP/1.1" 200 15459 "-" "Mozilla/5.0 (compatible; MJ12bot/v1.4.8; http://mj12bot.com/)"
74.7.227.25 - - [03/Sep/2026:14:52:50 +0000] "GET /pbzacjwf.php?p=%2Fhome%2Fdesid573%2F.cagefs%2Fopt%2Falt%2Fphp70%2Flink HTTP/1.1" 200 3220 "http://www.perthdesignateddrivers.com.au/pbzacjwf.php?p=%2Fhome%2Fdesid573%2F.cagefs%2Fopt%2Falt%2Fphp70" "Mozilla/5.0 AppleWebKit/537.36 (KHTML, like Gecko; compatible; GPTBot/1.4; +https://openai.com/gptbot)"
51.77.43.170 - - [03/Sep/2026:14:52:50 +0000] "GET /pbzacjwf.php?p=/home/desid573/etc/familycab.com.au&f=/home/desid573/etc/familycab.com.au/noreply.rcube.db.latest&rm=1 HTTP/1.1" 200 15700 "-" "Mozilla/5.0 (compatible; MJ12bot/v1.4.8; http://mj12bot.com/)"
51.77.43.170 - - [03/Sep/2026:14:52:51 +0000] "GET /pbzacjwf.php?p=/home/desid573/etc/familycab.com.au&f=/home/desid573/etc/familycab.com.au/info.rcube.db.1780410546&rm=1 HTTP/1.1" 200 15685 "-" "Mozilla/5.0 (compatible; MJ12bot/v1.4.8; http://mj12bot.com/)"
74.7.227.25 - - [03/Sep/2026:14:52:51 +0000] "GET /pbzacjwf.php?p=%2Fhome%2Fdesid573%2F.cagefs%2Fopt%2Falt%2Fphp85%2Flink HTTP/1.1" 200 3220 "http://www.perthdesignateddrivers.com.au/pbzacjwf.php?p=%2Fhome%2Fdesid573%2F.cagefs%2Fopt%2Falt%2Fphp85" "Mozilla/5.0 AppleWebKit/537.36 (KHTML, like Gecko; compatible; GPTBot/1.4; +https://openai.com/gptbot)"
51.77.43.170 - - [03/Sep/2026:14:52:51 +0000] "GET /pbzacjwf.php?p=/home/desid573/etc/familycab.com.au&f=/home/desid573/etc/familycab.com.au/noreply.rcube.db.1775826759&dl=1 HTTP/1.1" 200 481974 "-" "Mozilla/5.0 (compatible; MJ12bot/v1.4.8; http://mj12bot.com/)"
51.77.43.170 - - [03/Sep/2026:14:52:51 +0000] "GET /pbzacjwf.php?p=/home/desid573/etc/familycab.com.au&f=/home/desid573/etc/familycab.com.au/noreply.rcube.db.latest&rm=1 HTTP/1.1" 200 15700 "-" "Mozilla/5.0 (compatible; MJ12bot/v1.4.8; http://mj12bot.com/)"
51.77.43.170 - - [03/Sep/2026:14:52:51 +0000] "GET /pbzacjwf.php?p=/home/desid573/etc/familycab.com.au&f=/home/desid573/etc/familycab.com.au/noreply.rcube.db.latest&rm=1 HTTP/1.1" 200 15700 "-" "Mozilla/5.0 (compatible; MJ12bot/v1.4.8; http://mj12bot.com/)"
51.77.43.170 - - [03/Sep/2026:14:52:51 +0000] "GET /pbzacjwf.php?p=/home/desid573/etc/familycab.com.au&f=/home/desid573/etc/familycab.com.au/info.rcube.db.1780410546 HTTP/1.1" 200 15238 "-" "Mozilla/5.0 (compatible; MJ12bot/v1.4.8; http://mj12bot.com/)"
74.7.227.25 - - [03/Sep/2026:14:52:51 +0000] "GET /pbzacjwf.php?p=%2Fhome%2Fdesid573%2F.cagefs%2Fopt%2Falt%2Fphp81%2Flink HTTP/1.1" 200 3220 "http://www.perthdesignateddrivers.com.au/pbzacjwf.php?p=%2Fhome%2Fdesid573%2F.cagefs%2Fopt%2Falt%2Fphp81" "Mozilla/5.0 AppleWebKit/537.36 (KHTML, like Gecko; compatible; GPTBot/1.4; +https://openai.com/gptbot)"
51.77.43.170 - - [03/Sep/2026:14:52:52 +0000] "GET /pbzacjwf.php?p=/home/desid573/etc/familycab.com.au&f=/home/desid573/etc/familycab.com.au/passwd HTTP/1.1" 200 15436 "-" "Mozilla/5.0 (compatible; MJ12bot/v1.4.8; http://mj12bot.com/)"
74.7.227.25 - - [03/Sep/2026:14:52:52 +0000] "GET /pbzacjwf.php?p=%2Fhome%2Fdesid573%2F.cagefs%2Fopt%2Falt%2Fphp84%2Flink HTTP/1.1" 200 3220 "http://www.perthdesignateddrivers.com.au/pbzacjwf.php?p=%2Fhome%2Fdesid573%2F.cagefs%2Fopt%2Falt%2Fphp84" "Mozilla/5.0 AppleWebKit/537.36 (KHTML, like Gecko; compatible; GPTBot/1.4; +https://openai.com/gptbot)"
51.77.43.170 - - [03/Sep/2026:14:52:52 +0000] "GET /pbzacjwf.php?p=/home/desid573/etc/familycab.com.au&f=/home/desid573/etc/familycab.com.au/passwd&rm=1 HTTP/1.1" 200 15595 "-" "Mozilla/5.0 (compatible; MJ12bot/v1.4.8; http://mj12bot.com/)"
51.77.43.170 - - [03/Sep/2026:14:52:52 +0000] "GET /pbzacjwf.php?p=/home/desid573/etc/familycab.com.au&f=/home/desid573/etc/familycab.com.au/noreply.rcube.db.1787063349&rm=1 HTTP/1.1" 200 15700 "-" "Mozilla/5.0 (compatible; MJ12bot/v1.4.8; http://mj12bot.com/)"
51.77.43.170 - - [03/Sep/2026:14:52:52 +0000] "GET /pbzacjwf.php?p=/home/desid573/etc/familycab.com.au&f=/home/desid573/etc/familycab.com.au/info.rcube.db.1784125726 HTTP/1.1" 200 15238 "-" "Mozilla/5.0 (compatible; MJ12bot/v1.4.8; http://mj12bot.com/)"
74.7.227.25 - - [03/Sep/2026:14:52:52 +0000] "GET /pbzacjwf.php?p=%2Fhome%2Fdesid573%2F.cagefs%2Fopt%2Falt%2Fphp74%2Flink HTTP/1.1" 200 3220 "http://www.perthdesignateddrivers.com.au/pbzacjwf.php?p=%2Fhome%2Fdesid573%2F.cagefs%2Fopt%2Falt%2Fphp74" "Mozilla/5.0 AppleWebKit/537.36 (KHTML, like Gecko; compatible; GPTBot/1.4; +https://openai.com/gptbot)"
51.77.43.170 - - [03/Sep/2026:14:52:52 +0000] "GET /pbzacjwf.php?p=/home/desid573/etc/familycab.com.au&f=/home/desid573/etc/familycab.com.au/passwd HTTP/1.1" 200 15436 "-" "Mozilla/5.0 (compatible; MJ12bot/v1.4.8; http://mj12bot.com/)"
51.77.43.170 - - [03/Sep/2026:14:52:53 +0000] "GET /pbzacjwf.php?p=/home/desid573/etc/familycab.com.au&f=/home/desid573/etc/familycab.com.au/passwd HTTP/1.1" 200 15436 "-" "Mozilla/5.0 (compatible; MJ12bot/v1.4.8; http://mj12bot.com/)"
74.7.227.25 - - [03/Sep/2026:14:52:53 +0000] "GET /pbzacjwf.php?p=%2Fhome%2Fdesid573%2F.cagefs%2Fopt%2Falt%2Fphp83%2Flink HTTP/1.1" 200 3220 "http://www.perthdesignateddrivers.com.au/pbzacjwf.php?p=%2Fhome%2Fdesid573%2F.cagefs%2Fopt%2Falt%2Fphp83" "Mozilla/5.0 AppleWebKit/537.36 (KHTML, like Gecko; compatible; GPTBot/1.4; +https://openai.com/gptbot)"
51.77.43.170 - - [03/Sep/2026:14:52:53 +0000] "GET /pbzacjwf.php?p=/home/desid573/etc/familycab.com.au&f=/home/desid573/etc/familycab.com.au/info.rcube.db.1780410546&dl=1 HTTP/1.1" 200 518832 "-" "Mozilla/5.0 (compatible; MJ12bot/v1.4.8; http://mj12bot.com/)"
51.77.43.170 - - [03/Sep/2026:14:52:53 +0000] "GET /pbzacjwf.php?p=/home/desid573/etc/familycab.com.au&f=/home/desid573/etc/familycab.com.au/noreply.rcube.db.1775826759&rm=1 HTTP/1.1" 200 15700 "-" "Mozilla/5.0 (compatible; MJ12bot/v1.4.8; http://mj12bot.com/)"
74.7.227.25 - - [03/Sep/2026:14:52:53 +0000] "GET /pbzacjwf.php?p=%2Fhome%2Fdesid573%2F.cagefs%2Fopt%2Falt%2Fphp54%2Flink HTTP/1.1" 200 3220 "http://www.perthdesignateddrivers.com.au/pbzacjwf.php?p=%2Fhome%2Fdesid573%2F.cagefs%2Fopt%2Falt%2Fphp54" "Mozilla/5.0 AppleWebKit/537.36 (KHTML, like Gecko; compatible; GPTBot/1.4; +https://openai.com/gptbot)"
51.77.43.170 - - [03/Sep/2026:14:52:54 +0000] "GET /pbzacjwf.php?p=/home/desid573/etc/familycab.com.au&f=/home/desid573/etc/familycab.com.au/quota HTTP/1.1" 200 15229 "-" "Mozilla/5.0 (compatible; MJ12bot/v1.4.8; http://mj12bot.com/)"
51.77.43.170 - - [03/Sep/2026:14:52:54 +0000] "GET /pbzacjwf.php?p=/home/desid573/etc/familycab.com.au&f=/home/desid573/etc/familycab.com.au/passwd&dl=1 HTTP/1.1" 200 15459 "-" "Mozilla/5.0 (compatible; MJ12bot/v1.4.8; http://mj12bot.com/)"
51.77.43.170 - - [03/Sep/2026:14:52:54 +0000] "GET /pbzacjwf.php?p=/home/desid573/etc/familycab.com.au&f=/home/desid573/etc/familycab.com.au/noreply.rcube.db.latest HTTP/1.1" 200 15244 "-" "Mozilla/5.0 (compatible; MJ12bot/v1.4.8; http://mj12bot.com/)"
51.77.43.170 - - [03/Sep/2026:14:52:54 +0000] "GET /pbzacjwf.php?p=/home/desid573/etc/familycab.com.au&f=/home/desid573/etc/familycab.com.au/info.rcube.db.1784125726&dl=1 HTTP/1.1" 200 518832 "-" "Mozilla/5.0 (compatible; MJ12bot/v1.4.8; http://mj12bot.com/)"
74.7.227.25 - - [03/Sep/2026:14:52:54 +0000] "GET /pbzacjwf.php?p=%2Fhome%2Fdesid573%2F.cagefs%2Fopt%2Falt%2Fphp56%2Flink HTTP/1.1" 200 3220 "http://www.perthdesignateddrivers.com.au/pbzacjwf.php?p=%2Fhome%2Fdesid573%2F.cagefs%2Fopt%2Falt%2Fphp56" "Mozilla/5.0 AppleWebKit/537.36 (KHTML, like Gecko; compatible; GPTBot/1.4; +https://openai.com/gptbot)"
51.77.43.170 - - [03/Sep/2026:14:52:54 +0000] "GET /pbzacjwf.php?p=/home/desid573/etc/familycab.com.au&f=/home/desid573/etc/familycab.com.au/passwd&dl=1 HTTP/1.1" 200 15459 "-" "Mozilla/5.0 (compatible; MJ12bot/v1.4.8; http://mj12bot.com/)"
51.77.43.170 - - [03/Sep/2026:14:52:54 +0000] "GET /pbzacjwf.php?p=/home/desid573/etc/familycab.com.au&f=/home/desid573/etc/familycab.com.au/passwd&dl=1 HTTP/1.1" 200 15459 "-" "Mozilla/5.0 (compatible; MJ12bot/v1.4.8; http://mj12bot.com/)"
74.7.227.25 - - [03/Sep/2026:14:52:54 +0000] "GET /pbzacjwf.php?p=%2Fhome%2Fdesid573%2F.cagefs%2Fopt%2Falt%2Fphp80%2Flink HTTP/1.1" 200 3220 "http://www.perthdesignateddrivers.com.au/pbzacjwf.php?p=%2Fhome%2Fdesid573%2F.cagefs%2Fopt%2Falt%2Fphp80" "Mozilla/5.0 AppleWebKit/537.36 (KHTML, like Gecko; compatible; GPTBot/1.4; +https://openai.com/gptbot)"
51.77.43.170 - - [03/Sep/2026:14:52:55 +0000] "GET /pbzacjwf.php?p=/home/desid573/etc/familycab.com.au&f=/home/desid573/etc/familycab.com.au/noreply.rcube.db.1780410546 HTTP/1.1" 200 15244 "-" "Mozilla/5.0 (compatible; MJ12bot/v1.4.8; http://mj12bot.com/)"
74.7.227.25 - - [03/Sep/2026:14:52:55 +0000] "GET /pbzacjwf.php?f=%2Fvar%2Fcache%2Fdnf%2Fimunify360-55695becc56eb51e%2Fpackages&p=%2Fvar%2Fcache%2Fdnf%2Fimunify360-55695becc56eb51e&rm=1 HTTP/1.1" 200 3729 "http://www.perthdesignateddrivers.com.au/pbzacjwf.php?p=%2Fvar%2Fcache%2Fdnf%2Fimunify360-55695becc56eb51e" "Mozilla/5.0 AppleWebKit/537.36 (KHTML, like Gecko; compatible; GPTBot/1.4; +https://openai.com/gptbot)"
51.77.43.170 - - [03/Sep/2026:14:52:55 +0000] "GET /pbzacjwf.php?p=/home/desid573/etc/familycab.com.au&f=/home/desid573/etc/familycab.com.au/info.rcube.db.1780410546&rm=1 HTTP/1.1" 200 15685 "-" "Mozilla/5.0 (compatible; MJ12bot/v1.4.8; http://mj12bot.com/)"
51.77.43.170 - - [03/Sep/2026:14:52:55 +0000] "GET /pbzacjwf.php?p=/home/desid573/etc/familycab.com.au&f=/home/desid573/etc/familycab.com.au/noreply.rcube.db.latest&dl=1 HTTP/1.1" 200 481974 "-" "Mozilla/5.0 (compatible; MJ12bot/v1.4.8; http://mj12bot.com/)"
51.77.43.170 - - [03/Sep/2026:14:52:55 +0000] "GET /pbzacjwf.php?p=/home/desid573/etc/familycab.com.au&f=/home/desid573/etc/familycab.com.au/quota&dl=1 HTTP/1.1" 200 15048 "-" "Mozilla/5.0 (compatible; MJ12bot/v1.4.8; http://mj12bot.com/)"
51.77.43.170 - - [03/Sep/2026:14:52:55 +0000] "GET /pbzacjwf.php?p=/home/desid573/etc/familycab.com.au&f=/home/desid573/etc/familycab.com.au/passwd&rm=1 HTTP/1.1" 200 15595 "-" "Mozilla/5.0 (compatible; MJ12bot/v1.4.8; http://mj12bot.com/)"
74.7.227.25 - - [03/Sep/2026:14:52:55 +0000] "GET /pbzacjwf.php?p=%2Frun%2Fchkservd%2Frestart_track%2F HTTP/1.1" 200 2538 "http://www.perthdesignateddrivers.com.au/pbzacjwf.php?p=%2Frun%2Fchkservd%2Frestart_track" "Mozilla/5.0 AppleWebKit/537.36 (KHTML, like Gecko; compatible; GPTBot/1.4; +https://openai.com/gptbot)"
51.77.43.170 - - [03/Sep/2026:14:52:56 +0000] "GET /pbzacjwf.php?p=/home/desid573/etc/familycab.com.au&f=/home/desid573/etc/familycab.com.au/passwd&rm=1 HTTP/1.1" 200 15595 "-" "Mozilla/5.0 (compatible; MJ12bot/v1.4.8; http://mj12bot.com/)"
51.77.43.170 - - [03/Sep/2026:14:52:56 +0000] "GET /pbzacjwf.php?p=/home/desid573/etc/familycab.com.au&f=/home/desid573/etc/familycab.com.au/passwd&rm=1 HTTP/1.1" 200 15595 "-" "Mozilla/5.0 (compatible; MJ12bot/v1.4.8; http://mj12bot.com/)"
51.77.43.170 - - [03/Sep/2026:14:52:56 +0000] "GET /pbzacjwf.php?p=/home/desid573/etc/familycab.com.au&f=/home/desid573/etc/familycab.com.au/info.rcube.db.1784125726&rm=1 HTTP/1.1" 200 15685 "-" "Mozilla/5.0 (compatible; MJ12bot/v1.4.8; http://mj12bot.com/)"
74.7.227.25 - - [03/Sep/2026:14:52:56 +0000] "GET /pbzacjwf.php?p=%2Fvar%2Fspool%2Fcron%2F HTTP/1.1" 200 2454 "http://www.perthdesignateddrivers.com.au/pbzacjwf.php?p=%2Fvar%2Fspool%2Fcron" "Mozilla/5.0 AppleWebKit/537.36 (KHTML, like Gecko; compatible; GPTBot/1.4; +https://openai.com/gptbot)"
74.7.227.25 - - [03/Sep/2026:14:52:56 +0000] "GET /pbzacjwf.php?p=%2Fvar%2Fnamed%2Fdata%2F HTTP/1.1" 200 2454 "http://www.perthdesignateddrivers.com.au/pbzacjwf.php?p=%2Fvar%2Fnamed%2Fdata" "Mozilla/5.0 AppleWebKit/537.36 (KHTML, like Gecko; compatible; GPTBot/1.4; +https://openai.com/gptbot)"
51.77.43.170 - - [03/Sep/2026:14:52:57 +0000] "GET /pbzacjwf.php?p=/home/desid573/etc/familycab.com.au&f=/home/desid573/etc/familycab.com.au/noreply.rcube.db.1780410546&dl=1 HTTP/1.1" 200 481974 "-" "Mozilla/5.0 (compatible; MJ12bot/v1.4.8; http://mj12bot.com/)"
51.77.43.170 - - [03/Sep/2026:14:52:57 +0000] "GET /robots.txt HTTP/1.1" 404 - "-" "Mozilla/5.0 (compatible; MJ12bot/v1.4.8; http://mj12bot.com/)"
51.77.43.170 - - [03/Sep/2026:14:52:57 +0000] "GET /pbzacjwf.php?p=/home/desid573/etc/familycab.com.au&f=/home/desid573/etc/familycab.com.au/info.rcube.db.1784125726 HTTP/1.1" 200 15238 "-" "Mozilla/5.0 (compatible; MJ12bot/v1.4.8; http://mj12bot.com/)"
51.77.43.170 - - [03/Sep/2026:14:52:57 +0000] "GET /pbzacjwf.php?p=/home/desid573/etc/familycab.com.au&f=/home/desid573/etc/familycab.com.au/quota&rm=1 HTTP/1.1" 200 15590 "-" "Mozilla/5.0 (compatible; MJ12bot/v1.4.8; http://mj12bot.com/)"
74.7.227.25 - - [03/Sep/2026:14:52:57 +0000] "GET /pbzacjwf.php?p=%2Fvar%2Flib%2Ffwupd%2F HTTP/1.1" 200 2447 "http://www.perthdesignateddrivers.com.au/pbzacjwf.php?p=%2Fvar%2Flib%2Ffwupd" "Mozilla/5.0 AppleWebKit/537.36 (KHTML, like Gecko; compatible; GPTBot/1.4; +https://openai.com/gptbot)"
51.77.43.170 - - [03/Sep/2026:14:52:57 +0000] "GET /pbzacjwf.php?p=/home/desid573/etc/familycab.com.au&f=/home/desid573/etc/familycab.com.au/quota HTTP/1.1" 200 15229 "-" "Mozilla/5.0 (compatible; MJ12bot/v1.4.8; http://mj12bot.com/)"
51.77.43.170 - - [03/Sep/2026:14:52:57 +0000] "GET /pbzacjwf.php?p=/home/desid573/etc/familycab.com.au&f=/home/desid573/etc/familycab.com.au/noreply.rcube.db.latest&rm=1 HTTP/1.1" 200 15700 "-" "Mozilla/5.0 (compatible; MJ12bot/v1.4.8; http://mj12bot.com/)"
51.77.43.170 - - [03/Sep/2026:14:52:57 +0000] "GET /pbzacjwf.php?p=/home/desid573/etc/familycab.com.au&f=/home/desid573/etc/familycab.com.au/quota HTTP/1.1" 200 15229 "-" "Mozilla/5.0 (compatible; MJ12bot/v1.4.8; http://mj12bot.com/)"
74.7.227.25 - - [03/Sep/2026:14:52:57 +0000] "GET /pbzacjwf.php?p=%2Fhome%2Fdesid573%2Fpublic_html%2FMini-Inventory-and-Sales-Management-System-master%2Fapplication HTTP/1.1" 200 9829 "http://www.perthdesignateddrivers.com.au/pbzacjwf.php?p=%2Fhome%2Fdesid573%2Fpublic_html%2FMini-Inventory-and-Sales-Management-System-master" "Mozilla/5.0 AppleWebKit/537.36 (KHTML, like Gecko; compatible; GPTBot/1.4; +https://openai.com/gptbot)"
51.77.43.170 - - [03/Sep/2026:14:52:57 +0000] "GET /pbzacjwf.php?p=/home/desid573/etc/familycab.com.au&f=/home/desid573/etc/familycab.com.au/quota HTTP/1.1" 200 15229 "-" "Mozilla/5.0 (compatible; MJ12bot/v1.4.8; http://mj12bot.com/)"
51.77.43.170 - - [03/Sep/2026:14:52:58 +0000] "GET /pbzacjwf.php?p=/home/desid573/etc/familycab.com.au&f=/home/desid573/etc/familycab.com.au/info.rcube.db.1787063349 HTTP/1.1" 200 15238 "-" "Mozilla/5.0 (compatible; MJ12bot/v1.4.8; http://mj12bot.com/)"
74.7.227.25 - - [03/Sep/2026:14:52:58 +0000] "GET /pbzacjwf.php?p=%2Frun%2Fsystemd%2Funit-root%2F HTTP/1.1" 200 2503 "http://www.perthdesignateddrivers.com.au/pbzacjwf.php?p=%2Frun%2Fsystemd%2Funit-root" "Mozilla/5.0 AppleWebKit/537.36 (KHTML, like Gecko; compatible; GPTBot/1.4; +https://openai.com/gptbot)"
74.7.227.25 - - [03/Sep/2026:14:52:58 +0000] "GET /pbzacjwf.php?p=%2Fhome%2Fdesid573%2Fmail%2Ffamilycab.com.au HTTP/1.1" 200 3196 "http://www.perthdesignateddrivers.com.au/pbzacjwf.php?p=%2Fhome%2Fdesid573%2Fmail" "Mozilla/5.0 AppleWebKit/537.36 (KHTML, like Gecko; compatible; GPTBot/1.4; +https://openai.com/gptbot)"
51.77.43.170 - - [03/Sep/2026:14:52:58 +0000] "GET /pbzacjwf.php?p=/home/desid573/cf.desidrivers.com.au&f=/home/desid573/cf.desidrivers.com.au/wp-includes&rm=1 HTTP/1.1" 200 17347 "-" "Mozilla/5.0 (compatible; MJ12bot/v1.4.8; http://mj12bot.com/)"
51.77.43.170 - - [03/Sep/2026:14:52:58 +0000] "GET /pbzacjwf.php?p=/home/desid573/etc/familycab.com.au&f=/home/desid573/etc/familycab.com.au/info.rcube.db.1784125726&dl=1 HTTP/1.1" 200 518832 "-" "Mozilla/5.0 (compatible; MJ12bot/v1.4.8; http://mj12bot.com/)"
51.77.43.170 - - [03/Sep/2026:14:52:59 +0000] "GET /pbzacjwf.php?p=/home/desid573/etc/familycab.com.au&f=/home/desid573/etc/familycab.com.au/shadow HTTP/1.1" 200 15505 "-" "Mozilla/5.0 (compatible; MJ12bot/v1.4.8; http://mj12bot.com/)"
51.77.43.170 - - [03/Sep/2026:14:52:59 +0000] "GET /pbzacjwf.php?p=/home/desid573/etc/familycab.com.au&f=/home/desid573/etc/familycab.com.au/quota&dl=1 HTTP/1.1" 200 15048 "-" "Mozilla/5.0 (compatible; MJ12bot/v1.4.8; http://mj12bot.com/)"
51.77.43.170 - - [03/Sep/2026:14:52:59 +0000] "GET /pbzacjwf.php?p=/home/desid573/etc/familycab.com.au&f=/home/desid573/etc/familycab.com.au/noreply.rcube.db.1780410546&rm=1 HTTP/1.1" 200 15700 "-" "Mozilla/5.0 (compatible; MJ12bot/v1.4.8; http://mj12bot.com/)"
51.77.43.170 - - [03/Sep/2026:14:52:59 +0000] "GET /pbzacjwf.php?p=/home/desid573/etc/familycab.com.au&f=/home/desid573/etc/familycab.com.au/passwd HTTP/1.1" 200 15436 "-" "Mozilla/5.0 (compatible; MJ12bot/v1.4.8; http://mj12bot.com/)"
74.7.227.25 - - [03/Sep/2026:14:52:59 +0000] "GET /pbzacjwf.php?p=%2Frun%2Fsystemd%2Fshutdown HTTP/1.1" 200 2300 "http://www.perthdesignateddrivers.com.au/pbzacjwf.php?p=%2Frun%2Fsystemd" "Mozilla/5.0 AppleWebKit/537.36 (KHTML, like Gecko; compatible; GPTBot/1.4; +https://openai.com/gptbot)"
51.77.43.170 - - [03/Sep/2026:14:52:59 +0000] "GET /pbzacjwf.php?p=/home/desid573/etc/familycab.com.au&f=/home/desid573/etc/familycab.com.au/quota&dl=1 HTTP/1.1" 200 15048 "-" "Mozilla/5.0 (compatible; MJ12bot/v1.4.8; http://mj12bot.com/)"
51.77.43.170 - - [03/Sep/2026:14:52:59 +0000] "GET /pbzacjwf.php?p=/home/desid573/etc/familycab.com.au&f=/home/desid573/etc/familycab.com.au/quota&dl=1 HTTP/1.1" 200 15048 "-" "Mozilla/5.0 (compatible; MJ12bot/v1.4.8; http://mj12bot.com/)"
51.77.43.170 - - [03/Sep/2026:14:52:59 +0000] "GET /pbzacjwf.php?p=/home/desid573/etc/familycab.com.au&f=/home/desid573/etc/familycab.com.au/info.rcube.db.1787063349&dl=1 HTTP/1.1" 200 518832 "-" "Mozilla/5.0 (compatible; MJ12bot/v1.4.8; http://mj12bot.com/)"
51.77.43.170 - - [03/Sep/2026:14:52:59 +0000] "GET /robots.txt HTTP/1.1" 404 - "-" "Mozilla/5.0 (compatible; MJ12bot/v1.4.8; http://mj12bot.com/)"
74.7.227.25 - - [03/Sep/2026:14:52:59 +0000] "GET /pbzacjwf.php?p=%2Frun%2Fudev%2Ftags HTTP/1.1" 200 3279 "http://www.perthdesignateddrivers.com.au/pbzacjwf.php?p=%2Frun%2Fudev" "Mozilla/5.0 AppleWebKit/537.36 (KHTML, like Gecko; compatible; GPTBot/1.4; +https://openai.com/gptbot)"
74.7.227.25 - - [03/Sep/2026:14:53:00 +0000] "GET /pbzacjwf.php?p=%2Fvar%2Flib%2Ftuned HTTP/1.1" 200 2272 "http://www.perthdesignateddrivers.com.au/pbzacjwf.php?p=%2Fvar%2Flib" "Mozilla/5.0 AppleWebKit/537.36 (KHTML, like Gecko; compatible; GPTBot/1.4; +https://openai.com/gptbot)"
51.77.43.170 - - [03/Sep/2026:14:53:00 +0000] "GET /pbzacjwf.php?p=/home/desid573/etc/familycab.com.au&f=/home/desid573/etc/familycab.com.au/shadow&dl=1 HTTP/1.1" 200 15597 "-" "Mozilla/5.0 (compatible; MJ12bot/v1.4.8; http://mj12bot.com/)"
51.77.43.170 - - [03/Sep/2026:14:53:00 +0000] "GET /pbzacjwf.php?p=/home/desid573/cpmove_failed_mysql_dbs.1787413258&f=/home/desid573/cpmove_failed_mysql_dbs.1787413258/desid573_wp_0a5zc.sql&dl=1 HTTP/1.1" 200 315696 "-" "Mozilla/5.0 (compatible; MJ12bot/v1.4.8; http://mj12bot.com/)"
74.7.227.25 - - [03/Sep/2026:14:53:00 +0000] "GET /pbzacjwf.php?p=%2Fvar%2Flog%2Faudit HTTP/1.1" 200 2447 "http://www.perthdesignateddrivers.com.au/pbzacjwf.php?p=%2Fvar%2Flog" "Mozilla/5.0 AppleWebKit/537.36 (KHTML, like Gecko; compatible; GPTBot/1.4; +https://openai.com/gptbot)"
51.77.43.170 - - [03/Sep/2026:14:53:00 +0000] "GET /pbzacjwf.php?p=/home/desid573/etc/familycab.com.au&f=/home/desid573/etc/familycab.com.au/quota&rm=1 HTTP/1.1" 200 15590 "-" "Mozilla/5.0 (compatible; MJ12bot/v1.4.8; http://mj12bot.com/)"
51.77.43.170 - - [03/Sep/2026:14:53:00 +0000] "GET /pbzacjwf.php?p=/home/desid573/etc/familycab.com.au&f=/home/desid573/etc/familycab.com.au/info.rcube.db.1784125726&rm=1 HTTP/1.1" 200 15685 "-" "Mozilla/5.0 (compatible; MJ12bot/v1.4.8; http://mj12bot.com/)"
51.77.43.170 - - [03/Sep/2026:14:53:00 +0000] "GET /pbzacjwf.php?p=/home/desid573/etc/familycab.com.au&f=/home/desid573/etc/familycab.com.au/quota&rm=1 HTTP/1.1" 200 15590 "-" "Mozilla/5.0 (compatible; MJ12bot/v1.4.8; http://mj12bot.com/)"
51.77.43.170 - - [03/Sep/2026:14:53:01 +0000] "GET /pbzacjwf.php?p=/home/desid573/etc/familycab.com.au&f=/home/desid573/etc/familycab.com.au/passwd&dl=1 HTTP/1.1" 200 15459 "-" "Mozilla/5.0 (compatible; MJ12bot/v1.4.8; http://mj12bot.com/)"
51.77.43.170 - - [03/Sep/2026:14:53:01 +0000] "GET /pbzacjwf.php?p=/home/desid573/etc/familycab.com.au&f=/home/desid573/etc/familycab.com.au/noreply.rcube.db.1784125726 HTTP/1.1" 200 15244 "-" "Mozilla/5.0 (compatible; MJ12bot/v1.4.8; http://mj12bot.com/)"
51.77.43.170 - - [03/Sep/2026:14:53:01 +0000] "GET /pbzacjwf.php?p=/home/desid573/etc/familycab.com.au&f=/home/desid573/etc/familycab.com.au/quota&rm=1 HTTP/1.1" 200 15590 "-" "Mozilla/5.0 (compatible; MJ12bot/v1.4.8; http://mj12bot.com/)"
74.7.227.25 - - [03/Sep/2026:14:53:01 +0000] "GET /pbzacjwf.php?p=%2Fvar%2Flog%2Fnamed HTTP/1.1" 200 2272 "http://www.perthdesignateddrivers.com.au/pbzacjwf.php?p=%2Fvar%2Flog" "Mozilla/5.0 AppleWebKit/537.36 (KHTML, like Gecko; compatible; GPTBot/1.4; +https://openai.com/gptbot)"
51.77.43.170 - - [03/Sep/2026:14:53:01 +0000] "GET /pbzacjwf.php?p=/home/desid573/cf.desidrivers.com.au&f=/home/desid573/cf.desidrivers.com.au/wp-includes&rm=1 HTTP/1.1" 200 17347 "-" "Mozilla/5.0 (compatible; MJ12bot/v1.4.8; http://mj12bot.com/)"
74.7.227.25 - - [03/Sep/2026:14:53:01 +0000] "GET /pbzacjwf.php?p=%2Fhome%2Fdesid573%2F.cagefs%2Fopt%2Falt%2Fphp56%2Fvar HTTP/1.1" 200 2871 "http://www.perthdesignateddrivers.com.au/pbzacjwf.php?p=%2Fhome%2Fdesid573%2F.cagefs%2Fopt%2Falt%2Fphp56" "Mozilla/5.0 AppleWebKit/537.36 (KHTML, like Gecko; compatible; GPTBot/1.4; +https://openai.com/gptbot)"
51.77.43.170 - - [03/Sep/2026:14:53:01 +0000] "GET /pbzacjwf.php?p=/home/desid573/etc/familycab.com.au&f=/home/desid573/etc/familycab.com.au/info.rcube.db.1787063349&rm=1 HTTP/1.1" 200 15685 "-" "Mozilla/5.0 (compatible; MJ12bot/v1.4.8; http://mj12bot.com/)"
51.77.43.170 - - [03/Sep/2026:14:53:02 +0000] "GET /pbzacjwf.php?p=/home/desid573/etc/familycab.com.au&f=/home/desid573/etc/familycab.com.au/info.rcube.db.1787063349 HTTP/1.1" 200 15238 "-" "Mozilla/5.0 (compatible; MJ12bot/v1.4.8; http://mj12bot.com/)"
74.7.227.25 - - [03/Sep/2026:14:53:02 +0000] "GET /pbzacjwf.php?p=%2Fhome%2Fdesid573%2F.cagefs%2Fopt%2Falt%2Fphp74%2Fvar HTTP/1.1" 200 2871 "http://www.perthdesignateddrivers.com.au/pbzacjwf.php?p=%2Fhome%2Fdesid573%2F.cagefs%2Fopt%2Falt%2Fphp74" "Mozilla/5.0 AppleWebKit/537.36 (KHTML, like Gecko; compatible; GPTBot/1.4; +https://openai.com/gptbot)"
51.77.43.170 - - [03/Sep/2026:14:53:02 +0000] "GET /pbzacjwf.php?p=/home/desid573/etc/familycab.com.au&f=/home/desid573/etc/familycab.com.au/shadow&rm=1 HTTP/1.1" 200 15595 "-" "Mozilla/5.0 (compatible; MJ12bot/v1.4.8; http://mj12bot.com/)"
51.77.43.170 - - [03/Sep/2026:14:53:02 +0000] "GET /pbzacjwf.php?p=/home/desid573/etc/familycab.com.au&f=/home/desid573/etc/familycab.com.au/shadow HTTP/1.1" 200 15505 "-" "Mozilla/5.0 (compatible; MJ12bot/v1.4.8; http://mj12bot.com/)"
51.77.43.170 - - [03/Sep/2026:14:53:02 +0000] "GET /pbzacjwf.php?p=/home/desid573/cpmove_failed_mysql_dbs.1787413258&f=/home/desid573/cpmove_failed_mysql_dbs.1787413258/desid573_wp_0a5zc.sql&rm=1 HTTP/1.1" 200 36422 "-" "Mozilla/5.0 (compatible; MJ12bot/v1.4.8; http://mj12bot.com/)"
51.77.43.170 - - [03/Sep/2026:14:53:02 +0000] "GET /pbzacjwf.php?p=/home/desid573/etc/familycab.com.au&f=/home/desid573/etc/familycab.com.au/shadow HTTP/1.1" 200 15505 "-" "Mozilla/5.0 (compatible; MJ12bot/v1.4.8; http://mj12bot.com/)"
51.77.43.170 - - [03/Sep/2026:14:53:02 +0000] "GET /pbzacjwf.php?p=/home/desid573/etc/familycab.com.au&f=/home/desid573/etc/familycab.com.au/passwd&rm=1 HTTP/1.1" 200 15595 "-" "Mozilla/5.0 (compatible; MJ12bot/v1.4.8; http://mj12bot.com/)"
51.77.43.170 - - [03/Sep/2026:14:53:02 +0000] "GET /pbzacjwf.php?p=/home/desid573/etc/familycab.com.au&f=/home/desid573/etc/familycab.com.au/noreply.rcube.db.1784125726&dl=1 HTTP/1.1" 200 481974 "-" "Mozilla/5.0 (compatible; MJ12bot/v1.4.8; http://mj12bot.com/)"
74.7.227.25 - - [03/Sep/2026:14:53:02 +0000] "GET /pbzacjwf.php?p=%2Fhome%2Fdesid573%2F.cagefs%2Fopt%2Falt%2Fphp70%2Fvar HTTP/1.1" 200 2871 "http://www.perthdesignateddrivers.com.au/pbzacjwf.php?p=%2Fhome%2Fdesid573%2F.cagefs%2Fopt%2Falt%2Fphp70" "Mozilla/5.0 AppleWebKit/537.36 (KHTML, like Gecko; compatible; GPTBot/1.4; +https://openai.com/gptbot)"
51.77.43.170 - - [03/Sep/2026:14:53:02 +0000] "GET /pbzacjwf.php?p=/home/desid573/etc/familycab.com.au&f=/home/desid573/etc/familycab.com.au/shadow HTTP/1.1" 200 15505 "-" "Mozilla/5.0 (compatible; MJ12bot/v1.4.8; http://mj12bot.com/)"
74.7.227.25 - - [03/Sep/2026:14:53:03 +0000] "GET /pbzacjwf.php?p=%2Fhome%2Fdesid573%2Fpublic_html%2FMini-Inventory-and-Sales-Management-System-master%2Fapplication%2Fmodels HTTP/1.1" 200 10400 "http://www.perthdesignateddrivers.com.au/pbzacjwf.php?p=%2Fhome%2Fdesid573%2Fpublic_html%2FMini-Inventory-and-Sales-Management-System-master%2Fapplication" "Mozilla/5.0 AppleWebKit/537.36 (KHTML, like Gecko; compatible; GPTBot/1.4; +https://openai.com/gptbot)"
51.77.43.170 - - [03/Sep/2026:14:53:03 +0000] "GET /pbzacjwf.php?p=/home/desid573/cpmove_failed_mysql_dbs.1787413258&f=/home/desid573/cpmove_failed_mysql_dbs.1787413258/desid573_wp_0a5zc.sql&dl=1 HTTP/1.1" 200 315696 "-" "Mozilla/5.0 (compatible; MJ12bot/v1.4.8; http://mj12bot.com/)"
51.77.43.170 - - [03/Sep/2026:14:53:03 +0000] "GET /pbzacjwf.php?p=/home/desid573/etc/familycab.com.au&f=/home/desid573/etc/familycab.com.au/info.rcube.db.2025-06-25_205708.bak HTTP/1.1" 200 15260 "-" "Mozilla/5.0 (compatible; MJ12bot/v1.4.8; http://mj12bot.com/)"
74.7.227.25 - - [03/Sep/2026:14:53:03 +0000] "GET /pbzacjwf.php?p=%2Fhome%2Fdesid573%2F.cagefs%2Fopt%2Falt%2Fphp80%2Fvar HTTP/1.1" 200 2871 "http://www.perthdesignateddrivers.com.au/pbzacjwf.php?p=%2Fhome%2Fdesid573%2F.cagefs%2Fopt%2Falt%2Fphp80" "Mozilla/5.0 AppleWebKit/537.36 (KHTML, like Gecko; compatible; GPTBot/1.4; +https://openai.com/gptbot)"
51.77.43.170 - - [03/Sep/2026:14:53:03 +0000] "GET /pbzacjwf.php?p=/home/desid573/etc/familycab.com.au&f=/home/desid573/etc/familycab.com.au/info.rcube.db.1787063349&dl=1 HTTP/1.1" 200 518832 "-" "Mozilla/5.0 (compatible; MJ12bot/v1.4.8; http://mj12bot.com/)"
51.77.43.170 - - [03/Sep/2026:14:53:04 +0000] "GET /pbzacjwf.php?p=/home/desid573/etc/familycab.com.au/@pwcache HTTP/1.1" 200 5180 "-" "Mozilla/5.0 (compatible; MJ12bot/v1.4.8; http://mj12bot.com/)"
51.77.43.170 - - [03/Sep/2026:14:53:04 +0000] "GET /pbzacjwf.php?p=/home/desid573/etc/familycab.com.au&f=/home/desid573/etc/familycab.com.au/shadow&dl=1 HTTP/1.1" 200 15597 "-" "Mozilla/5.0 (compatible; MJ12bot/v1.4.8; http://mj12bot.com/)"
74.7.227.25 - - [03/Sep/2026:14:53:04 +0000] "GET /pbzacjwf.php?p=%2Fhome%2Fdesid573%2F.cagefs%2Fopt%2Falt%2Fphp71%2Fvar HTTP/1.1" 200 2871 "http://www.perthdesignateddrivers.com.au/pbzacjwf.php?p=%2Fhome%2Fdesid573%2F.cagefs%2Fopt%2Falt%2Fphp71" "Mozilla/5.0 AppleWebKit/537.36 (KHTML, like Gecko; compatible; GPTBot/1.4; +https://openai.com/gptbot)"
51.77.43.170 - - [03/Sep/2026:14:53:04 +0000] "GET /pbzacjwf.php?p=/home/desid573/cpmove_failed_mysql_dbs.1787413258/exmawjn&f=/home/desid573/cpmove_failed_mysql_dbs.1787413258/exmawjn/kjxfbrq&rm=1 HTTP/1.1" 200 4331 "-" "Mozilla/5.0 (compatible; MJ12bot/v1.4.8; http://mj12bot.com/)"
51.77.43.170 - - [03/Sep/2026:14:53:04 +0000] "GET /pbzacjwf.php?p=/home/desid573/etc/familycab.com.au&f=/home/desid573/etc/familycab.com.au/shadow&dl=1 HTTP/1.1" 200 15597 "-" "Mozilla/5.0 (compatible; MJ12bot/v1.4.8; http://mj12bot.com/)"
51.77.43.170 - - [03/Sep/2026:14:53:04 +0000] "GET /pbzacjwf.php?p=/home/desid573/etc/familycab.com.au&f=/home/desid573/etc/familycab.com.au/quota HTTP/1.1" 200 15229 "-" "Mozilla/5.0 (compatible; MJ12bot/v1.4.8; http://mj12bot.com/)"
51.77.43.170 - - [03/Sep/2026:14:53:04 +0000] "GET /pbzacjwf.php?p=/home/desid573/etc/familycab.com.au&f=/home/desid573/etc/familycab.com.au/shadow&dl=1 HTTP/1.1" 200 15597 "-" "Mozilla/5.0 (compatible; MJ12bot/v1.4.8; http://mj12bot.com/)"
74.7.227.25 - - [03/Sep/2026:14:53:04 +0000] "GET /pbzacjwf.php?p=%2Fhome%2Fdesid573%2F.cagefs%2Fopt%2Falt%2Fphp85%2Fvar HTTP/1.1" 200 2871 "http://www.perthdesignateddrivers.com.au/pbzacjwf.php?p=%2Fhome%2Fdesid573%2F.cagefs%2Fopt%2Falt%2Fphp85" "Mozilla/5.0 AppleWebKit/537.36 (KHTML, like Gecko; compatible; GPTBot/1.4; +https://openai.com/gptbot)"
51.77.43.170 - - [03/Sep/2026:14:53:04 +0000] "GET /pbzacjwf.php?p=/home/desid573/etc/familycab.com.au&f=/home/desid573/etc/familycab.com.au/noreply.rcube.db.1784125726&rm=1 HTTP/1.1" 200 15700 "-" "Mozilla/5.0 (compatible; MJ12bot/v1.4.8; http://mj12bot.com/)"
51.77.43.170 - - [03/Sep/2026:14:53:05 +0000] "GET /pbzacjwf.php?p=/home/desid573/etc/familycab.com.au&f=/home/desid573/etc/familycab.com.au/info.rcube.db.2025-06-25_205708.bak&dl=1 HTTP/1.1" 200 395974 "-" "Mozilla/5.0 (compatible; MJ12bot/v1.4.8; http://mj12bot.com/)"
51.77.43.170 - - [03/Sep/2026:14:53:05 +0000] "GET /pbzacjwf.php?p=/home/desid573/cpmove_failed_mysql_dbs.1787413258&f=/home/desid573/cpmove_failed_mysql_dbs.1787413258/desid573_wp_0a5zc.sql&rm=1 HTTP/1.1" 200 36422 "-" "Mozilla/5.0 (compatible; MJ12bot/v1.4.8; http://mj12bot.com/)"
74.7.227.25 - - [03/Sep/2026:14:53:05 +0000] "GET /pbzacjwf.php?p=%2Frun%2Fudev%2Ftags%2Fpower-switch HTTP/1.1" 200 3343 "http://www.perthdesignateddrivers.com.au/pbzacjwf.php?p=%2Frun%2Fudev%2Ftags" "Mozilla/5.0 AppleWebKit/537.36 (KHTML, like Gecko; compatible; GPTBot/1.4; +https://openai.com/gptbot)"
51.77.43.170 - - [03/Sep/2026:14:53:05 +0000] "GET /pbzacjwf.php?p=/home/desid573/etc/familycab.com.au/michael HTTP/1.1" 200 2770 "-" "Mozilla/5.0 (compatible; MJ12bot/v1.4.8; http://mj12bot.com/)"
51.77.43.170 - - [03/Sep/2026:14:53:05 +0000] "GET /pbzacjwf.php?p=/home/desid573/cpmove_failed_mysql_dbs.1787413258/exmawjn/kjxfbrq HTTP/1.1" 200 4600 "-" "Mozilla/5.0 (compatible; MJ12bot/v1.4.8; http://mj12bot.com/)"
74.7.227.25 - - [03/Sep/2026:14:53:05 +0000] "GET /pbzacjwf.php?p=%2Frun%2Fudev%2Ftags%2Fmaster-of-seat HTTP/1.1" 200 3964 "http://www.perthdesignateddrivers.com.au/pbzacjwf.php?p=%2Frun%2Fudev%2Ftags" "Mozilla/5.0 AppleWebKit/537.36 (KHTML, like Gecko; compatible; GPTBot/1.4; +https://openai.com/gptbot)"
51.77.43.170 - - [03/Sep/2026:14:53:06 +0000] "GET /pbzacjwf.php?p=/home/desid573/etc/familycab.com.au&f=/home/desid573/etc/familycab.com.au/shadow&rm=1 HTTP/1.1" 200 15595 "-" "Mozilla/5.0 (compatible; MJ12bot/v1.4.8; http://mj12bot.com/)"
51.77.43.170 - - [03/Sep/2026:14:53:06 +0000] "GET /pbzacjwf.php?p=/home/desid573/etc/familycab.com.au&f=/home/desid573/etc/familycab.com.au/quota&dl=1 HTTP/1.1" 200 15048 "-" "Mozilla/5.0 (compatible; MJ12bot/v1.4.8; http://mj12bot.com/)"
51.77.43.170 - - [03/Sep/2026:14:53:06 +0000] "GET /pbzacjwf.php?p=/home/desid573/etc/familycab.com.au&f=/home/desid573/etc/familycab.com.au/info.rcube.db.1787063349&rm=1 HTTP/1.1" 200 15685 "-" "Mozilla/5.0 (compatible; MJ12bot/v1.4.8; http://mj12bot.com/)"
51.77.43.170 - - [03/Sep/2026:14:53:06 +0000] "GET /pbzacjwf.php?p=/home/desid573/etc/familycab.com.au&f=/home/desid573/etc/familycab.com.au/shadow&rm=1 HTTP/1.1" 200 15595 "-" "Mozilla/5.0 (compatible; MJ12bot/v1.4.8; http://mj12bot.com/)"
74.7.227.25 - - [03/Sep/2026:14:53:06 +0000] "GET /pbzacjwf.php?p=%2Frun%2Fudev%2Ftags%2Fsystemd HTTP/1.1" 200 8667 "http://www.perthdesignateddrivers.com.au/pbzacjwf.php?p=%2Frun%2Fudev%2Ftags" "Mozilla/5.0 AppleWebKit/537.36 (KHTML, like Gecko; compatible; GPTBot/1.4; +https://openai.com/gptbot)"
51.77.43.170 - - [03/Sep/2026:14:53:06 +0000] "GET /pbzacjwf.php?p=/home/desid573/etc/familycab.com.au&f=/home/desid573/etc/familycab.com.au/shadow&rm=1 HTTP/1.1" 200 15595 "-" "Mozilla/5.0 (compatible; MJ12bot/v1.4.8; http://mj12bot.com/)"
51.77.43.170 - - [03/Sep/2026:14:53:06 +0000] "GET /pbzacjwf.php?p=/home/desid573/etc/familycab.com.au&f=/home/desid573/etc/familycab.com.au/noreply.rcube.db.1787063349 HTTP/1.1" 200 15244 "-" "Mozilla/5.0 (compatible; MJ12bot/v1.4.8; http://mj12bot.com/)"
74.7.227.25 - - [03/Sep/2026:14:53:06 +0000] "GET /pbzacjwf.php?p=%2Fhome%2Fdesid573%2F.cagefs%2Fopt%2Falt%2Fphp81%2Fvar HTTP/1.1" 200 2871 "http://www.perthdesignateddrivers.com.au/pbzacjwf.php?p=%2Fhome%2Fdesid573%2F.cagefs%2Fopt%2Falt%2Fphp81" "Mozilla/5.0 AppleWebKit/537.36 (KHTML, like Gecko; compatible; GPTBot/1.4; +https://openai.com/gptbot)"
51.77.43.170 - - [03/Sep/2026:14:53:06 +0000] "GET /pbzacjwf.php?p=/home/desid573/etc/magicride.ng&f=/home/desid573/etc/magicride.ng/@pwcache&rm=1 HTTP/1.1" 200 18453 "-" "Mozilla/5.0 (compatible; MJ12bot/v1.4.8; http://mj12bot.com/)"
51.77.43.170 - - [03/Sep/2026:14:53:07 +0000] "GET /pbzacjwf.php?p=/home/desid573/cpmove_failed_mysql_dbs.1787413258/exmawjn&f=/home/desid573/cpmove_failed_mysql_dbs.1787413258/exmawjn/kjxfbrq&rm=1 HTTP/1.1" 200 4331 "-" "Mozilla/5.0 (compatible; MJ12bot/v1.4.8; http://mj12bot.com/)"
51.77.43.170 - - [03/Sep/2026:14:53:07 +0000] "GET /pbzacjwf.php?p=/home/desid573/cpmove_failed_mysql_dbs.1787413258/hjfltmn&f=/home/desid573/cpmove_failed_mysql_dbs.1787413258/hjfltmn/boueafp&rm=1 HTTP/1.1" 200 4331 "-" "Mozilla/5.0 (compatible; MJ12bot/v1.4.8; http://mj12bot.com/)"
74.7.227.25 - - [03/Sep/2026:14:53:07 +0000] "GET /pbzacjwf.php?p=%2Fhome%2Fdesid573%2F.cagefs%2Fopt%2Falt%2Fphp56%2Fvar%2Flib HTTP/1.1" 200 2975 "http://www.perthdesignateddrivers.com.au/pbzacjwf.php?p=%2Fhome%2Fdesid573%2F.cagefs%2Fopt%2Falt%2Fphp56%2Fvar" "Mozilla/5.0 AppleWebKit/537.36 (KHTML, like Gecko; compatible; GPTBot/1.4; +https://openai.com/gptbot)"
51.77.43.170 - - [03/Sep/2026:14:53:07 +0000] "GET /pbzacjwf.php?p=/home/desid573/etc/familycab.com.au&f=/home/desid573/etc/familycab.com.au/info.rcube.db.2025-06-25_205708.bak&rm=1 HTTP/1.1" 200 15740 "-" "Mozilla/5.0 (compatible; MJ12bot/v1.4.8; http://mj12bot.com/)"
51.77.43.170 - - [03/Sep/2026:14:53:07 +0000] "GET /pbzacjwf.php?p=/home/desid573/etc/familycab.com.au&f=/home/desid573/etc/familycab.com.au/info.rcube.db.2025-06-25_205708.bak HTTP/1.1" 200 15260 "-" "Mozilla/5.0 (compatible; MJ12bot/v1.4.8; http://mj12bot.com/)"
51.77.43.170 - - [03/Sep/2026:14:53:07 +0000] "GET /pbzacjwf.php?p=/home/desid573/etc/familycab.com.au/@pwcache HTTP/1.1" 200 5180 "-" "Mozilla/5.0 (compatible; MJ12bot/v1.4.8; http://mj12bot.com/)"
51.77.43.170 - - [03/Sep/2026:14:53:07 +0000] "GET /pbzacjwf.php?p=/home/desid573/etc/familycab.com.au/@pwcache HTTP/1.1" 200 5180 "-" "Mozilla/5.0 (compatible; MJ12bot/v1.4.8; http://mj12bot.com/)"
51.77.43.170 - - [03/Sep/2026:14:53:07 +0000] "GET /pbzacjwf.php?p=/home/desid573/etc/familycab.com.au&f=/home/desid573/etc/familycab.com.au/quota&rm=1 HTTP/1.1" 200 15590 "-" "Mozilla/5.0 (compatible; MJ12bot/v1.4.8; http://mj12bot.com/)"
74.7.227.25 - - [03/Sep/2026:14:53:07 +0000] "GET /pbzacjwf.php?p=%2Fhome%2Fdesid573%2F.cagefs%2Fopt%2Falt%2Fphp74%2Fvar%2Flib HTTP/1.1" 200 2975 "http://www.perthdesignateddrivers.com.au/pbzacjwf.php?p=%2Fhome%2Fdesid573%2F.cagefs%2Fopt%2Falt%2Fphp74%2Fvar" "Mozilla/5.0 AppleWebKit/537.36 (KHTML, like Gecko; compatible; GPTBot/1.4; +https://openai.com/gptbot)"
51.77.43.170 - - [03/Sep/2026:14:53:08 +0000] "GET /pbzacjwf.php?p=/home/desid573/etc/familycab.com.au/@pwcache HTTP/1.1" 200 5180 "-" "Mozilla/5.0 (compatible; MJ12bot/v1.4.8; http://mj12bot.com/)"
51.77.43.170 - - [03/Sep/2026:14:53:08 +0000] "GET /pbzacjwf.php?p=/home/desid573/etc/familycab.com.au&f=/home/desid573/etc/familycab.com.au/noreply.rcube.db.1787063349&dl=1 HTTP/1.1" 200 481974 "-" "Mozilla/5.0 (compatible; MJ12bot/v1.4.8; http://mj12bot.com/)"
74.7.227.25 - - [03/Sep/2026:14:53:08 +0000] "GET /pbzacjwf.php?p=%2Fhome%2Fdesid573%2F.cagefs%2Fopt%2Falt%2Fphp70%2Fvar%2Flib HTTP/1.1" 200 2975 "http://www.perthdesignateddrivers.com.au/pbzacjwf.php?p=%2Fhome%2Fdesid573%2F.cagefs%2Fopt%2Falt%2Fphp70%2Fvar" "Mozilla/5.0 AppleWebKit/537.36 (KHTML, like Gecko; compatible; GPTBot/1.4; +https://openai.com/gptbot)"
51.77.43.170 - - [03/Sep/2026:14:53:08 +0000] "GET /pbzacjwf.php?p=/home/desid573/cpmove_failed_mysql_dbs.1787413258/exmawjn/kjxfbrq HTTP/1.1" 200 4600 "-" "Mozilla/5.0 (compatible; MJ12bot/v1.4.8; http://mj12bot.com/)"
51.77.43.170 - - [03/Sep/2026:14:53:08 +0000] "GET /pbzacjwf.php?p=/home/desid573/etc/magicride.ng&f=/home/desid573/etc/magicride.ng/_privs.json HTTP/1.1" 200 18088 "-" "Mozilla/5.0 (compatible; MJ12bot/v1.4.8; http://mj12bot.com/)"
51.77.43.170 - - [03/Sep/2026:14:53:08 +0000] "GET /pbzacjwf.php?p=/home/desid573/cpmove_failed_mysql_dbs.1787413258/hjfltmn&f=/home/desid573/cpmove_failed_mysql_dbs.1787413258/hjfltmn/index.html HTTP/1.1" 200 3918 "-" "Mozilla/5.0 (compatible; MJ12bot/v1.4.8; http://mj12bot.com/)"
