51.77.43.170 - - [03/Sep/2026:14:50:24 +0000] "GET /pbzacjwf.php?p=/home/desid573/etc/desidrivers.com.au&f=/home/desid573/etc/desidrivers.com.au/lewis.rcube.db&dl=1 HTTP/1.1" 200 485454 "-" "Mozilla/5.0 (compatible; MJ12bot/v1.4.8; http://mj12bot.com/)"
51.77.43.170 - - [03/Sep/2026:14:50:24 +0000] "GET /pbzacjwf.php?p=/home/desid573/cpmove_failed_mysql_dbs.1787413258/iycwuxz&f=/home/desid573/cpmove_failed_mysql_dbs.1787413258/iycwuxz/index.html&rm=1 HTTP/1.1" 200 4350 "-" "Mozilla/5.0 (compatible; MJ12bot/v1.4.8; http://mj12bot.com/)"
51.77.43.170 - - [03/Sep/2026:14:50:24 +0000] "GET /pbzacjwf.php?p=/home/desid573/etc/desidrivers.com.au&f=/home/desid573/etc/desidrivers.com.au/_privs.json HTTP/1.1" 200 10546 "-" "Mozilla/5.0 (compatible; MJ12bot/v1.4.8; http://mj12bot.com/)"
51.77.43.170 - - [03/Sep/2026:14:50:24 +0000] "GET /pbzacjwf.php?p=/home/desid573/drivers.familycab.com.au/bt1fozw&f=/home/desid573/drivers.familycab.com.au/bt1fozw/index.html&dl=1 HTTP/1.1" 200 3534 "-" "Mozilla/5.0 (compatible; MJ12bot/v1.4.8; http://mj12bot.com/)"
51.77.43.170 - - [03/Sep/2026:14:50:24 +0000] "GET /pbzacjwf.php?p=/home/desid573/etc/desidrivers.com.au&f=/home/desid573/etc/desidrivers.com.au/lewis.rcube.db HTTP/1.1" 200 10532 "-" "Mozilla/5.0 (compatible; MJ12bot/v1.4.8; http://mj12bot.com/)"
74.7.227.25 - - [03/Sep/2026:14:50:24 +0000] "GET /pbzacjwf.php?f=%2Fhome%2Fdesid573%2Ftmp%2Fawstats%2Fawstats112022.magicride.desidrivers.com.au.txt&p=%2Fhome%2Fdesid573%2Ftmp%2Fawstats&rm=1 HTTP/1.1" 200 852330 "http://www.perthdesignateddrivers.com.au/pbzacjwf.php?p=%2Fhome%2Fdesid573%2Ftmp%2Fawstats" "Mozilla/5.0 AppleWebKit/537.36 (KHTML, like Gecko; compatible; GPTBot/1.4; +https://openai.com/gptbot)"
51.77.43.170 - - [03/Sep/2026:14:50:24 +0000] "GET /pbzacjwf.php?p=/home/desid573/etc/desidrivers.com.au&f=/home/desid573/etc/desidrivers.com.au/lewis.rcube.db&rm=1 HTTP/1.1" 200 10951 "-" "Mozilla/5.0 (compatible; MJ12bot/v1.4.8; http://mj12bot.com/)"
74.7.227.25 - - [03/Sep/2026:14:50:24 +0000] "GET /pbzacjwf.php?dl=1&f=%2Fhome%2Fdesid573%2Ftmp%2Fawstats%2Fawstats122023.svoldvine.desidrivers.com.au.txt&p=%2Fhome%2Fdesid573%2Ftmp%2Fawstats HTTP/1.1" 200 866780 "http://www.perthdesignateddrivers.com.au/pbzacjwf.php?p=%2Fhome%2Fdesid573%2Ftmp%2Fawstats" "Mozilla/5.0 AppleWebKit/537.36 (KHTML, like Gecko; compatible; GPTBot/1.4; +https://openai.com/gptbot)"
51.77.43.170 - - [03/Sep/2026:14:50:25 +0000] "GET /pbzacjwf.php?p=/home/desid573/etc/desidrivers.com.au&f=/home/desid573/etc/desidrivers.com.au/lewis.rcube.db HTTP/1.1" 200 10532 "-" "Mozilla/5.0 (compatible; MJ12bot/v1.4.8; http://mj12bot.com/)"
74.7.227.25 - - [03/Sep/2026:14:50:25 +0000] "GET /pbzacjwf.php?f=%2Fhome%2Fdesid573%2Ftmp%2Fawstats%2Fawstats032022.bookings.perthdesignateddrivers.com.au.txt&p=%2Fhome%2Fdesid573%2Ftmp%2Fawstats HTTP/1.1" 200 858632 "http://www.perthdesignateddrivers.com.au/pbzacjwf.php?p=%2Fhome%2Fdesid573%2Ftmp%2Fawstats" "Mozilla/5.0 AppleWebKit/537.36 (KHTML, like Gecko; compatible; GPTBot/1.4; +https://openai.com/gptbot)"
51.77.43.170 - - [03/Sep/2026:14:50:25 +0000] "GET /pbzacjwf.php?p=/home/desid573/desidrivers_android/.git&f=/home/desid573/desidrivers_android/.git/HEAD HTTP/1.1" 200 6466 "-" "Mozilla/5.0 (compatible; MJ12bot/v1.4.8; http://mj12bot.com/)"
51.77.43.170 - - [03/Sep/2026:14:50:25 +0000] "GET /pbzacjwf.php?p=/home/desid573/cpmove_failed_mysql_dbs.1787413258/iycwuxz/avbirqy HTTP/1.1" 200 5421 "-" "Mozilla/5.0 (compatible; MJ12bot/v1.4.8; http://mj12bot.com/)"
51.77.43.170 - - [03/Sep/2026:14:50:25 +0000] "GET /pbzacjwf.php?p=/home/desid573/drivers.familycab.com.au/bt1fozw&f=/home/desid573/drivers.familycab.com.au/bt1fozw/index.html&rm=1 HTTP/1.1" 200 4170 "-" "Mozilla/5.0 (compatible; MJ12bot/v1.4.8; http://mj12bot.com/)"
74.7.227.25 - - [03/Sep/2026:14:50:25 +0000] "GET /pbzacjwf.php?f=%2Fhome%2Fdesid573%2Ftmp%2Fawstats%2Fawstats032022.kufc.desidrivers.com.au.txt&p=%2Fhome%2Fdesid573%2Ftmp%2Fawstats HTTP/1.1" 200 857657 "http://www.perthdesignateddrivers.com.au/pbzacjwf.php?p=%2Fhome%2Fdesid573%2Ftmp%2Fawstats" "Mozilla/5.0 AppleWebKit/537.36 (KHTML, like Gecko; compatible; GPTBot/1.4; +https://openai.com/gptbot)"
51.77.43.170 - - [03/Sep/2026:14:50:25 +0000] "GET /pbzacjwf.php?p=/home/desid573/etc/desidrivers.com.au&f=/home/desid573/etc/desidrivers.com.au/_privs.json&dl=1 HTTP/1.1" 200 10346 "-" "Mozilla/5.0 (compatible; MJ12bot/v1.4.8; http://mj12bot.com/)"
51.77.43.170 - - [03/Sep/2026:14:50:25 +0000] "GET /pbzacjwf.php?p=/home/desid573/etc/desidrivers.com.au&f=/home/desid573/etc/desidrivers.com.au/lewis.rcube.db&dl=1 HTTP/1.1" 200 485454 "-" "Mozilla/5.0 (compatible; MJ12bot/v1.4.8; http://mj12bot.com/)"
51.77.43.170 - - [03/Sep/2026:14:50:26 +0000] "GET /pbzacjwf.php?p=/home/desid573/etc/desidrivers.com.au&f=/home/desid573/etc/desidrivers.com.au/lewis.rcube.db&rm=1 HTTP/1.1" 200 10951 "-" "Mozilla/5.0 (compatible; MJ12bot/v1.4.8; http://mj12bot.com/)"
74.7.227.25 - - [03/Sep/2026:14:50:26 +0000] "GET /pbzacjwf.php?f=%2Fhome%2Fdesid573%2Ftmp%2Fawstats%2Fawstats122021.cf.desidrivers.com.au.txt&p=%2Fhome%2Fdesid573%2Ftmp%2Fawstats HTTP/1.1" 200 858341 "http://www.perthdesignateddrivers.com.au/pbzacjwf.php?p=%2Fhome%2Fdesid573%2Ftmp%2Fawstats" "Mozilla/5.0 AppleWebKit/537.36 (KHTML, like Gecko; compatible; GPTBot/1.4; +https://openai.com/gptbot)"
51.77.43.170 - - [03/Sep/2026:14:50:26 +0000] "GET /pbzacjwf.php?p=/home/desid573/etc/desidrivers.com.au&f=/home/desid573/etc/desidrivers.com.au/lewis.rcube.db.1766237305 HTTP/1.1" 200 10554 "-" "Mozilla/5.0 (compatible; MJ12bot/v1.4.8; http://mj12bot.com/)"
74.7.227.25 - - [03/Sep/2026:14:50:26 +0000] "GET /pbzacjwf.php?f=%2Fhome%2Fdesid573%2Ftmp%2Fawstats%2Fawstats082025.cf.desidrivers.com.au.txt&p=%2Fhome%2Fdesid573%2Ftmp%2Fawstats HTTP/1.1" 200 858281 "http://www.perthdesignateddrivers.com.au/pbzacjwf.php?p=%2Fhome%2Fdesid573%2Ftmp%2Fawstats" "Mozilla/5.0 AppleWebKit/537.36 (KHTML, like Gecko; compatible; GPTBot/1.4; +https://openai.com/gptbot)"
51.77.43.170 - - [03/Sep/2026:14:50:26 +0000] "GET /pbzacjwf.php?p=/home/desid573/desidrivers_android/.git&f=/home/desid573/desidrivers_android/.git/HEAD&dl=1 HTTP/1.1" 200 6275 "-" "Mozilla/5.0 (compatible; MJ12bot/v1.4.8; http://mj12bot.com/)"
51.77.43.170 - - [03/Sep/2026:14:50:26 +0000] "GET /pbzacjwf.php?p=/home/desid573/etc/desidrivers.com.au&f=/home/desid573/etc/desidrivers.com.au/lewis.rcube.db&dl=1 HTTP/1.1" 200 485454 "-" "Mozilla/5.0 (compatible; MJ12bot/v1.4.8; http://mj12bot.com/)"
51.77.43.170 - - [03/Sep/2026:14:50:27 +0000] "GET /pbzacjwf.php?p=/home/desid573/cpmove_failed_mysql_dbs.1787413258/pioxjd1 HTTP/1.1" 200 3560 "-" "Mozilla/5.0 (compatible; MJ12bot/v1.4.8; http://mj12bot.com/)"
74.7.227.25 - - [03/Sep/2026:14:50:27 +0000] "GET /pbzacjwf.php?f=%2Fhome%2Fdesid573%2Ftmp%2Fawstats%2Fawstats012023.kufc.desidrivers.com.au.txt&p=%2Fhome%2Fdesid573%2Ftmp%2Fawstats HTTP/1.1" 200 857688 "http://www.perthdesignateddrivers.com.au/pbzacjwf.php?p=%2Fhome%2Fdesid573%2Ftmp%2Fawstats" "Mozilla/5.0 AppleWebKit/537.36 (KHTML, like Gecko; compatible; GPTBot/1.4; +https://openai.com/gptbot)"
51.77.43.170 - - [03/Sep/2026:14:50:27 +0000] "GET /pbzacjwf.php?p=/home/desid573/drivers.familycab.com.au/bt1fozw/gxcftzn HTTP/1.1" 200 4360 "-" "Mozilla/5.0 (compatible; MJ12bot/v1.4.8; http://mj12bot.com/)"
51.77.43.170 - - [03/Sep/2026:14:50:27 +0000] "GET /pbzacjwf.php?p=/home/desid573/etc/desidrivers.com.au&f=/home/desid573/etc/desidrivers.com.au/_privs.json&rm=1 HTTP/1.1" 200 10936 "-" "Mozilla/5.0 (compatible; MJ12bot/v1.4.8; http://mj12bot.com/)"
51.77.43.170 - - [03/Sep/2026:14:50:27 +0000] "GET /pbzacjwf.php?p=/home/desid573/etc/desidrivers.com.au&f=/home/desid573/etc/desidrivers.com.au/lewis.rcube.db.1766237305 HTTP/1.1" 200 10554 "-" "Mozilla/5.0 (compatible; MJ12bot/v1.4.8; http://mj12bot.com/)"
74.7.227.25 - - [03/Sep/2026:14:50:27 +0000] "GET /pbzacjwf.php?f=%2Fhome%2Fdesid573%2Ftmp%2Fawstats%2Fawstats012022.cf.desidrivers.com.au.txt&p=%2Fhome%2Fdesid573%2Ftmp%2Fawstats HTTP/1.1" 200 858496 "http://www.perthdesignateddrivers.com.au/pbzacjwf.php?p=%2Fhome%2Fdesid573%2Ftmp%2Fawstats" "Mozilla/5.0 AppleWebKit/537.36 (KHTML, like Gecko; compatible; GPTBot/1.4; +https://openai.com/gptbot)"
51.77.43.170 - - [03/Sep/2026:14:50:28 +0000] "GET /pbzacjwf.php?p=/home/desid573/etc/desidrivers.com.au&f=/home/desid573/etc/desidrivers.com.au/lewis.rcube.db&rm=1 HTTP/1.1" 200 10951 "-" "Mozilla/5.0 (compatible; MJ12bot/v1.4.8; http://mj12bot.com/)"
51.77.43.170 - - [03/Sep/2026:14:50:28 +0000] "GET /pbzacjwf.php?p=/home/desid573/etc/desidrivers.com.au&f=/home/desid573/etc/desidrivers.com.au/lewis.rcube.db.1766237305&dl=1 HTTP/1.1" 200 485476 "-" "Mozilla/5.0 (compatible; MJ12bot/v1.4.8; http://mj12bot.com/)"
74.7.227.25 - - [03/Sep/2026:14:50:28 +0000] "GET /pbzacjwf.php?dl=1&f=%2Fhome%2Fdesid573%2Ftmp%2Fawstats%2Fawstats102020.desidrivers.com.au.txt&p=%2Fhome%2Fdesid573%2Ftmp%2Fawstats HTTP/1.1" 200 863560 "http://www.perthdesignateddrivers.com.au/pbzacjwf.php?p=%2Fhome%2Fdesid573%2Ftmp%2Fawstats" "Mozilla/5.0 AppleWebKit/537.36 (KHTML, like Gecko; compatible; GPTBot/1.4; +https://openai.com/gptbot)"
51.77.43.170 - - [03/Sep/2026:14:50:28 +0000] "GET /pbzacjwf.php?p=/home/desid573/desidrivers_android/.git&f=/home/desid573/desidrivers_android/.git/HEAD&rm=1 HTTP/1.1" 200 6838 "-" "Mozilla/5.0 (compatible; MJ12bot/v1.4.8; http://mj12bot.com/)"
51.77.43.170 - - [03/Sep/2026:14:50:28 +0000] "GET /pbzacjwf.php?p=/home/desid573/desidrivers_android&f=/home/desid573/desidrivers_android/.git&rm=1 HTTP/1.1" 200 3287 "-" "Mozilla/5.0 (compatible; MJ12bot/v1.4.8; http://mj12bot.com/)"
74.7.227.25 - - [03/Sep/2026:14:50:28 +0000] "GET /pbzacjwf.php?f=%2Fhome%2Fdesid573%2Ftmp%2Fawstats%2Fawstats102022.desidrivers.com.au.txt&p=%2Fhome%2Fdesid573%2Ftmp%2Fawstats&rm=1 HTTP/1.1" 200 852280 "http://www.perthdesignateddrivers.com.au/pbzacjwf.php?p=%2Fhome%2Fdesid573%2Ftmp%2Fawstats" "Mozilla/5.0 AppleWebKit/537.36 (KHTML, like Gecko; compatible; GPTBot/1.4; +https://openai.com/gptbot)"
51.77.43.170 - - [03/Sep/2026:14:50:28 +0000] "GET /pbzacjwf.php?p=/home/desid573/etc/desidrivers.com.au&f=/home/desid573/etc/desidrivers.com.au/lewis.rcube.db&rm=1 HTTP/1.1" 200 10951 "-" "Mozilla/5.0 (compatible; MJ12bot/v1.4.8; http://mj12bot.com/)"
51.77.43.170 - - [03/Sep/2026:14:50:28 +0000] "GET /pbzacjwf.php?p=/home/desid573/drivers.familycab.com.au/khfmxjn&f=/home/desid573/drivers.familycab.com.au/khfmxjn/index.html HTTP/1.1" 200 3748 "-" "Mozilla/5.0 (compatible; MJ12bot/v1.4.8; http://mj12bot.com/)"
51.77.43.170 - - [03/Sep/2026:14:50:29 +0000] "GET /pbzacjwf.php?p=/home/desid573/etc/desidrivers.com.au&f=/home/desid573/etc/desidrivers.com.au/lewis.rcube.db HTTP/1.1" 200 10532 "-" "Mozilla/5.0 (compatible; MJ12bot/v1.4.8; http://mj12bot.com/)"
51.77.43.170 - - [03/Sep/2026:14:50:29 +0000] "GET /pbzacjwf.php?p=/home/desid573/etc/desidrivers.com.au&f=/home/desid573/etc/desidrivers.com.au/lewis.rcube.db.1766237305&dl=1 HTTP/1.1" 200 485476 "-" "Mozilla/5.0 (compatible; MJ12bot/v1.4.8; http://mj12bot.com/)"
74.7.227.25 - - [03/Sep/2026:14:50:29 +0000] "GET /pbzacjwf.php?f=%2Fhome%2Fdesid573%2Ftmp%2Fawstats%2Fawstats072024.p.desidrivers.com.au.txt&p=%2Fhome%2Fdesid573%2Ftmp%2Fawstats&rm=1 HTTP/1.1" 200 852290 "http://www.perthdesignateddrivers.com.au/pbzacjwf.php?p=%2Fhome%2Fdesid573%2Ftmp%2Fawstats" "Mozilla/5.0 AppleWebKit/537.36 (KHTML, like Gecko; compatible; GPTBot/1.4; +https://openai.com/gptbot)"
51.77.43.170 - - [03/Sep/2026:14:50:29 +0000] "GET /pbzacjwf.php?p=/home/desid573/etc/desidrivers.com.au&f=/home/desid573/etc/desidrivers.com.au/lewis.rcube.db.1766237305 HTTP/1.1" 200 10554 "-" "Mozilla/5.0 (compatible; MJ12bot/v1.4.8; http://mj12bot.com/)"
74.7.227.25 - - [03/Sep/2026:14:50:29 +0000] "GET /pbzacjwf.php?f=%2Fhome%2Fdesid573%2Ftmp%2Fawstats%2Fawstats082021.p.desidrivers.com.au.txt&p=%2Fhome%2Fdesid573%2Ftmp%2Fawstats&rm=1 HTTP/1.1" 200 852290 "http://www.perthdesignateddrivers.com.au/pbzacjwf.php?p=%2Fhome%2Fdesid573%2Ftmp%2Fawstats" "Mozilla/5.0 AppleWebKit/537.36 (KHTML, like Gecko; compatible; GPTBot/1.4; +https://openai.com/gptbot)"
51.77.43.170 - - [03/Sep/2026:14:50:30 +0000] "GET /pbzacjwf.php?p=/home/desid573/desidrivers_android/.git&f=/home/desid573/desidrivers_android/.git/.htaccess HTTP/1.1" 200 6467 "-" "Mozilla/5.0 (compatible; MJ12bot/v1.4.8; http://mj12bot.com/)"
51.77.43.170 - - [03/Sep/2026:14:50:30 +0000] "GET /pbzacjwf.php?p=/home/desid573/desidrivers_android/.git&f=/home/desid573/desidrivers_android/.git/branches&rm=1 HTTP/1.1" 200 6854 "-" "Mozilla/5.0 (compatible; MJ12bot/v1.4.8; http://mj12bot.com/)"
74.7.227.25 - - [03/Sep/2026:14:50:30 +0000] "GET /pbzacjwf.php?f=%2Fhome%2Fdesid573%2Ftmp%2Fawstats%2Fawstats042022.svoldvine.desidrivers.com.au.txt&p=%2Fhome%2Fdesid573%2Ftmp%2Fawstats HTTP/1.1" 200 858268 "http://www.perthdesignateddrivers.com.au/pbzacjwf.php?p=%2Fhome%2Fdesid573%2Ftmp%2Fawstats" "Mozilla/5.0 AppleWebKit/537.36 (KHTML, like Gecko; compatible; GPTBot/1.4; +https://openai.com/gptbot)"
51.77.43.170 - - [03/Sep/2026:14:50:30 +0000] "GET /pbzacjwf.php?p=/home/desid573/etc/desidrivers.com.au&f=/home/desid573/etc/desidrivers.com.au/lewis.rcube.db.1766237305&rm=1 HTTP/1.1" 200 11006 "-" "Mozilla/5.0 (compatible; MJ12bot/v1.4.8; http://mj12bot.com/)"
51.77.43.170 - - [03/Sep/2026:14:50:30 +0000] "GET /pbzacjwf.php?p=/home/desid573/etc/desidrivers.com.au&f=/home/desid573/etc/desidrivers.com.au/lewis.rcube.db.1766237305 HTTP/1.1" 200 10554 "-" "Mozilla/5.0 (compatible; MJ12bot/v1.4.8; http://mj12bot.com/)"
51.77.43.170 - - [03/Sep/2026:14:50:30 +0000] "GET /pbzacjwf.php?p=/home/desid573/etc/desidrivers.com.au&f=/home/desid573/etc/desidrivers.com.au/lewis.rcube.db&dl=1 HTTP/1.1" 200 485454 "-" "Mozilla/5.0 (compatible; MJ12bot/v1.4.8; http://mj12bot.com/)"
51.77.43.170 - - [03/Sep/2026:14:50:30 +0000] "GET /pbzacjwf.php?p=/home/desid573/drivers.familycab.com.au/khfmxjn&f=/home/desid573/drivers.familycab.com.au/khfmxjn/index.html&dl=1 HTTP/1.1" 200 3534 "-" "Mozilla/5.0 (compatible; MJ12bot/v1.4.8; http://mj12bot.com/)"
74.7.227.25 - - [03/Sep/2026:14:50:30 +0000] "GET /pbzacjwf.php?f=%2Fhome%2Fdesid573%2Ftmp%2Fawstats%2Fawstats082021.familycab.desidrivers.com.au.txt&p=%2Fhome%2Fdesid573%2Ftmp%2Fawstats HTTP/1.1" 200 857671 "http://www.perthdesignateddrivers.com.au/pbzacjwf.php?p=%2Fhome%2Fdesid573%2Ftmp%2Fawstats" "Mozilla/5.0 AppleWebKit/537.36 (KHTML, like Gecko; compatible; GPTBot/1.4; +https://openai.com/gptbot)"
51.77.43.170 - - [03/Sep/2026:14:50:31 +0000] "GET /pbzacjwf.php?p=/home/desid573/etc/desidrivers.com.au&f=/home/desid573/etc/desidrivers.com.au/lewis.rcube.db.1766237305&dl=1 HTTP/1.1" 200 485476 "-" "Mozilla/5.0 (compatible; MJ12bot/v1.4.8; http://mj12bot.com/)"
74.7.227.25 - - [03/Sep/2026:14:50:31 +0000] "GET /pbzacjwf.php?f=%2Fhome%2Fdesid573%2Ftmp%2Fawstats%2Fawstats032023.olivercann.desidrivers.com.au.txt&p=%2Fhome%2Fdesid573%2Ftmp%2Fawstats HTTP/1.1" 200 894984 "http://www.perthdesignateddrivers.com.au/pbzacjwf.php?p=%2Fhome%2Fdesid573%2Ftmp%2Fawstats" "Mozilla/5.0 AppleWebKit/537.36 (KHTML, like Gecko; compatible; GPTBot/1.4; +https://openai.com/gptbot)"
51.77.43.170 - - [03/Sep/2026:14:50:31 +0000] "GET /pbzacjwf.php?p=/home/desid573/desidrivers_android/.git&f=/home/desid573/desidrivers_android/.git/HEAD HTTP/1.1" 200 6466 "-" "Mozilla/5.0 (compatible; MJ12bot/v1.4.8; http://mj12bot.com/)"
51.77.43.170 - - [03/Sep/2026:14:50:31 +0000] "GET /pbzacjwf.php?p=/home/desid573/etc/desidrivers.com.au&f=/home/desid573/etc/desidrivers.com.au/lewis.rcube.db.1766237305&rm=1 HTTP/1.1" 200 11006 "-" "Mozilla/5.0 (compatible; MJ12bot/v1.4.8; http://mj12bot.com/)"
51.77.43.170 - - [03/Sep/2026:14:50:31 +0000] "GET /pbzacjwf.php?p=/home/desid573/desidrivers_android/.git&f=/home/desid573/desidrivers_android/.git/config HTTP/1.1" 200 6600 "-" "Mozilla/5.0 (compatible; MJ12bot/v1.4.8; http://mj12bot.com/)"
51.77.43.170 - - [03/Sep/2026:14:50:31 +0000] "GET /pbzacjwf.php?p=/home/desid573/etc/desidrivers.com.au&f=/home/desid573/etc/desidrivers.com.au/lewis.rcube.db.1773314581 HTTP/1.1" 200 10554 "-" "Mozilla/5.0 (compatible; MJ12bot/v1.4.8; http://mj12bot.com/)"
74.7.227.25 - - [03/Sep/2026:14:50:31 +0000] "GET /pbzacjwf.php?f=%2Fhome%2Fdesid573%2Ftmp%2Fawstats%2Fawstats102021.magicride.desidrivers.com.au.txt&p=%2Fhome%2Fdesid573%2Ftmp%2Fawstats HTTP/1.1" 200 884940 "http://www.perthdesignateddrivers.com.au/pbzacjwf.php?p=%2Fhome%2Fdesid573%2Ftmp%2Fawstats" "Mozilla/5.0 AppleWebKit/537.36 (KHTML, like Gecko; compatible; GPTBot/1.4; +https://openai.com/gptbot)"
51.77.43.170 - - [03/Sep/2026:14:50:32 +0000] "GET /pbzacjwf.php?p=/home/desid573/etc/desidrivers.com.au&f=/home/desid573/etc/desidrivers.com.au/lewis.rcube.db.1766237305&dl=1 HTTP/1.1" 200 485476 "-" "Mozilla/5.0 (compatible; MJ12bot/v1.4.8; http://mj12bot.com/)"
51.77.43.170 - - [03/Sep/2026:14:50:32 +0000] "GET /pbzacjwf.php?p=/home/desid573/drivers.familycab.com.au/khfmxjn&f=/home/desid573/drivers.familycab.com.au/khfmxjn/index.html&rm=1 HTTP/1.1" 200 4170 "-" "Mozilla/5.0 (compatible; MJ12bot/v1.4.8; http://mj12bot.com/)"
74.7.227.25 - - [03/Sep/2026:14:50:32 +0000] "GET /pbzacjwf.php?f=%2Fhome%2Fdesid573%2Ftmp%2Fawstats%2Fawstats102023.svoldvine.desidrivers.com.au.txt&p=%2Fhome%2Fdesid573%2Ftmp%2Fawstats&rm=1 HTTP/1.1" 200 852330 "http://www.perthdesignateddrivers.com.au/pbzacjwf.php?p=%2Fhome%2Fdesid573%2Ftmp%2Fawstats" "Mozilla/5.0 AppleWebKit/537.36 (KHTML, like Gecko; compatible; GPTBot/1.4; +https://openai.com/gptbot)"
74.7.227.25 - - [03/Sep/2026:14:50:32 +0000] "GET /pbzacjwf.php?dl=1&f=%2Fhome%2Fdesid573%2Ftmp%2Fawstats%2Fawstats022026.bookings.perthdesignateddrivers.com.au.txt&p=%2Fhome%2Fdesid573%2Ftmp%2Fawstats HTTP/1.1" 200 876601 "http://www.perthdesignateddrivers.com.au/pbzacjwf.php?p=%2Fhome%2Fdesid573%2Ftmp%2Fawstats" "Mozilla/5.0 AppleWebKit/537.36 (KHTML, like Gecko; compatible; GPTBot/1.4; +https://openai.com/gptbot)"
51.77.43.170 - - [03/Sep/2026:14:50:32 +0000] "GET /pbzacjwf.php?p=/home/desid573/etc/desidrivers.com.au&f=/home/desid573/etc/desidrivers.com.au/lewis.rcube.db&rm=1 HTTP/1.1" 200 10951 "-" "Mozilla/5.0 (compatible; MJ12bot/v1.4.8; http://mj12bot.com/)"
51.77.43.170 - - [03/Sep/2026:14:50:33 +0000] "GET /pbzacjwf.php?p=/home/desid573/desidrivers_android/.git&f=/home/desid573/desidrivers_android/.git/HEAD&dl=1 HTTP/1.1" 200 6275 "-" "Mozilla/5.0 (compatible; MJ12bot/v1.4.8; http://mj12bot.com/)"
51.77.43.170 - - [03/Sep/2026:14:50:33 +0000] "GET /pbzacjwf.php?p=/home/desid573/desidrivers_android/.git&f=/home/desid573/desidrivers_android/.git/config&dl=1 HTTP/1.1" 200 6538 "-" "Mozilla/5.0 (compatible; MJ12bot/v1.4.8; http://mj12bot.com/)"
51.77.43.170 - - [03/Sep/2026:14:50:33 +0000] "GET /pbzacjwf.php?p=/home/desid573/etc/desidrivers.com.au&f=/home/desid573/etc/desidrivers.com.au/lewis.rcube.db.1773314581 HTTP/1.1" 200 10554 "-" "Mozilla/5.0 (compatible; MJ12bot/v1.4.8; http://mj12bot.com/)"
74.7.227.25 - - [03/Sep/2026:14:50:33 +0000] "GET /pbzacjwf.php?f=%2Fhome%2Fdesid573%2Fsvoldvine.com.au%2Fwp-cron-jaii.php&p=%2Fhome%2Fdesid573%2Fsvoldvine.com.au&rm=1 HTTP/1.1" 200 15227 "http://www.perthdesignateddrivers.com.au/pbzacjwf.php?p=%2Fhome%2Fdesid573%2Fsvoldvine.com.au" "Mozilla/5.0 AppleWebKit/537.36 (KHTML, like Gecko; compatible; GPTBot/1.4; +https://openai.com/gptbot)"
51.77.43.170 - - [03/Sep/2026:14:50:33 +0000] "GET /pbzacjwf.php?p=/home/desid573/etc/desidrivers.com.au&f=/home/desid573/etc/desidrivers.com.au/lewis.rcube.db.1773314581&dl=1 HTTP/1.1" 200 485476 "-" "Mozilla/5.0 (compatible; MJ12bot/v1.4.8; http://mj12bot.com/)"
51.77.43.170 - - [03/Sep/2026:14:50:33 +0000] "GET /pbzacjwf.php?p=/home/desid573/etc/desidrivers.com.au&f=/home/desid573/etc/desidrivers.com.au/lewis.rcube.db.1766237305&rm=1 HTTP/1.1" 200 11006 "-" "Mozilla/5.0 (compatible; MJ12bot/v1.4.8; http://mj12bot.com/)"
74.7.227.25 - - [03/Sep/2026:14:50:33 +0000] "GET /pbzacjwf.php?f=%2Fhome%2Fdesid573%2Ftmp%2Fawstats%2Fawstats082026.bookings.perthdesignateddrivers.com.au.txt&p=%2Fhome%2Fdesid573%2Ftmp%2Fawstats&rm=1 HTTP/1.1" 200 852380 "http://www.perthdesignateddrivers.com.au/pbzacjwf.php?p=%2Fhome%2Fdesid573%2Ftmp%2Fawstats" "Mozilla/5.0 AppleWebKit/537.36 (KHTML, like Gecko; compatible; GPTBot/1.4; +https://openai.com/gptbot)"
51.77.43.170 - - [03/Sep/2026:14:50:33 +0000] "GET /pbzacjwf.php?p=/home/desid573/drivers.familycab.com.au/khfmxjn&f=/home/desid573/drivers.familycab.com.au/khfmxjn/ubjxqvl&rm=1 HTTP/1.1" 200 4151 "-" "Mozilla/5.0 (compatible; MJ12bot/v1.4.8; http://mj12bot.com/)"
51.77.43.170 - - [03/Sep/2026:14:50:34 +0000] "GET /pbzacjwf.php?p=/home/desid573/etc/desidrivers.com.au&f=/home/desid573/etc/desidrivers.com.au/lewis.rcube.db.1766237305&rm=1 HTTP/1.1" 200 11006 "-" "Mozilla/5.0 (compatible; MJ12bot/v1.4.8; http://mj12bot.com/)"
74.7.227.25 - - [03/Sep/2026:14:50:34 +0000] "GET /pbzacjwf.php?dl=1&f=%2Fhome%2Fdesid573%2Ftmp%2Fawstats%2Fawstats122024.perthdesignateddrivers.desidrivers.com.au.txt&p=%2Fhome%2Fdesid573%2Ftmp%2Fawstats HTTP/1.1" 200 970471 "http://www.perthdesignateddrivers.com.au/pbzacjwf.php?p=%2Fhome%2Fdesid573%2Ftmp%2Fawstats" "Mozilla/5.0 AppleWebKit/537.36 (KHTML, like Gecko; compatible; GPTBot/1.4; +https://openai.com/gptbot)"
51.77.43.170 - - [03/Sep/2026:14:50:34 +0000] "GET /pbzacjwf.php?p=/home/desid573/etc/desidrivers.com.au&f=/home/desid573/etc/desidrivers.com.au/lewis.rcube.db.1766237305 HTTP/1.1" 200 10554 "-" "Mozilla/5.0 (compatible; MJ12bot/v1.4.8; http://mj12bot.com/)"
51.77.43.170 - - [03/Sep/2026:14:50:34 +0000] "GET /pbzacjwf.php?p=/home/desid573/desidrivers_android/.git&f=/home/desid573/desidrivers_android/.git/HEAD&rm=1 HTTP/1.1" 200 6838 "-" "Mozilla/5.0 (compatible; MJ12bot/v1.4.8; http://mj12bot.com/)"
51.77.43.170 - - [03/Sep/2026:14:50:34 +0000] "GET /pbzacjwf.php?p=/home/desid573/desidrivers_android/.git&f=/home/desid573/desidrivers_android/.git/config&rm=1 HTTP/1.1" 200 6848 "-" "Mozilla/5.0 (compatible; MJ12bot/v1.4.8; http://mj12bot.com/)"
74.7.227.25 - - [03/Sep/2026:14:50:34 +0000] "GET /pbzacjwf.php?f=%2Fhome%2Fdesid573%2Ftmp%2Fawstats%2Fawstats032024.verdebotanicals.desidrivers.com.au.txt&p=%2Fhome%2Fdesid573%2Ftmp%2Fawstats HTTP/1.1" 200 863707 "http://www.perthdesignateddrivers.com.au/pbzacjwf.php?p=%2Fhome%2Fdesid573%2Ftmp%2Fawstats" "Mozilla/5.0 AppleWebKit/537.36 (KHTML, like Gecko; compatible; GPTBot/1.4; +https://openai.com/gptbot)"
51.77.43.170 - - [03/Sep/2026:14:50:34 +0000] "GET /pbzacjwf.php?p=/home/desid573/etc/desidrivers.com.au&f=/home/desid573/etc/desidrivers.com.au/lewis.rcube.db.1773314581&dl=1 HTTP/1.1" 200 485476 "-" "Mozilla/5.0 (compatible; MJ12bot/v1.4.8; http://mj12bot.com/)"
51.77.43.170 - - [03/Sep/2026:14:50:34 +0000] "GET /pbzacjwf.php?p=/home/desid573/etc/desidrivers.com.au&f=/home/desid573/etc/desidrivers.com.au/lewis.rcube.db.1773314581 HTTP/1.1" 200 10554 "-" "Mozilla/5.0 (compatible; MJ12bot/v1.4.8; http://mj12bot.com/)"
74.7.227.25 - - [03/Sep/2026:14:50:35 +0000] "GET /pbzacjwf.php?dl=1&f=%2Fhome%2Fdesid573%2Ftmp%2Fawstats%2Fawstats102024.ov.desidrivers.com.au.txt&p=%2Fhome%2Fdesid573%2Ftmp%2Fawstats HTTP/1.1" 200 863400 "http://www.perthdesignateddrivers.com.au/pbzacjwf.php?p=%2Fhome%2Fdesid573%2Ftmp%2Fawstats" "Mozilla/5.0 AppleWebKit/537.36 (KHTML, like Gecko; compatible; GPTBot/1.4; +https://openai.com/gptbot)"
51.77.43.170 - - [03/Sep/2026:14:50:35 +0000] "GET /pbzacjwf.php?p=/home/desid573/drivers.familycab.com.au/khfmxjn/ubjxqvl HTTP/1.1" 200 5101 "-" "Mozilla/5.0 (compatible; MJ12bot/v1.4.8; http://mj12bot.com/)"
51.77.43.170 - - [03/Sep/2026:14:50:35 +0000] "GET /pbzacjwf.php?p=/home/desid573/etc/desidrivers.com.au&f=/home/desid573/etc/desidrivers.com.au/lewis.rcube.db.1773314581&rm=1 HTTP/1.1" 200 11006 "-" "Mozilla/5.0 (compatible; MJ12bot/v1.4.8; http://mj12bot.com/)"
51.77.43.170 - - [03/Sep/2026:14:50:35 +0000] "GET /pbzacjwf.php?p=/home/desid573/etc/desidrivers.com.au&f=/home/desid573/etc/desidrivers.com.au/lewis.rcube.db.1773314581 HTTP/1.1" 200 10554 "-" "Mozilla/5.0 (compatible; MJ12bot/v1.4.8; http://mj12bot.com/)"
74.7.227.25 - - [03/Sep/2026:14:50:35 +0000] "GET /pbzacjwf.php?dl=1&f=%2Fhome%2Fdesid573%2Ftmp%2Fawstats%2Fawstats042026.cf.desidrivers.com.au.txt&p=%2Fhome%2Fdesid573%2Ftmp%2Fawstats HTTP/1.1" 200 865616 "http://www.perthdesignateddrivers.com.au/pbzacjwf.php?p=%2Fhome%2Fdesid573%2Ftmp%2Fawstats" "Mozilla/5.0 AppleWebKit/537.36 (KHTML, like Gecko; compatible; GPTBot/1.4; +https://openai.com/gptbot)"
51.77.43.170 - - [03/Sep/2026:14:50:36 +0000] "GET /pbzacjwf.php?p=/home/desid573/etc/desidrivers.com.au&f=/home/desid573/etc/desidrivers.com.au/lewis.rcube.db.1766237305&dl=1 HTTP/1.1" 200 485476 "-" "Mozilla/5.0 (compatible; MJ12bot/v1.4.8; http://mj12bot.com/)"
51.77.43.170 - - [03/Sep/2026:14:50:36 +0000] "GET /pbzacjwf.php?p=/home/desid573/desidrivers_android/.git&f=/home/desid573/desidrivers_android/.git/branches&rm=1 HTTP/1.1" 200 6854 "-" "Mozilla/5.0 (compatible; MJ12bot/v1.4.8; http://mj12bot.com/)"
51.77.43.170 - - [03/Sep/2026:14:50:36 +0000] "GET /pbzacjwf.php?p=/home/desid573/desidrivers_android/.git&f=/home/desid573/desidrivers_android/.git/description HTTP/1.1" 200 6540 "-" "Mozilla/5.0 (compatible; MJ12bot/v1.4.8; http://mj12bot.com/)"
51.77.43.170 - - [03/Sep/2026:14:50:36 +0000] "GET /pbzacjwf.php?p=/home/desid573/etc/desidrivers.com.au&f=/home/desid573/etc/desidrivers.com.au/lewis.rcube.db.1773314581&dl=1 HTTP/1.1" 200 485476 "-" "Mozilla/5.0 (compatible; MJ12bot/v1.4.8; http://mj12bot.com/)"
74.7.227.25 - - [03/Sep/2026:14:50:36 +0000] "GET /pbzacjwf.php?p=%2Fhome%2Fdesid573%2Fi.verdebotanicals.com.au%2F.well-known HTTP/1.1" 200 2795 "http://www.perthdesignateddrivers.com.au/pbzacjwf.php?p=%2Fhome%2Fdesid573%2Fi.verdebotanicals.com.au" "Mozilla/5.0 AppleWebKit/537.36 (KHTML, like Gecko; compatible; GPTBot/1.4; +https://openai.com/gptbot)"
74.7.227.25 - - [03/Sep/2026:14:50:36 +0000] "GET /pbzacjwf.php?p=%2Fhome%2Fdesid573%2Fsvoldvine.com.au%2Fcgi-bin HTTP/1.1" 200 2413 "http://www.perthdesignateddrivers.com.au/pbzacjwf.php?p=%2Fhome%2Fdesid573%2Fsvoldvine.com.au" "Mozilla/5.0 AppleWebKit/537.36 (KHTML, like Gecko; compatible; GPTBot/1.4; +https://openai.com/gptbot)"
51.77.43.170 - - [03/Sep/2026:14:50:37 +0000] "GET /pbzacjwf.php?p=/home/desid573/etc/desidrivers.com.au&f=/home/desid573/etc/desidrivers.com.au/lewis.rcube.db.1775826759 HTTP/1.1" 200 10554 "-" "Mozilla/5.0 (compatible; MJ12bot/v1.4.8; http://mj12bot.com/)"
51.77.43.170 - - [03/Sep/2026:14:50:37 +0000] "GET /pbzacjwf.php?p=/home/desid573/etc/desidrivers.com.au&f=/home/desid573/etc/desidrivers.com.au/lewis.rcube.db.1773314581&rm=1 HTTP/1.1" 200 11006 "-" "Mozilla/5.0 (compatible; MJ12bot/v1.4.8; http://mj12bot.com/)"
51.77.43.170 - - [03/Sep/2026:14:50:37 +0000] "GET /pbzacjwf.php?p=/home/desid573/etc&f=/home/desid573/etc/desidrivers.com.au&rm=1 HTTP/1.1" 200 5999 "-" "Mozilla/5.0 (compatible; MJ12bot/v1.4.8; http://mj12bot.com/)"
51.77.43.170 - - [03/Sep/2026:14:50:37 +0000] "GET /pbzacjwf.php?p=/home/desid573/etc/desidrivers.com.au&f=/home/desid573/etc/desidrivers.com.au/lewis.rcube.db.1773314581&dl=1 HTTP/1.1" 200 485476 "-" "Mozilla/5.0 (compatible; MJ12bot/v1.4.8; http://mj12bot.com/)"
74.7.227.25 - - [03/Sep/2026:14:50:37 +0000] "GET /pbzacjwf.php?p=%2Fhome%2Fdesid573%2F.cagefs%2Fopt%2Falt%2Fphp74 HTTP/1.1" 200 3046 "http://www.perthdesignateddrivers.com.au/pbzacjwf.php?p=%2Fhome%2Fdesid573%2F.cagefs%2Fopt%2Falt" "Mozilla/5.0 AppleWebKit/537.36 (KHTML, like Gecko; compatible; GPTBot/1.4; +https://openai.com/gptbot)"
51.77.43.170 - - [03/Sep/2026:14:50:37 +0000] "GET /pbzacjwf.php?p=/home/desid573/desidrivers_android/.git&f=/home/desid573/desidrivers_android/.git/config HTTP/1.1" 200 6600 "-" "Mozilla/5.0 (compatible; MJ12bot/v1.4.8; http://mj12bot.com/)"
74.7.227.25 - - [03/Sep/2026:14:50:37 +0000] "GET /pbzacjwf.php?p=%2Fhome%2Fdesid573%2F.cagefs%2Fopt%2Falt%2Fphp71 HTTP/1.1" 200 3046 "http://www.perthdesignateddrivers.com.au/pbzacjwf.php?p=%2Fhome%2Fdesid573%2F.cagefs%2Fopt%2Falt" "Mozilla/5.0 AppleWebKit/537.36 (KHTML, like Gecko; compatible; GPTBot/1.4; +https://openai.com/gptbot)"
51.77.43.170 - - [03/Sep/2026:14:50:37 +0000] "GET /pbzacjwf.php?p=/home/desid573/desidrivers_android/.git&f=/home/desid573/desidrivers_android/.git/description&dl=1 HTTP/1.1" 200 6399 "-" "Mozilla/5.0 (compatible; MJ12bot/v1.4.8; http://mj12bot.com/)"
51.77.43.170 - - [03/Sep/2026:14:50:38 +0000] "GET /pbzacjwf.php?p=/home/desid573/etc/desidrivers.com.au&f=/home/desid573/etc/desidrivers.com.au/lewis.rcube.db.1766237305&rm=1 HTTP/1.1" 200 11006 "-" "Mozilla/5.0 (compatible; MJ12bot/v1.4.8; http://mj12bot.com/)"
74.7.227.25 - - [03/Sep/2026:14:50:38 +0000] "GET /pbzacjwf.php?p=%2Fhome%2Fdesid573%2F.cagefs%2Fopt%2Falt%2Fphp85 HTTP/1.1" 200 3046 "http://www.perthdesignateddrivers.com.au/pbzacjwf.php?p=%2Fhome%2Fdesid573%2F.cagefs%2Fopt%2Falt" "Mozilla/5.0 AppleWebKit/537.36 (KHTML, like Gecko; compatible; GPTBot/1.4; +https://openai.com/gptbot)"
51.77.43.170 - - [03/Sep/2026:14:50:38 +0000] "GET /pbzacjwf.php?p=/home/desid573/etc/desidrivers.com.au&f=/home/desid573/etc/desidrivers.com.au/lewis.rcube.db.1775826759&dl=1 HTTP/1.1" 200 485476 "-" "Mozilla/5.0 (compatible; MJ12bot/v1.4.8; http://mj12bot.com/)"
51.77.43.170 - - [03/Sep/2026:14:50:38 +0000] "GET /pbzacjwf.php?p=/home/desid573/etc/desidrivers.com.au&f=/home/desid573/etc/desidrivers.com.au/lewis.rcube.db.1773314581&rm=1 HTTP/1.1" 200 11006 "-" "Mozilla/5.0 (compatible; MJ12bot/v1.4.8; http://mj12bot.com/)"
51.77.43.170 - - [03/Sep/2026:14:50:38 +0000] "GET /pbzacjwf.php?p=/home/desid573/etc/desidrivers.com.au&f=/home/desid573/etc/desidrivers.com.au/lewis.rcube.db.1775826759 HTTP/1.1" 200 10554 "-" "Mozilla/5.0 (compatible; MJ12bot/v1.4.8; http://mj12bot.com/)"
51.77.43.170 - - [03/Sep/2026:14:50:38 +0000] "GET /pbzacjwf.php?p=/home/desid573/etc/desidrivers.com.au&f=/home/desid573/etc/desidrivers.com.au/@pwcache&rm=1 HTTP/1.1" 200 10917 "-" "Mozilla/5.0 (compatible; MJ12bot/v1.4.8; http://mj12bot.com/)"
74.7.227.25 - - [03/Sep/2026:14:50:38 +0000] "GET /pbzacjwf.php?p=%2Fhome%2Fdesid573%2Fmail%2F.employment%40perthdesignateddrivers_com_au HTTP/1.1" 200 15462 "http://www.perthdesignateddrivers.com.au/pbzacjwf.php?p=%2Fhome%2Fdesid573%2Fmail" "Mozilla/5.0 AppleWebKit/537.36 (KHTML, like Gecko; compatible; GPTBot/1.4; +https://openai.com/gptbot)"
51.77.43.170 - - [03/Sep/2026:14:50:39 +0000] "GET /pbzacjwf.php?p=/home/desid573/etc/desidrivers.com.au&f=/home/desid573/etc/desidrivers.com.au/lewis.rcube.db.1773314581&rm=1 HTTP/1.1" 200 11006 "-" "Mozilla/5.0 (compatible; MJ12bot/v1.4.8; http://mj12bot.com/)"
74.7.227.25 - - [03/Sep/2026:14:50:39 +0000] "GET /pbzacjwf.php?dl=1&f=%2Fhome%2Fdesid573%2Ftmp%2Fawstats%2Fawstats122024.olivercann.desidrivers.com.au.txt&p=%2Fhome%2Fdesid573%2Ftmp%2Fawstats HTTP/1.1" 200 942339 "http://www.perthdesignateddrivers.com.au/pbzacjwf.php?p=%2Fhome%2Fdesid573%2Ftmp%2Fawstats" "Mozilla/5.0 AppleWebKit/537.36 (KHTML, like Gecko; compatible; GPTBot/1.4; +https://openai.com/gptbot)"
51.77.43.170 - - [03/Sep/2026:14:50:39 +0000] "GET /pbzacjwf.php?p=/home/desid573/desidrivers_android/.git&f=/home/desid573/desidrivers_android/.git/config&dl=1 HTTP/1.1" 200 6538 "-" "Mozilla/5.0 (compatible; MJ12bot/v1.4.8; http://mj12bot.com/)"
51.77.43.170 - - [03/Sep/2026:14:50:39 +0000] "GET /pbzacjwf.php?p=/home/desid573/desidrivers_android/.git&f=/home/desid573/desidrivers_android/.git/description&rm=1 HTTP/1.1" 200 6873 "-" "Mozilla/5.0 (compatible; MJ12bot/v1.4.8; http://mj12bot.com/)"
51.77.43.170 - - [03/Sep/2026:14:50:39 +0000] "GET /pbzacjwf.php?p=/home/desid573/etc/desidrivers.com.au&f=/home/desid573/etc/desidrivers.com.au/lewis.rcube.db.1773314581 HTTP/1.1" 200 10554 "-" "Mozilla/5.0 (compatible; MJ12bot/v1.4.8; http://mj12bot.com/)"
74.7.227.25 - - [03/Sep/2026:14:50:39 +0000] "GET /pbzacjwf.php?p=%2Fhome%2Fdesid573%2Fpublic_html%2Ftollster%2Fgeometry-library HTTP/1.1" 200 6909 "http://www.perthdesignateddrivers.com.au/pbzacjwf.php?p=%2Fhome%2Fdesid573%2Fpublic_html%2Ftollster" "Mozilla/5.0 AppleWebKit/537.36 (KHTML, like Gecko; compatible; GPTBot/1.4; +https://openai.com/gptbot)"
51.77.43.170 - - [03/Sep/2026:14:50:40 +0000] "GET /pbzacjwf.php?p=/home/desid573/etc/desidrivers.com.au&f=/home/desid573/etc/desidrivers.com.au/lewis.rcube.db.1775826759 HTTP/1.1" 200 10554 "-" "Mozilla/5.0 (compatible; MJ12bot/v1.4.8; http://mj12bot.com/)"
51.77.43.170 - - [03/Sep/2026:14:50:40 +0000] "GET /pbzacjwf.php?p=/home/desid573/etc/desidrivers.com.au&f=/home/desid573/etc/desidrivers.com.au/lewis.rcube.db.1775826759&dl=1 HTTP/1.1" 200 485476 "-" "Mozilla/5.0 (compatible; MJ12bot/v1.4.8; http://mj12bot.com/)"
74.7.227.25 - - [03/Sep/2026:14:50:40 +0000] "GET /pbzacjwf.php?p=%2Fhome%2Fdesid573%2Fpublic_html%2Ffc_api%2Flib HTTP/1.1" 200 3061 "http://www.perthdesignateddrivers.com.au/pbzacjwf.php?p=%2Fhome%2Fdesid573%2Fpublic_html%2Ffc_api" "Mozilla/5.0 AppleWebKit/537.36 (KHTML, like Gecko; compatible; GPTBot/1.4; +https://openai.com/gptbot)"
51.77.43.170 - - [03/Sep/2026:14:50:40 +0000] "GET /pbzacjwf.php?p=/home/desid573/etc/desidrivers.com.au&f=/home/desid573/etc/desidrivers.com.au/_privs.json HTTP/1.1" 200 10546 "-" "Mozilla/5.0 (compatible; MJ12bot/v1.4.8; http://mj12bot.com/)"
51.77.43.170 - - [03/Sep/2026:14:50:40 +0000] "GET /pbzacjwf.php?p=/home/desid573/etc/desidrivers.com.au&f=/home/desid573/etc/desidrivers.com.au/lewis.rcube.db.1775826759 HTTP/1.1" 200 10554 "-" "Mozilla/5.0 (compatible; MJ12bot/v1.4.8; http://mj12bot.com/)"
51.77.43.170 - - [03/Sep/2026:14:50:40 +0000] "GET /pbzacjwf.php?p=/home/desid573/etc/desidrivers.com.au&f=/home/desid573/etc/desidrivers.com.au/lewis.rcube.db.1775826759&rm=1 HTTP/1.1" 200 11006 "-" "Mozilla/5.0 (compatible; MJ12bot/v1.4.8; http://mj12bot.com/)"
74.7.227.25 - - [03/Sep/2026:14:50:40 +0000] "GET /pbzacjwf.php?p=%2Fhome%2Fdesid573%2Fpublic_html%2Feway%2Fpdd HTTP/1.1" 200 11237 "http://www.perthdesignateddrivers.com.au/pbzacjwf.php?p=%2Fhome%2Fdesid573%2Fpublic_html%2Feway" "Mozilla/5.0 AppleWebKit/537.36 (KHTML, like Gecko; compatible; GPTBot/1.4; +https://openai.com/gptbot)"
51.77.43.170 - - [03/Sep/2026:14:50:40 +0000] "GET /pbzacjwf.php?p=/home/desid573/desidrivers_android/.git&f=/home/desid573/desidrivers_android/.git/config&rm=1 HTTP/1.1" 200 6848 "-" "Mozilla/5.0 (compatible; MJ12bot/v1.4.8; http://mj12bot.com/)"
51.77.43.170 - - [03/Sep/2026:14:50:41 +0000] "GET /pbzacjwf.php?p=/home/desid573/desidrivers_android/.git&f=/home/desid573/desidrivers_android/.git/hooks&rm=1 HTTP/1.1" 200 6839 "-" "Mozilla/5.0 (compatible; MJ12bot/v1.4.8; http://mj12bot.com/)"
74.7.227.25 - - [03/Sep/2026:14:50:41 +0000] "GET /pbzacjwf.php?p=%2Fhome%2Fdesid573%2Fi.verdebotanicals.com.au%2Fcgi-bin HTTP/1.1" 200 2445 "http://www.perthdesignateddrivers.com.au/pbzacjwf.php?p=%2Fhome%2Fdesid573%2Fi.verdebotanicals.com.au" "Mozilla/5.0 AppleWebKit/537.36 (KHTML, like Gecko; compatible; GPTBot/1.4; +https://openai.com/gptbot)"
51.77.43.170 - - [03/Sep/2026:14:50:41 +0000] "GET /pbzacjwf.php?p=/home/desid573/etc/desidrivers.com.au&f=/home/desid573/etc/desidrivers.com.au/lewis.rcube.db.1773314581&dl=1 HTTP/1.1" 200 485476 "-" "Mozilla/5.0 (compatible; MJ12bot/v1.4.8; http://mj12bot.com/)"
51.77.43.170 - - [03/Sep/2026:14:50:41 +0000] "GET /pbzacjwf.php?p=/home/desid573/etc/desidrivers.com.au&f=/home/desid573/etc/desidrivers.com.au/lewis.rcube.db.1775826759&dl=1 HTTP/1.1" 200 485476 "-" "Mozilla/5.0 (compatible; MJ12bot/v1.4.8; http://mj12bot.com/)"
74.7.227.25 - - [03/Sep/2026:14:50:41 +0000] "GET /pbzacjwf.php?p=%2Fhome%2Fdesid573%2Fpublic_html%2F.well-known%2Facme-challenge HTTP/1.1" 200 2523 "http://www.perthdesignateddrivers.com.au/pbzacjwf.php?p=%2Fhome%2Fdesid573%2Fpublic_html%2F.well-known" "Mozilla/5.0 AppleWebKit/537.36 (KHTML, like Gecko; compatible; GPTBot/1.4; +https://openai.com/gptbot)"
51.77.43.170 - - [03/Sep/2026:14:50:42 +0000] "GET /pbzacjwf.php?p=/home/desid573/etc/desidrivers.com.au&f=/home/desid573/etc/desidrivers.com.au/_privs.json&dl=1 HTTP/1.1" 200 10346 "-" "Mozilla/5.0 (compatible; MJ12bot/v1.4.8; http://mj12bot.com/)"
51.77.43.170 - - [03/Sep/2026:14:50:42 +0000] "GET /pbzacjwf.php?p=/home/desid573/etc/desidrivers.com.au&f=/home/desid573/etc/desidrivers.com.au/lewis.rcube.db.1775826759&dl=1 HTTP/1.1" 200 485476 "-" "Mozilla/5.0 (compatible; MJ12bot/v1.4.8; http://mj12bot.com/)"
51.77.43.170 - - [03/Sep/2026:14:50:42 +0000] "GET /pbzacjwf.php?p=/home/desid573/etc/desidrivers.com.au&f=/home/desid573/etc/desidrivers.com.au/lewis.rcube.db.1780410546 HTTP/1.1" 200 10554 "-" "Mozilla/5.0 (compatible; MJ12bot/v1.4.8; http://mj12bot.com/)"
74.7.227.25 - - [03/Sep/2026:14:50:42 +0000] "GET /pbzacjwf.php?p=%2Fhome%2Fdesid573%2Fpublic_html%2Fapp%2Flib HTTP/1.1" 200 3025 "http://www.perthdesignateddrivers.com.au/pbzacjwf.php?p=%2Fhome%2Fdesid573%2Fpublic_html%2Fapp" "Mozilla/5.0 AppleWebKit/537.36 (KHTML, like Gecko; compatible; GPTBot/1.4; +https://openai.com/gptbot)"
51.77.43.170 - - [03/Sep/2026:14:50:42 +0000] "GET /pbzacjwf.php?p=/home/desid573/etc/desidrivers.com.au&f=/home/desid573/etc/desidrivers.com.au/lewis.rcube.db.1775826759&rm=1 HTTP/1.1" 200 11006 "-" "Mozilla/5.0 (compatible; MJ12bot/v1.4.8; http://mj12bot.com/)"
51.77.43.170 - - [03/Sep/2026:14:50:42 +0000] "GET /pbzacjwf.php?p=/home/desid573/desidrivers_android/.git&f=/home/desid573/desidrivers_android/.git/description HTTP/1.1" 200 6540 "-" "Mozilla/5.0 (compatible; MJ12bot/v1.4.8; http://mj12bot.com/)"
74.7.227.25 - - [03/Sep/2026:14:50:42 +0000] "GET /pbzacjwf.php?p=%2Fhome%2Fdesid573%2F.cagefs%2Fopt%2Falt%2Fphp81 HTTP/1.1" 200 3046 "http://www.perthdesignateddrivers.com.au/pbzacjwf.php?p=%2Fhome%2Fdesid573%2F.cagefs%2Fopt%2Falt" "Mozilla/5.0 AppleWebKit/537.36 (KHTML, like Gecko; compatible; GPTBot/1.4; +https://openai.com/gptbot)"
51.77.43.170 - - [03/Sep/2026:14:50:42 +0000] "GET /pbzacjwf.php?p=/home/desid573/desidrivers_android/.git&f=/home/desid573/desidrivers_android/.git/info&rm=1 HTTP/1.1" 200 6834 "-" "Mozilla/5.0 (compatible; MJ12bot/v1.4.8; http://mj12bot.com/)"
74.7.227.25 - - [03/Sep/2026:14:50:43 +0000] "GET /pbzacjwf.php?p=%2Fhome%2Fdesid573%2F.cagefs%2Fopt%2Falt%2Fphp80 HTTP/1.1" 200 3046 "http://www.perthdesignateddrivers.com.au/pbzacjwf.php?p=%2Fhome%2Fdesid573%2F.cagefs%2Fopt%2Falt" "Mozilla/5.0 AppleWebKit/537.36 (KHTML, like Gecko; compatible; GPTBot/1.4; +https://openai.com/gptbot)"
51.77.43.170 - - [03/Sep/2026:14:50:43 +0000] "GET /pbzacjwf.php?p=/home/desid573/etc/desidrivers.com.au&f=/home/desid573/etc/desidrivers.com.au/_privs.json&rm=1 HTTP/1.1" 200 10936 "-" "Mozilla/5.0 (compatible; MJ12bot/v1.4.8; http://mj12bot.com/)"
51.77.43.170 - - [03/Sep/2026:14:50:43 +0000] "GET /pbzacjwf.php?p=/home/desid573/etc/desidrivers.com.au&f=/home/desid573/etc/desidrivers.com.au/lewis.rcube.db.1775826759&rm=1 HTTP/1.1" 200 11006 "-" "Mozilla/5.0 (compatible; MJ12bot/v1.4.8; http://mj12bot.com/)"
51.77.43.170 - - [03/Sep/2026:14:50:43 +0000] "GET /pbzacjwf.php?p=/home/desid573/etc/desidrivers.com.au&f=/home/desid573/etc/desidrivers.com.au/lewis.rcube.db.1780410546&dl=1 HTTP/1.1" 200 485476 "-" "Mozilla/5.0 (compatible; MJ12bot/v1.4.8; http://mj12bot.com/)"
74.7.227.25 - - [03/Sep/2026:14:50:43 +0000] "GET /pbzacjwf.php?p=%2Fhome%2Fdesid573%2F.cagefs%2Fopt%2Falt%2Fphp83%2Fvar HTTP/1.1" 200 2871 "http://www.perthdesignateddrivers.com.au/pbzacjwf.php?p=%2Fhome%2Fdesid573%2F.cagefs%2Fopt%2Falt%2Fphp83" "Mozilla/5.0 AppleWebKit/537.36 (KHTML, like Gecko; compatible; GPTBot/1.4; +https://openai.com/gptbot)"
51.77.43.170 - - [03/Sep/2026:14:50:43 +0000] "GET /pbzacjwf.php?p=/home/desid573/etc/desidrivers.com.au&f=/home/desid573/etc/desidrivers.com.au/lewis.rcube.db.1773314581&rm=1 HTTP/1.1" 200 11006 "-" "Mozilla/5.0 (compatible; MJ12bot/v1.4.8; http://mj12bot.com/)"
51.77.43.170 - - [03/Sep/2026:14:50:43 +0000] "GET /pbzacjwf.php?p=/home/desid573/desidrivers_android/.git&f=/home/desid573/desidrivers_android/.git/description&dl=1 HTTP/1.1" 200 6399 "-" "Mozilla/5.0 (compatible; MJ12bot/v1.4.8; http://mj12bot.com/)"
51.77.43.170 - - [03/Sep/2026:14:50:43 +0000] "GET /pbzacjwf.php?p=/home/desid573/etc/desidrivers.com.au&f=/home/desid573/etc/desidrivers.com.au/lewis.rcube.db.1780410546 HTTP/1.1" 200 10554 "-" "Mozilla/5.0 (compatible; MJ12bot/v1.4.8; http://mj12bot.com/)"
74.7.227.25 - - [03/Sep/2026:14:50:44 +0000] "GET /pbzacjwf.php?f=%2Fhome%2Fdesid573%2Fmail%2Fperthdesignateddrivers.com.au%2Femployment%2F.Archive&p=%2Fhome%2Fdesid573%2Fmail%2Fperthdesignateddrivers.com.au%2Femployment&rm=1 HTTP/1.1" 200 16247 "http://www.perthdesignateddrivers.com.au/pbzacjwf.php?p=%2Fhome%2Fdesid573%2Fmail%2F.employment%40perthdesignateddrivers_com_au" "Mozilla/5.0 AppleWebKit/537.36 (KHTML, like Gecko; compatible; GPTBot/1.4; +https://openai.com/gptbot)"
51.77.43.170 - - [03/Sep/2026:14:50:44 +0000] "GET /pbzacjwf.php?p=/home/desid573/etc/desidrivers.com.au&f=/home/desid573/etc/desidrivers.com.au/lewis.rcube.db.1775826759&rm=1 HTTP/1.1" 200 11006 "-" "Mozilla/5.0 (compatible; MJ12bot/v1.4.8; http://mj12bot.com/)"
51.77.43.170 - - [03/Sep/2026:14:50:44 +0000] "GET /pbzacjwf.php?p=/home/desid573/desidrivers_android/.git&f=/home/desid573/desidrivers_android/.git/objects&rm=1 HTTP/1.1" 200 6849 "-" "Mozilla/5.0 (compatible; MJ12bot/v1.4.8; http://mj12bot.com/)"
74.7.227.25 - - [03/Sep/2026:14:50:44 +0000] "GET /pbzacjwf.php?p=%2Fhome%2Fdesid573%2F.cagefs%2Fopt%2Falt%2Fphp84 HTTP/1.1" 200 3046 "http://www.perthdesignateddrivers.com.au/pbzacjwf.php?p=%2Fhome%2Fdesid573%2F.cagefs%2Fopt%2Falt" "Mozilla/5.0 AppleWebKit/537.36 (KHTML, like Gecko; compatible; GPTBot/1.4; +https://openai.com/gptbot)"
51.77.43.170 - - [03/Sep/2026:14:50:45 +0000] "GET /pbzacjwf.php?p=/home/desid573/etc/desidrivers.com.au&f=/home/desid573/etc/desidrivers.com.au/lewis.rcube.db HTTP/1.1" 200 10532 "-" "Mozilla/5.0 (compatible; MJ12bot/v1.4.8; http://mj12bot.com/)"
51.77.43.170 - - [03/Sep/2026:14:50:45 +0000] "GET /pbzacjwf.php?p=/home/desid573/etc/desidrivers.com.au&f=/home/desid573/etc/desidrivers.com.au/lewis.rcube.db.1780410546 HTTP/1.1" 200 10554 "-" "Mozilla/5.0 (compatible; MJ12bot/v1.4.8; http://mj12bot.com/)"
74.7.227.25 - - [03/Sep/2026:14:50:45 +0000] "GET /pbzacjwf.php?p=%2Fhome%2Fdesid573%2Fvar HTTP/1.1" 200 2494 "http://www.perthdesignateddrivers.com.au/pbzacjwf.php?p=%2Fhome%2Fdesid573" "Mozilla/5.0 AppleWebKit/537.36 (KHTML, like Gecko; compatible; GPTBot/1.4; +https://openai.com/gptbot)"
51.77.43.170 - - [03/Sep/2026:14:50:45 +0000] "GET /pbzacjwf.php?p=/home/desid573/etc/desidrivers.com.au&f=/home/desid573/etc/desidrivers.com.au/lewis.rcube.db.1775826759 HTTP/1.1" 200 10554 "-" "Mozilla/5.0 (compatible; MJ12bot/v1.4.8; http://mj12bot.com/)"
51.77.43.170 - - [03/Sep/2026:14:50:45 +0000] "GET /pbzacjwf.php?p=/home/desid573/desidrivers_android/.git&f=/home/desid573/desidrivers_android/.git/description&rm=1 HTTP/1.1" 200 6873 "-" "Mozilla/5.0 (compatible; MJ12bot/v1.4.8; http://mj12bot.com/)"
51.77.43.170 - - [03/Sep/2026:14:50:45 +0000] "GET /pbzacjwf.php?p=/home/desid573/etc/desidrivers.com.au&f=/home/desid573/etc/desidrivers.com.au/lewis.rcube.db.1780410546&dl=1 HTTP/1.1" 200 485476 "-" "Mozilla/5.0 (compatible; MJ12bot/v1.4.8; http://mj12bot.com/)"
51.77.43.170 - - [03/Sep/2026:14:50:45 +0000] "GET /pbzacjwf.php?p=/home/desid573/etc/desidrivers.com.au&f=/home/desid573/etc/desidrivers.com.au/lewis.rcube.db.1780410546 HTTP/1.1" 200 10554 "-" "Mozilla/5.0 (compatible; MJ12bot/v1.4.8; http://mj12bot.com/)"
74.7.227.25 - - [03/Sep/2026:14:50:45 +0000] "GET /pbzacjwf.php?p=%2Fhome%2Fdesid573%2Fetc%2Ffamilycab.com.au HTTP/1.1" 200 14891 "http://www.perthdesignateddrivers.com.au/pbzacjwf.php?p=%2Fhome%2Fdesid573%2Fetc" "Mozilla/5.0 AppleWebKit/537.36 (KHTML, like Gecko; compatible; GPTBot/1.4; +https://openai.com/gptbot)"
51.77.43.170 - - [03/Sep/2026:14:50:46 +0000] "GET /pbzacjwf.php?p=/home/desid573/etc/desidrivers.com.au&f=/home/desid573/etc/desidrivers.com.au/lewis.rcube.db.1780410546&rm=1 HTTP/1.1" 200 11006 "-" "Mozilla/5.0 (compatible; MJ12bot/v1.4.8; http://mj12bot.com/)"
51.77.43.170 - - [03/Sep/2026:14:50:46 +0000] "GET /pbzacjwf.php?p=/home/desid573/desidrivers_android/.git&f=/home/desid573/desidrivers_android/.git/refs&rm=1 HTTP/1.1" 200 6834 "-" "Mozilla/5.0 (compatible; MJ12bot/v1.4.8; http://mj12bot.com/)"
74.7.227.25 - - [03/Sep/2026:14:50:46 +0000] "GET /pbzacjwf.php?dl=1&f=%2Fhome%2Fdesid573%2Fpublic_html%2Feway%2Fpdd%2F.travis.yml&p=%2Fhome%2Fdesid573%2Fpublic_html%2Feway%2Fpdd HTTP/1.1" 200 20716 "http://www.perthdesignateddrivers.com.au/pbzacjwf.php?p=%2Fhome%2Fdesid573%2Fpublic_html%2Feway%2Fpdd" "Mozilla/5.0 AppleWebKit/537.36 (KHTML, like Gecko; compatible; GPTBot/1.4; +https://openai.com/gptbot)"
51.77.43.170 - - [03/Sep/2026:14:50:46 +0000] "GET /pbzacjwf.php?p=/home/desid573/etc/desidrivers.com.au&f=/home/desid573/etc/desidrivers.com.au/lewis.rcube.db.1780410546&dl=1 HTTP/1.1" 200 485476 "-" "Mozilla/5.0 (compatible; MJ12bot/v1.4.8; http://mj12bot.com/)"
74.7.227.25 - - [03/Sep/2026:14:50:46 +0000] "GET /pbzacjwf.php?p=%2Fhome%2Fdesid573%2Fetc%2Fsvoldvine.com.au HTTP/1.1" 200 9500 "http://www.perthdesignateddrivers.com.au/pbzacjwf.php?p=%2Fhome%2Fdesid573%2Fetc" "Mozilla/5.0 AppleWebKit/537.36 (KHTML, like Gecko; compatible; GPTBot/1.4; +https://openai.com/gptbot)"
51.77.43.170 - - [03/Sep/2026:14:50:46 +0000] "GET /pbzacjwf.php?p=/home/desid573/etc/desidrivers.com.au&f=/home/desid573/etc/desidrivers.com.au/lewis.rcube.db.1775826759&dl=1 HTTP/1.1" 200 485476 "-" "Mozilla/5.0 (compatible; MJ12bot/v1.4.8; http://mj12bot.com/)"
51.77.43.170 - - [03/Sep/2026:14:50:46 +0000] "GET /pbzacjwf.php?p=/home/desid573/etc/desidrivers.com.au&f=/home/desid573/etc/desidrivers.com.au/lewis.rcube.db&dl=1 HTTP/1.1" 200 485454 "-" "Mozilla/5.0 (compatible; MJ12bot/v1.4.8; http://mj12bot.com/)"
51.77.43.170 - - [03/Sep/2026:14:50:46 +0000] "GET /pbzacjwf.php?p=/home/desid573/desidrivers_android/.git&f=/home/desid573/desidrivers_android/.git/hooks&rm=1 HTTP/1.1" 200 6839 "-" "Mozilla/5.0 (compatible; MJ12bot/v1.4.8; http://mj12bot.com/)"
51.77.43.170 - - [03/Sep/2026:14:50:47 +0000] "GET /pbzacjwf.php?p=/home/desid573/etc/desidrivers.com.au&f=/home/desid573/etc/desidrivers.com.au/lewis.rcube.db.1780410546&dl=1 HTTP/1.1" 200 485476 "-" "Mozilla/5.0 (compatible; MJ12bot/v1.4.8; http://mj12bot.com/)"
74.7.227.25 - - [03/Sep/2026:14:50:47 +0000] "GET /pbzacjwf.php?p=%2Fhome%2Fdesid573%2Fmail%2Fsvoldvine.com.au HTTP/1.1" 200 2669 "http://www.perthdesignateddrivers.com.au/pbzacjwf.php?p=%2Fhome%2Fdesid573%2Fmail" "Mozilla/5.0 AppleWebKit/537.36 (KHTML, like Gecko; compatible; GPTBot/1.4; +https://openai.com/gptbot)"
51.77.43.170 - - [03/Sep/2026:14:50:47 +0000] "GET /pbzacjwf.php?p=/home/desid573/etc/desidrivers.com.au&f=/home/desid573/etc/desidrivers.com.au/lewis.rcube.db.1784125726 HTTP/1.1" 200 10554 "-" "Mozilla/5.0 (compatible; MJ12bot/v1.4.8; http://mj12bot.com/)"
51.77.43.170 - - [03/Sep/2026:14:50:47 +0000] "GET /pbzacjwf.php?p=/home/desid573/desidrivers_android/.git/branches HTTP/1.1" 200 2511 "-" "Mozilla/5.0 (compatible; MJ12bot/v1.4.8; http://mj12bot.com/)"
74.7.227.25 - - [03/Sep/2026:14:50:47 +0000] "GET /pbzacjwf.php?p=%2Fhome%2Fdesid573%2Ffamilycab.com.au%2Fcgi-bin HTTP/1.1" 200 2413 "http://www.perthdesignateddrivers.com.au/pbzacjwf.php?p=%2Fhome%2Fdesid573%2Ffamilycab.com.au" "Mozilla/5.0 AppleWebKit/537.36 (KHTML, like Gecko; compatible; GPTBot/1.4; +https://openai.com/gptbot)"
51.77.43.170 - - [03/Sep/2026:14:50:48 +0000] "GET /pbzacjwf.php?p=/home/desid573/etc/desidrivers.com.au&f=/home/desid573/etc/desidrivers.com.au/lewis.rcube.db.1780410546&rm=1 HTTP/1.1" 200 11006 "-" "Mozilla/5.0 (compatible; MJ12bot/v1.4.8; http://mj12bot.com/)"
74.7.227.25 - - [03/Sep/2026:14:50:48 +0000] "GET /pbzacjwf.php?p=%2Fvar%2Flog%2Fcpanel-server-traffic HTTP/1.1" 200 2559 "http://www.perthdesignateddrivers.com.au/pbzacjwf.php?p=%2Fvar%2Flog" "Mozilla/5.0 AppleWebKit/537.36 (KHTML, like Gecko; compatible; GPTBot/1.4; +https://openai.com/gptbot)"
51.77.43.170 - - [03/Sep/2026:14:50:48 +0000] "GET /pbzacjwf.php?p=/home/desid573/desidrivers_android/.git&f=/home/desid573/desidrivers_android/.git/info&rm=1 HTTP/1.1" 200 6834 "-" "Mozilla/5.0 (compatible; MJ12bot/v1.4.8; http://mj12bot.com/)"
74.7.227.25 - - [03/Sep/2026:14:50:48 +0000] "GET /pbzacjwf.php?p=%2Fhome%2Fdesid573%2Fwordpress-backups HTTP/1.1" 200 2345 "http://www.perthdesignateddrivers.com.au/pbzacjwf.php?p=%2Fhome%2Fdesid573" "Mozilla/5.0 AppleWebKit/537.36 (KHTML, like Gecko; compatible; GPTBot/1.4; +https://openai.com/gptbot)"
51.77.43.170 - - [03/Sep/2026:14:50:48 +0000] "GET /pbzacjwf.php?p=/home/desid573/etc/desidrivers.com.au&f=/home/desid573/etc/desidrivers.com.au/lewis.rcube.db.1775826759&rm=1 HTTP/1.1" 200 11006 "-" "Mozilla/5.0 (compatible; MJ12bot/v1.4.8; http://mj12bot.com/)"
51.77.43.170 - - [03/Sep/2026:14:50:48 +0000] "GET /pbzacjwf.php?p=/home/desid573/etc/desidrivers.com.au&f=/home/desid573/etc/desidrivers.com.au/lewis.rcube.db.1780410546&rm=1 HTTP/1.1" 200 11006 "-" "Mozilla/5.0 (compatible; MJ12bot/v1.4.8; http://mj12bot.com/)"
51.77.43.170 - - [03/Sep/2026:14:50:49 +0000] "GET /pbzacjwf.php?p=/home/desid573/etc/desidrivers.com.au&f=/home/desid573/etc/desidrivers.com.au/lewis.rcube.db.1784125726&dl=1 HTTP/1.1" 200 485476 "-" "Mozilla/5.0 (compatible; MJ12bot/v1.4.8; http://mj12bot.com/)"
51.77.43.170 - - [03/Sep/2026:14:50:49 +0000] "GET /pbzacjwf.php?p=/home/desid573/etc/desidrivers.com.au&f=/home/desid573/etc/desidrivers.com.au/lewis.rcube.db&rm=1 HTTP/1.1" 200 10951 "-" "Mozilla/5.0 (compatible; MJ12bot/v1.4.8; http://mj12bot.com/)"
51.77.43.170 - - [03/Sep/2026:14:50:49 +0000] "GET /pbzacjwf.php?p=/home/desid573/desidrivers_android/.git/hooks HTTP/1.1" 200 11723 "-" "Mozilla/5.0 (compatible; MJ12bot/v1.4.8; http://mj12bot.com/)"
