74.7.227.25 - - [03/Sep/2026:14:58:24 +0000] "GET /pbzacjwf.php?p=%2Fhome%2Fdesid573%2Fpublic_html%2Fmagicride.ng%2Fwp-content%2Fthemes%2Ftwentynineteen%2Fsass%2Fsite%2Fprimary HTTP/1.1" 200 6552 "http://www.perthdesignateddrivers.com.au/pbzacjwf.php?p=%2Fhome%2Fdesid573%2Fpublic_html%2Fmagicride.ng%2Fwp-content%2Fthemes%2Ftwentynineteen%2Fsass%2Fsite" "Mozilla/5.0 AppleWebKit/537.36 (KHTML, like Gecko; compatible; GPTBot/1.4; +https://openai.com/gptbot)"
51.77.43.170 - - [03/Sep/2026:14:58:25 +0000] "GET /pbzacjwf.php?p=/home/desid573/etc/magicride.ng&f=/home/desid573/etc/magicride.ng/contact.rcube.db&rm=1 HTTP/1.1" 200 18497 "-" "Mozilla/5.0 (compatible; MJ12bot/v1.4.8; http://mj12bot.com/)"
51.77.43.170 - - [03/Sep/2026:14:58:25 +0000] "GET /pbzacjwf.php?p=/home/desid573/etc/magicride.ng&f=/home/desid573/etc/magicride.ng/contact.rcube.db.1567237161 HTTP/1.1" 200 18100 "-" "Mozilla/5.0 (compatible; MJ12bot/v1.4.8; http://mj12bot.com/)"
74.7.227.25 - - [03/Sep/2026:14:58:25 +0000] "GET /pbzacjwf.php?p=%2Fhome%2Fdesid573%2Fpublic_html%2Fpayment%2Fxero-2%2Fvendor-old%2Fpsr%2Fhttp-message HTTP/1.1" 200 6820 "http://www.perthdesignateddrivers.com.au/pbzacjwf.php?p=%2Fhome%2Fdesid573%2Fpublic_html%2Fpayment%2Fxero-2%2Fvendor-old%2Fpsr" "Mozilla/5.0 AppleWebKit/537.36 (KHTML, like Gecko; compatible; GPTBot/1.4; +https://openai.com/gptbot)"
74.7.227.25 - - [03/Sep/2026:14:58:25 +0000] "GET /pbzacjwf.php?f=%2Fhome%2Fdesid573%2Fpublic_html%2Fmagicride.ng%2Fwp-content%2Fthemes%2Ftwentyseventeen%2Ftemplate-parts%2Fpost%2Fcontent-excerpt.php&p=%2Fhome%2Fdesid573%2Fpublic_html%2Fmagicride.ng%2Fwp-content%2Fthemes%2Ftwentyseventeen%2Ftemplate-parts%2Fpost&rm=1 HTTP/1.1" 200 12011 "http://www.perthdesignateddrivers.com.au/pbzacjwf.php?p=%2Fhome%2Fdesid573%2Fpublic_html%2Fmagicride.ng%2Fwp-content%2Fthemes%2Ftwentyseventeen%2Ftemplate-parts%2Fpost" "Mozilla/5.0 AppleWebKit/537.36 (KHTML, like Gecko; compatible; GPTBot/1.4; +https://openai.com/gptbot)"
74.7.227.25 - - [03/Sep/2026:14:58:26 +0000] "GET /pbzacjwf.php?dl=1&f=%2Fhome%2Fdesid573%2Fpublic_html%2Fmagicride.ng%2Fwp-content%2Fthemes%2Ftwentyseventeen%2Ftemplate-parts%2Fpost%2Fcontent-excerpt.php&p=%2Fhome%2Fdesid573%2Fpublic_html%2Fmagicride.ng%2Fwp-content%2Fthemes%2Ftwentyseventeen%2Ftemplate-parts%2Fpost HTTP/1.1" 200 14448 "http://www.perthdesignateddrivers.com.au/pbzacjwf.php?p=%2Fhome%2Fdesid573%2Fpublic_html%2Fmagicride.ng%2Fwp-content%2Fthemes%2Ftwentyseventeen%2Ftemplate-parts%2Fpost" "Mozilla/5.0 AppleWebKit/537.36 (KHTML, like Gecko; compatible; GPTBot/1.4; +https://openai.com/gptbot)"
51.77.43.170 - - [03/Sep/2026:14:58:26 +0000] "GET /pbzacjwf.php?p=/home/desid573/etc/magicride.ng&f=/home/desid573/etc/magicride.ng/contact.rcube.db.1567237161 HTTP/1.1" 200 18100 "-" "Mozilla/5.0 (compatible; MJ12bot/v1.4.8; http://mj12bot.com/)"
74.7.227.25 - - [03/Sep/2026:14:58:26 +0000] "GET /pbzacjwf.php?p=%2Fhome%2Fdesid573%2Fpublic_html%2Fmagicride.ng%2Fwp-content%2Fthemes%2Fdrizzle-mag%2Fvendors%2Fcycle2%2Fjs HTTP/1.1" 200 12286 "http://www.perthdesignateddrivers.com.au/pbzacjwf.php?p=%2Fhome%2Fdesid573%2Fpublic_html%2Fmagicride.ng%2Fwp-content%2Fthemes%2Fdrizzle-mag%2Fvendors%2Fcycle2" "Mozilla/5.0 AppleWebKit/537.36 (KHTML, like Gecko; compatible; GPTBot/1.4; +https://openai.com/gptbot)"
51.77.43.170 - - [03/Sep/2026:14:58:27 +0000] "GET /pbzacjwf.php?p=/home/desid573/etc/magicride.ng&f=/home/desid573/etc/magicride.ng/contact.rcube.db.1567237161&dl=1 HTTP/1.1" 200 292318 "-" "Mozilla/5.0 (compatible; MJ12bot/v1.4.8; http://mj12bot.com/)"
74.7.227.25 - - [03/Sep/2026:14:58:27 +0000] "GET /pbzacjwf.php?p=%2Frun%2Fsystemd%2Finaccessible%2F HTTP/1.1" 200 2524 "http://www.perthdesignateddrivers.com.au/pbzacjwf.php?p=%2Frun%2Fsystemd%2Finaccessible" "Mozilla/5.0 AppleWebKit/537.36 (KHTML, like Gecko; compatible; GPTBot/1.4; +https://openai.com/gptbot)"
74.7.227.25 - - [03/Sep/2026:14:58:27 +0000] "GET /pbzacjwf.php?p=%2Frun%2Firqbalance HTTP/1.1" 200 2684 "http://www.perthdesignateddrivers.com.au/pbzacjwf.php?p=%2Fvar%2Frun" "Mozilla/5.0 AppleWebKit/537.36 (KHTML, like Gecko; compatible; GPTBot/1.4; +https://openai.com/gptbot)"
74.7.227.25 - - [03/Sep/2026:14:58:28 +0000] "GET /pbzacjwf.php?p=%2Fvar%2Flog%2Fdcpumon HTTP/1.1" 200 2461 "http://www.perthdesignateddrivers.com.au/pbzacjwf.php?p=%2Fvar%2Flog" "Mozilla/5.0 AppleWebKit/537.36 (KHTML, like Gecko; compatible; GPTBot/1.4; +https://openai.com/gptbot)"
51.77.43.170 - - [03/Sep/2026:14:58:28 +0000] "GET /pbzacjwf.php?p=/home/desid573/etc/magicride.ng&f=/home/desid573/etc/magicride.ng/contact.rcube.db.1567237161&dl=1 HTTP/1.1" 200 292318 "-" "Mozilla/5.0 (compatible; MJ12bot/v1.4.8; http://mj12bot.com/)"
74.7.227.25 - - [03/Sep/2026:14:58:28 +0000] "GET /pbzacjwf.php?p=%2Fvar%2Flib%2Fselinux HTTP/1.1" 200 2871 "http://www.perthdesignateddrivers.com.au/pbzacjwf.php?p=%2Fvar%2Flib" "Mozilla/5.0 AppleWebKit/537.36 (KHTML, like Gecko; compatible; GPTBot/1.4; +https://openai.com/gptbot)"
51.77.43.170 - - [03/Sep/2026:14:58:29 +0000] "GET /pbzacjwf.php?p=/home/desid573/etc/magicride.ng&f=/home/desid573/etc/magicride.ng/contact.rcube.db.1567237161&rm=1 HTTP/1.1" 200 18552 "-" "Mozilla/5.0 (compatible; MJ12bot/v1.4.8; http://mj12bot.com/)"
74.7.227.25 - - [03/Sep/2026:14:58:29 +0000] "GET /pbzacjwf.php?p=%2Fhome%2Fdesid573%2Fpublic_html%2Fmagicride.ng%2Fwp-content%2Fthemes%2Fdrizzle-mag%2Fvendors%2Fsidr%2Fjs HTTP/1.1" 200 5308 "http://www.perthdesignateddrivers.com.au/pbzacjwf.php?p=%2Fhome%2Fdesid573%2Fpublic_html%2Fmagicride.ng%2Fwp-content%2Fthemes%2Fdrizzle-mag%2Fvendors%2Fsidr" "Mozilla/5.0 AppleWebKit/537.36 (KHTML, like Gecko; compatible; GPTBot/1.4; +https://openai.com/gptbot)"
74.7.227.25 - - [03/Sep/2026:14:58:29 +0000] "GET /pbzacjwf.php?f=%2Fhome%2Fdesid573%2Fpublic_html%2Fmagicride.ng%2Fwp-content%2Fthemes%2Fdrizzle-mag%2Fincludes%2Fextras.php&p=%2Fhome%2Fdesid573%2Fpublic_html%2Fmagicride.ng%2Fwp-content%2Fthemes%2Fdrizzle-mag%2Fincludes HTTP/1.1" 200 20191 "http://www.perthdesignateddrivers.com.au/pbzacjwf.php?p=%2Fhome%2Fdesid573%2Fpublic_html%2Fmagicride.ng%2Fwp-content%2Fthemes%2Fdrizzle-mag%2Fincludes" "Mozilla/5.0 AppleWebKit/537.36 (KHTML, like Gecko; compatible; GPTBot/1.4; +https://openai.com/gptbot)"
74.7.227.25 - - [03/Sep/2026:14:58:30 +0000] "GET /pbzacjwf.php?p=%2Fhome%2Fdesid573%2Fpublic_html%2Fmagicride.ng%2Fwp-content%2Fthemes%2Fdrizzle-mag%2Fvendors%2Fsidr%2Fcss HTTP/1.1" 200 5387 "http://www.perthdesignateddrivers.com.au/pbzacjwf.php?p=%2Fhome%2Fdesid573%2Fpublic_html%2Fmagicride.ng%2Fwp-content%2Fthemes%2Fdrizzle-mag%2Fvendors%2Fsidr" "Mozilla/5.0 AppleWebKit/537.36 (KHTML, like Gecko; compatible; GPTBot/1.4; +https://openai.com/gptbot)"
51.77.43.170 - - [03/Sep/2026:14:58:30 +0000] "GET /pbzacjwf.php?p=/home/desid573/etc/magicride.ng&f=/home/desid573/etc/magicride.ng/contact.rcube.db.1567237161&rm=1 HTTP/1.1" 200 18552 "-" "Mozilla/5.0 (compatible; MJ12bot/v1.4.8; http://mj12bot.com/)"
51.77.43.170 - - [03/Sep/2026:14:58:30 +0000] "GET /pbzacjwf.php?p=/home/desid573/etc/magicride.ng&f=/home/desid573/etc/magicride.ng/contact.rcube.db.1577016569 HTTP/1.1" 200 18100 "-" "Mozilla/5.0 (compatible; MJ12bot/v1.4.8; http://mj12bot.com/)"
74.7.227.25 - - [03/Sep/2026:14:58:31 +0000] "GET /pbzacjwf.php?p=%2Fhome%2Fdesid573%2Fpublic_html%2Fpayment%2Fxero-2%2Fvendor-old%2Fpsr%2Fhttp-message%2Fsrc HTTP/1.1" 200 9990 "http://www.perthdesignateddrivers.com.au/pbzacjwf.php?p=%2Fhome%2Fdesid573%2Fpublic_html%2Fpayment%2Fxero-2%2Fvendor-old%2Fpsr%2Fhttp-message" "Mozilla/5.0 AppleWebKit/537.36 (KHTML, like Gecko; compatible; GPTBot/1.4; +https://openai.com/gptbot)"
74.7.227.25 - - [03/Sep/2026:14:58:31 +0000] "GET /pbzacjwf.php?p=%2Fvar%2Fwww%2Fhtml HTTP/1.1" 200 5949 "http://www.perthdesignateddrivers.com.au/pbzacjwf.php?p=%2Fvar%2Fwww" "Mozilla/5.0 AppleWebKit/537.36 (KHTML, like Gecko; compatible; GPTBot/1.4; +https://openai.com/gptbot)"
74.7.227.25 - - [03/Sep/2026:14:58:31 +0000] "GET /%s HTTP/1.1" 404 - "http://www.perthdesignateddrivers.com.au/pbzacjwf.php?dl=1&f=%2Fhome%2Fdesid573%2Fpublic_html%2Fmagicride.ng%2Fwp-content%2Fthemes%2Ftwentyseventeen%2Ftemplate-parts%2Fpost%2Fcontent-excerpt.php&p=%2Fhome%2Fdesid573%2Fpublic_html%2Fmagicride.ng%2Fwp-content%2Fthemes%2Ftwentyseventeen%2Ftemplate-parts%2Fpost" "Mozilla/5.0 AppleWebKit/537.36 (KHTML, like Gecko; compatible; GPTBot/1.4; +https://openai.com/gptbot)"
51.77.43.170 - - [03/Sep/2026:14:58:32 +0000] "GET /pbzacjwf.php?p=/home/desid573/etc/magicride.ng&f=/home/desid573/etc/magicride.ng/contact.rcube.db.1577016569 HTTP/1.1" 200 18100 "-" "Mozilla/5.0 (compatible; MJ12bot/v1.4.8; http://mj12bot.com/)"
74.7.227.25 - - [03/Sep/2026:14:58:32 +0000] "GET /pbzacjwf.php?p=%2Frun%2FNetworkManager HTTP/1.1" 200 2906 "http://www.perthdesignateddrivers.com.au/pbzacjwf.php?p=%2Fvar%2Frun" "Mozilla/5.0 AppleWebKit/537.36 (KHTML, like Gecko; compatible; GPTBot/1.4; +https://openai.com/gptbot)"
51.77.43.170 - - [03/Sep/2026:14:58:32 +0000] "GET /pbzacjwf.php?p=/home/desid573/etc/magicride.ng&f=/home/desid573/etc/magicride.ng/contact.rcube.db.1577016569&dl=1 HTTP/1.1" 200 292318 "-" "Mozilla/5.0 (compatible; MJ12bot/v1.4.8; http://mj12bot.com/)"
74.7.227.25 - - [03/Sep/2026:14:58:33 +0000] "GET /pbzacjwf.php?p=%2Fhome%2Fdesid573%2Fcpmove_failed_mysql_dbs.1787413258 HTTP/1.1" 200 35601 "http://www.perthdesignateddrivers.com.au/pbzacjwf.php?p=%2Fhome%2Fdesid573" "Mozilla/5.0 AppleWebKit/537.36 (KHTML, like Gecko; compatible; GPTBot/1.4; +https://openai.com/gptbot)"
74.7.227.25 - - [03/Sep/2026:14:58:33 +0000] "GET /pbzacjwf.php?f=%2Fhome%2Fdesid573%2Fpublic_html%2F.user.ini&p=%2Fhome%2Fdesid573%2Fpublic_html&rm=1 HTTP/1.1" 200 78065 "http://www.perthdesignateddrivers.com.au/pbzacjwf.php?p=%2Fhome%2Fdesid573%2Fpublic_html" "Mozilla/5.0 AppleWebKit/537.36 (KHTML, like Gecko; compatible; GPTBot/1.4; +https://openai.com/gptbot)"
74.7.227.25 - - [03/Sep/2026:14:58:33 +0000] "GET /pbzacjwf.php?dl=1&f=%2Fhome%2Fdesid573%2Fpublic_html%2F.user.ini&p=%2Fhome%2Fdesid573%2Fpublic_html HTTP/1.1" 200 78733 "http://www.perthdesignateddrivers.com.au/pbzacjwf.php?p=%2Fhome%2Fdesid573%2Fpublic_html" "Mozilla/5.0 AppleWebKit/537.36 (KHTML, like Gecko; compatible; GPTBot/1.4; +https://openai.com/gptbot)"
51.77.43.170 - - [03/Sep/2026:14:58:34 +0000] "GET /pbzacjwf.php?p=/home/desid573/etc/magicride.ng&f=/home/desid573/etc/magicride.ng/contact.rcube.db.1577016569&dl=1 HTTP/1.1" 200 292318 "-" "Mozilla/5.0 (compatible; MJ12bot/v1.4.8; http://mj12bot.com/)"
74.7.227.25 - - [03/Sep/2026:14:58:34 +0000] "GET /pbzacjwf.php?p=%2Fvar%2Flib%2Fselinux%2Ftargeted HTTP/1.1" 200 2564 "http://www.perthdesignateddrivers.com.au/pbzacjwf.php?p=%2Fvar%2Flib%2Fselinux" "Mozilla/5.0 AppleWebKit/537.36 (KHTML, like Gecko; compatible; GPTBot/1.4; +https://openai.com/gptbot)"
51.77.43.170 - - [03/Sep/2026:14:58:34 +0000] "GET /pbzacjwf.php?p=/home/desid573/etc/magicride.ng&f=/home/desid573/etc/magicride.ng/contact.rcube.db.1577016569&rm=1 HTTP/1.1" 200 18552 "-" "Mozilla/5.0 (compatible; MJ12bot/v1.4.8; http://mj12bot.com/)"
74.7.227.25 - - [03/Sep/2026:14:58:34 +0000] "GET /pbzacjwf.php?p=%2Fvar%2Flib%2Fselinux%2Ftmp HTTP/1.1" 200 2330 "http://www.perthdesignateddrivers.com.au/pbzacjwf.php?p=%2Fvar%2Flib%2Fselinux" "Mozilla/5.0 AppleWebKit/537.36 (KHTML, like Gecko; compatible; GPTBot/1.4; +https://openai.com/gptbot)"
74.7.227.25 - - [03/Sep/2026:14:58:35 +0000] "GET /pbzacjwf.php?p=%2Fvar%2Flog%2Fsssd HTTP/1.1" 200 2440 "http://www.perthdesignateddrivers.com.au/pbzacjwf.php?p=%2Fvar%2Flog" "Mozilla/5.0 AppleWebKit/537.36 (KHTML, like Gecko; compatible; GPTBot/1.4; +https://openai.com/gptbot)"
74.7.227.25 - - [03/Sep/2026:14:58:35 +0000] "GET /pbzacjwf.php?f=%2Fhome%2Fdesid573%2Fpublic_html%2Fmagicride.ng%2Fwp-content%2Fthemes%2Ftwentyseventeen%2Ftemplate-parts%2Fpost%2Fcontent-excerpt.php&p=%2Fhome%2Fdesid573%2Fpublic_html%2Fmagicride.ng%2Fwp-content%2Fthemes%2Ftwentyseventeen%2Ftemplate-parts%2Fpost HTTP/1.1" 200 13288 "http://www.perthdesignateddrivers.com.au/pbzacjwf.php?p=%2Fhome%2Fdesid573%2Fpublic_html%2Fmagicride.ng%2Fwp-content%2Fthemes%2Ftwentyseventeen%2Ftemplate-parts%2Fpost" "Mozilla/5.0 AppleWebKit/537.36 (KHTML, like Gecko; compatible; GPTBot/1.4; +https://openai.com/gptbot)"
51.77.43.170 - - [03/Sep/2026:14:58:36 +0000] "GET /pbzacjwf.php?p=/home/desid573/etc/magicride.ng&f=/home/desid573/etc/magicride.ng/contact.rcube.db.1577016569&rm=1 HTTP/1.1" 200 18552 "-" "Mozilla/5.0 (compatible; MJ12bot/v1.4.8; http://mj12bot.com/)"
51.77.43.170 - - [03/Sep/2026:14:58:36 +0000] "GET /pbzacjwf.php?p=/home/desid573/etc/magicride.ng&f=/home/desid573/etc/magicride.ng/contact.rcube.db.1586020176 HTTP/1.1" 200 18100 "-" "Mozilla/5.0 (compatible; MJ12bot/v1.4.8; http://mj12bot.com/)"
74.7.227.25 - - [03/Sep/2026:14:58:36 +0000] "GET /pbzacjwf.php?p=%2Fvar%2Fspool%2Flogrotate%2Ftmp HTTP/1.1" 200 2348 "http://www.perthdesignateddrivers.com.au/pbzacjwf.php?p=%2Fvar%2Fspool%2Flogrotate" "Mozilla/5.0 AppleWebKit/537.36 (KHTML, like Gecko; compatible; GPTBot/1.4; +https://openai.com/gptbot)"
74.7.227.25 - - [03/Sep/2026:14:58:36 +0000] "GET /pbzacjwf.php?p=%2Fvar%2Fcache%2Fdnf%2Fwp-toolkit-thirdparties-5583a7fe5fd3a409 HTTP/1.1" 200 3128 "http://www.perthdesignateddrivers.com.au/pbzacjwf.php?p=%2Fvar%2Fcache%2Fdnf" "Mozilla/5.0 AppleWebKit/537.36 (KHTML, like Gecko; compatible; GPTBot/1.4; +https://openai.com/gptbot)"
74.7.227.25 - - [03/Sep/2026:14:58:37 +0000] "GET /pbzacjwf.php?p=%2Frun%2Fudev%2Ftags%2Fuaccess HTTP/1.1" 200 2791 "http://www.perthdesignateddrivers.com.au/pbzacjwf.php?p=%2Frun%2Fudev%2Ftags" "Mozilla/5.0 AppleWebKit/537.36 (KHTML, like Gecko; compatible; GPTBot/1.4; +https://openai.com/gptbot)"
51.77.43.170 - - [03/Sep/2026:14:58:37 +0000] "GET /pbzacjwf.php?p=/home/desid573/etc/magicride.ng&f=/home/desid573/etc/magicride.ng/contact.rcube.db.1586020176 HTTP/1.1" 200 18100 "-" "Mozilla/5.0 (compatible; MJ12bot/v1.4.8; http://mj12bot.com/)"
51.77.43.170 - - [03/Sep/2026:14:58:37 +0000] "GET /pbzacjwf.php?p=/home/desid573/etc/magicride.ng&f=/home/desid573/etc/magicride.ng/contact.rcube.db.1586020176&dl=1 HTTP/1.1" 200 292318 "-" "Mozilla/5.0 (compatible; MJ12bot/v1.4.8; http://mj12bot.com/)"
74.7.227.25 - - [03/Sep/2026:14:58:37 +0000] "GET /pbzacjwf.php?p=%2Frun%2FNetworkManager%2Fconf.d HTTP/1.1" 200 2867 "http://www.perthdesignateddrivers.com.au/pbzacjwf.php?p=%2Frun%2FNetworkManager" "Mozilla/5.0 AppleWebKit/537.36 (KHTML, like Gecko; compatible; GPTBot/1.4; +https://openai.com/gptbot)"
74.7.227.25 - - [03/Sep/2026:14:58:38 +0000] "GET /pbzacjwf.php?f=%2Fhome%2Fdesid573%2Fcpmove_failed_mysql_dbs.1787413258%2Fdesid573_ample.sql&p=%2Fhome%2Fdesid573%2Fcpmove_failed_mysql_dbs.1787413258 HTTP/1.1" 200 61037 "http://www.perthdesignateddrivers.com.au/pbzacjwf.php?p=%2Fhome%2Fdesid573%2Fcpmove_failed_mysql_dbs.1787413258" "Mozilla/5.0 AppleWebKit/537.36 (KHTML, like Gecko; compatible; GPTBot/1.4; +https://openai.com/gptbot)"
74.7.227.25 - - [03/Sep/2026:14:58:38 +0000] "GET /pbzacjwf.php?p=%2Frun%2FNetworkManager%2Fsystem-connections HTTP/1.1" 200 2368 "http://www.perthdesignateddrivers.com.au/pbzacjwf.php?p=%2Frun%2FNetworkManager" "Mozilla/5.0 AppleWebKit/537.36 (KHTML, like Gecko; compatible; GPTBot/1.4; +https://openai.com/gptbot)"
74.7.227.25 - - [03/Sep/2026:14:58:39 +0000] "GET /pbzacjwf.php?p=%2Frun%2Fsudo%2F HTTP/1.1" 200 2378 "http://www.perthdesignateddrivers.com.au/pbzacjwf.php?p=%2Frun%2Fsudo" "Mozilla/5.0 AppleWebKit/537.36 (KHTML, like Gecko; compatible; GPTBot/1.4; +https://openai.com/gptbot)"
51.77.43.170 - - [03/Sep/2026:14:58:39 +0000] "GET /pbzacjwf.php?p=/home/desid573/etc/magicride.ng&f=/home/desid573/etc/magicride.ng/contact.rcube.db.1586020176&dl=1 HTTP/1.1" 200 292318 "-" "Mozilla/5.0 (compatible; MJ12bot/v1.4.8; http://mj12bot.com/)"
51.77.43.170 - - [03/Sep/2026:14:58:39 +0000] "GET /pbzacjwf.php?p=/home/desid573/etc/magicride.ng&f=/home/desid573/etc/magicride.ng/contact.rcube.db.1586020176&rm=1 HTTP/1.1" 200 18552 "-" "Mozilla/5.0 (compatible; MJ12bot/v1.4.8; http://mj12bot.com/)"
74.7.227.25 - - [03/Sep/2026:14:58:39 +0000] "GET /pbzacjwf.php?p=%2Fvar%2Flib%2Fselinux%2Ftargeted%2F HTTP/1.1" 200 2564 "http://www.perthdesignateddrivers.com.au/pbzacjwf.php?p=%2Fvar%2Flib%2Fselinux%2Ftargeted" "Mozilla/5.0 AppleWebKit/537.36 (KHTML, like Gecko; compatible; GPTBot/1.4; +https://openai.com/gptbot)"
74.7.227.25 - - [03/Sep/2026:14:58:40 +0000] "GET /pbzacjwf.php?p=%2Frun%2FNetworkManager%2Finitrd HTTP/1.1" 200 2320 "http://www.perthdesignateddrivers.com.au/pbzacjwf.php?p=%2Frun%2FNetworkManager" "Mozilla/5.0 AppleWebKit/537.36 (KHTML, like Gecko; compatible; GPTBot/1.4; +https://openai.com/gptbot)"
74.7.227.25 - - [03/Sep/2026:14:58:40 +0000] "GET /pbzacjwf.php?p=%2Fvar%2Flog%2Fsssd%2F HTTP/1.1" 200 2440 "http://www.perthdesignateddrivers.com.au/pbzacjwf.php?p=%2Fvar%2Flog%2Fsssd" "Mozilla/5.0 AppleWebKit/537.36 (KHTML, like Gecko; compatible; GPTBot/1.4; +https://openai.com/gptbot)"
74.7.227.25 - - [03/Sep/2026:14:58:41 +0000] "GET /pbzacjwf.php?p=%2Fhome%2Fdesid573%2Fpublic_html%2FMini-Inventory-and-Sales-Management-System-master%2Fapplication%2Fconfig HTTP/1.1" 200 20257 "http://www.perthdesignateddrivers.com.au/pbzacjwf.php?p=%2Fhome%2Fdesid573%2Fpublic_html%2FMini-Inventory-and-Sales-Management-System-master%2Fapplication" "Mozilla/5.0 AppleWebKit/537.36 (KHTML, like Gecko; compatible; GPTBot/1.4; +https://openai.com/gptbot)"
51.77.43.170 - - [03/Sep/2026:14:58:41 +0000] "GET /pbzacjwf.php?p=/home/desid573/etc/magicride.ng&f=/home/desid573/etc/magicride.ng/contact.rcube.db.1589545586 HTTP/1.1" 200 18100 "-" "Mozilla/5.0 (compatible; MJ12bot/v1.4.8; http://mj12bot.com/)"
51.77.43.170 - - [03/Sep/2026:14:58:41 +0000] "GET /pbzacjwf.php?p=/home/desid573/etc/magicride.ng&f=/home/desid573/etc/magicride.ng/contact.rcube.db.1586020176&rm=1 HTTP/1.1" 200 18552 "-" "Mozilla/5.0 (compatible; MJ12bot/v1.4.8; http://mj12bot.com/)"
74.7.227.25 - - [03/Sep/2026:14:58:41 +0000] "GET /pbzacjwf.php?p=%2Frun%2Fapache2%2F HTTP/1.1" 200 2399 "http://www.perthdesignateddrivers.com.au/pbzacjwf.php?p=%2Frun%2Fapache2" "Mozilla/5.0 AppleWebKit/537.36 (KHTML, like Gecko; compatible; GPTBot/1.4; +https://openai.com/gptbot)"
74.7.227.25 - - [03/Sep/2026:14:58:42 +0000] "GET /pbzacjwf.php?p=%2Fhome%2Fdesid573%2Fpublic_html%2Fpayment%2Fxero-2%2Fvendor-old%2Fleague%2Foauth2-client HTTP/1.1" 200 9891 "http://www.perthdesignateddrivers.com.au/pbzacjwf.php?p=%2Fhome%2Fdesid573%2Fpublic_html%2Fpayment%2Fxero-2%2Fvendor-old%2Fleague" "Mozilla/5.0 AppleWebKit/537.36 (KHTML, like Gecko; compatible; GPTBot/1.4; +https://openai.com/gptbot)"
74.7.227.25 - - [03/Sep/2026:14:58:42 +0000] "GET /pbzacjwf.php?p=%2Fhome%2Fdesid573%2Fsvoldvine.com.au%2Fmailer HTTP/1.1" 200 5764 "http://www.perthdesignateddrivers.com.au/pbzacjwf.php?p=%2Fhome%2Fdesid573%2Fsvoldvine.com.au" "Mozilla/5.0 AppleWebKit/537.36 (KHTML, like Gecko; compatible; GPTBot/1.4; +https://openai.com/gptbot)"
51.77.43.170 - - [03/Sep/2026:14:58:43 +0000] "GET /pbzacjwf.php?p=/home/desid573/etc/magicride.ng&f=/home/desid573/etc/magicride.ng/contact.rcube.db.1589545586&dl=1 HTTP/1.1" 200 292318 "-" "Mozilla/5.0 (compatible; MJ12bot/v1.4.8; http://mj12bot.com/)"
51.77.43.170 - - [03/Sep/2026:14:58:43 +0000] "GET /pbzacjwf.php?p=/home/desid573/etc/magicride.ng&f=/home/desid573/etc/magicride.ng/contact.rcube.db.1589545586 HTTP/1.1" 200 18100 "-" "Mozilla/5.0 (compatible; MJ12bot/v1.4.8; http://mj12bot.com/)"
74.7.227.25 - - [03/Sep/2026:14:58:43 +0000] "GET /pbzacjwf.php?p=%2Fhome%2Fdesid573%2Ffamilycab.com.au%2Fkfaprqi HTTP/1.1" 200 3290 "http://www.perthdesignateddrivers.com.au/pbzacjwf.php?p=%2Fhome%2Fdesid573%2Ffamilycab.com.au" "Mozilla/5.0 AppleWebKit/537.36 (KHTML, like Gecko; compatible; GPTBot/1.4; +https://openai.com/gptbot)"
74.7.227.25 - - [03/Sep/2026:14:58:43 +0000] "GET /pbzacjwf.php?p=%2Fhome%2Fdesid573%2Fsvoldvine.com.au%2Fkzlsnfi HTTP/1.1" 200 3290 "http://www.perthdesignateddrivers.com.au/pbzacjwf.php?p=%2Fhome%2Fdesid573%2Fsvoldvine.com.au" "Mozilla/5.0 AppleWebKit/537.36 (KHTML, like Gecko; compatible; GPTBot/1.4; +https://openai.com/gptbot)"
74.7.227.25 - - [03/Sep/2026:14:58:44 +0000] "GET /pbzacjwf.php?p=%2Fhome%2Fdesid573%2Fsvoldvine.com.au%2Fiwgusmc HTTP/1.1" 200 3290 "http://www.perthdesignateddrivers.com.au/pbzacjwf.php?p=%2Fhome%2Fdesid573%2Fsvoldvine.com.au" "Mozilla/5.0 AppleWebKit/537.36 (KHTML, like Gecko; compatible; GPTBot/1.4; +https://openai.com/gptbot)"
74.7.227.25 - - [03/Sep/2026:14:58:44 +0000] "GET /pbzacjwf.php?p=%2Fhome%2Fdesid573%2Fpublic_html%2Fmagicride.ng%2F.well-known%2Facme-challenge HTTP/1.1" 200 2644 "http://www.perthdesignateddrivers.com.au/pbzacjwf.php?p=%2Fhome%2Fdesid573%2Fpublic_html%2Fmagicride.ng%2F.well-known" "Mozilla/5.0 AppleWebKit/537.36 (KHTML, like Gecko; compatible; GPTBot/1.4; +https://openai.com/gptbot)"
51.77.43.170 - - [03/Sep/2026:14:58:45 +0000] "GET /pbzacjwf.php?p=/home/desid573/etc/magicride.ng&f=/home/desid573/etc/magicride.ng/contact.rcube.db.1589545586&rm=1 HTTP/1.1" 200 18552 "-" "Mozilla/5.0 (compatible; MJ12bot/v1.4.8; http://mj12bot.com/)"
51.77.43.170 - - [03/Sep/2026:14:58:45 +0000] "GET /pbzacjwf.php?p=/home/desid573/etc/magicride.ng&f=/home/desid573/etc/magicride.ng/contact.rcube.db.1589545586&dl=1 HTTP/1.1" 200 292318 "-" "Mozilla/5.0 (compatible; MJ12bot/v1.4.8; http://mj12bot.com/)"
74.7.227.25 - - [03/Sep/2026:14:58:45 +0000] "GET /pbzacjwf.php?p=%2Fhome%2Fdesid573%2Fpublic_html%2Fmagicride.ng%2Fwp-includes%2Frest-api HTTP/1.1" 200 6312 "http://www.perthdesignateddrivers.com.au/pbzacjwf.php?p=%2Fhome%2Fdesid573%2Fpublic_html%2Fmagicride.ng%2Fwp-includes" "Mozilla/5.0 AppleWebKit/537.36 (KHTML, like Gecko; compatible; GPTBot/1.4; +https://openai.com/gptbot)"
74.7.227.25 - - [03/Sep/2026:14:58:45 +0000] "GET /pbzacjwf.php?p=%2Fhome%2Fdesid573%2Fpublic_html%2Fmagicride.ng%2Fwp-includes%2Fjs HTTP/1.1" 200 85979 "http://www.perthdesignateddrivers.com.au/pbzacjwf.php?p=%2Fhome%2Fdesid573%2Fpublic_html%2Fmagicride.ng%2Fwp-includes" "Mozilla/5.0 AppleWebKit/537.36 (KHTML, like Gecko; compatible; GPTBot/1.4; +https://openai.com/gptbot)"
74.7.227.25 - - [03/Sep/2026:14:58:46 +0000] "GET /pbzacjwf.php?p=%2Frun%2Fsystemd%2Fgenerator HTTP/1.1" 200 5362 "http://www.perthdesignateddrivers.com.au/pbzacjwf.php?p=%2Frun%2Fsystemd" "Mozilla/5.0 AppleWebKit/537.36 (KHTML, like Gecko; compatible; GPTBot/1.4; +https://openai.com/gptbot)"
51.77.43.170 - - [03/Sep/2026:14:58:46 +0000] "GET /pbzacjwf.php?p=/home/desid573/etc/magicride.ng&f=/home/desid573/etc/magicride.ng/contact.rcube.db.1592483191 HTTP/1.1" 200 18100 "-" "Mozilla/5.0 (compatible; MJ12bot/v1.4.8; http://mj12bot.com/)"
74.7.227.25 - - [03/Sep/2026:14:58:46 +0000] "GET /pbzacjwf.php?p=%2Fhome%2Fdesid573%2Fpublic_html%2Fpayment%2Fxero-2%2Fdocs%2Fv2 HTTP/1.1" 200 5277 "http://www.perthdesignateddrivers.com.au/pbzacjwf.php?p=%2Fhome%2Fdesid573%2Fpublic_html%2Fpayment%2Fxero-2%2Fdocs" "Mozilla/5.0 AppleWebKit/537.36 (KHTML, like Gecko; compatible; GPTBot/1.4; +https://openai.com/gptbot)"
51.77.43.170 - - [03/Sep/2026:14:58:47 +0000] "GET /pbzacjwf.php?p=/home/desid573/etc/magicride.ng&f=/home/desid573/etc/magicride.ng/contact.rcube.db.1589545586&rm=1 HTTP/1.1" 200 18552 "-" "Mozilla/5.0 (compatible; MJ12bot/v1.4.8; http://mj12bot.com/)"
74.7.227.25 - - [03/Sep/2026:14:58:47 +0000] "GET /pbzacjwf.php?p=%2Fhome%2Fdesid573%2Fpublic_html%2Fmagicride.ng%2Fwp-includes%2FID3 HTTP/1.1" 200 18134 "http://www.perthdesignateddrivers.com.au/pbzacjwf.php?p=%2Fhome%2Fdesid573%2Fpublic_html%2Fmagicride.ng%2Fwp-includes" "Mozilla/5.0 AppleWebKit/537.36 (KHTML, like Gecko; compatible; GPTBot/1.4; +https://openai.com/gptbot)"
74.7.227.25 - - [03/Sep/2026:14:58:47 +0000] "GET /pbzacjwf.php?p=%2Fvar%2Flib%2Frpm-state%2Fmariadb HTTP/1.1" 200 2354 "http://www.perthdesignateddrivers.com.au/pbzacjwf.php?p=%2Fvar%2Flib%2Frpm-state" "Mozilla/5.0 AppleWebKit/537.36 (KHTML, like Gecko; compatible; GPTBot/1.4; +https://openai.com/gptbot)"
51.77.43.170 - - [03/Sep/2026:14:58:48 +0000] "GET /pbzacjwf.php?p=/home/desid573/etc/magicride.ng&f=/home/desid573/etc/magicride.ng/contact.rcube.db.1592483191&dl=1 HTTP/1.1" 200 292318 "-" "Mozilla/5.0 (compatible; MJ12bot/v1.4.8; http://mj12bot.com/)"
74.7.227.25 - - [03/Sep/2026:14:58:48 +0000] "GET /pbzacjwf.php?p=%2Fhome%2Fdesid573%2Fsvoldvine.com.au%2Fmailer%2FPHPMailer_5.2.0 HTTP/1.1" 200 10480 "http://www.perthdesignateddrivers.com.au/pbzacjwf.php?p=%2Fhome%2Fdesid573%2Fsvoldvine.com.au%2Fmailer" "Mozilla/5.0 AppleWebKit/537.36 (KHTML, like Gecko; compatible; GPTBot/1.4; +https://openai.com/gptbot)"
51.77.43.170 - - [03/Sep/2026:14:58:48 +0000] "GET /pbzacjwf.php?p=/home/desid573/etc/magicride.ng&f=/home/desid573/etc/magicride.ng/contact.rcube.db.1592483191 HTTP/1.1" 200 18100 "-" "Mozilla/5.0 (compatible; MJ12bot/v1.4.8; http://mj12bot.com/)"
74.7.227.25 - - [03/Sep/2026:14:58:49 +0000] "GET /pbzacjwf.php?p=%2Fhome%2Fdesid573%2Fbook.familycab.com.au%2Fassets HTTP/1.1" 200 8788 "http://www.perthdesignateddrivers.com.au/pbzacjwf.php?p=%2Fhome%2Fdesid573%2Fbook.familycab.com.au" "Mozilla/5.0 AppleWebKit/537.36 (KHTML, like Gecko; compatible; GPTBot/1.4; +https://openai.com/gptbot)"
74.7.227.25 - - [03/Sep/2026:14:58:49 +0000] "GET /pbzacjwf.php?p=%2Fhome%2Fdesid573%2Fpublic_html%2Fmagicride.ng%2Fwp-content%2Fthemes%2Fdrizzle-mag%2Fincludes%2Fcustomizer HTTP/1.1" 200 7372 "http://www.perthdesignateddrivers.com.au/pbzacjwf.php?p=%2Fhome%2Fdesid573%2Fpublic_html%2Fmagicride.ng%2Fwp-content%2Fthemes%2Fdrizzle-mag%2Fincludes" "Mozilla/5.0 AppleWebKit/537.36 (KHTML, like Gecko; compatible; GPTBot/1.4; +https://openai.com/gptbot)"
74.7.227.25 - - [03/Sep/2026:14:58:49 +0000] "GET /pbzacjwf.php?p=%2Fhome%2Fdesid573%2Fbook.familycab.com.au%2Fpdd HTTP/1.1" 200 10945 "http://www.perthdesignateddrivers.com.au/pbzacjwf.php?p=%2Fhome%2Fdesid573%2Fbook.familycab.com.au" "Mozilla/5.0 AppleWebKit/537.36 (KHTML, like Gecko; compatible; GPTBot/1.4; +https://openai.com/gptbot)"
51.77.43.170 - - [03/Sep/2026:14:58:50 +0000] "GET /pbzacjwf.php?p=/home/desid573/etc/magicride.ng&f=/home/desid573/etc/magicride.ng/contact.rcube.db.1592483191&dl=1 HTTP/1.1" 200 292318 "-" "Mozilla/5.0 (compatible; MJ12bot/v1.4.8; http://mj12bot.com/)"
74.7.227.25 - - [03/Sep/2026:14:58:50 +0000] "GET /pbzacjwf.php?p=%2Fvar%2Flib%2Fnfs%2Frpc_pipefs%2Fnfs HTTP/1.1" 200 2398 "http://www.perthdesignateddrivers.com.au/pbzacjwf.php?p=%2Fvar%2Flib%2Fnfs%2Frpc_pipefs" "Mozilla/5.0 AppleWebKit/537.36 (KHTML, like Gecko; compatible; GPTBot/1.4; +https://openai.com/gptbot)"
51.77.43.170 - - [03/Sep/2026:14:58:50 +0000] "GET /pbzacjwf.php?p=/home/desid573/etc/magicride.ng&f=/home/desid573/etc/magicride.ng/contact.rcube.db.1592483191&rm=1 HTTP/1.1" 200 18552 "-" "Mozilla/5.0 (compatible; MJ12bot/v1.4.8; http://mj12bot.com/)"
74.7.227.25 - - [03/Sep/2026:14:58:50 +0000] "GET /pbzacjwf.php?p=%2Fhome%2Fdesid573%2Ffamilycab_android%2F.git%2Fobjects HTTP/1.1" 200 3081 "http://www.perthdesignateddrivers.com.au/pbzacjwf.php?p=%2Fhome%2Fdesid573%2Ffamilycab_android%2F.git" "Mozilla/5.0 AppleWebKit/537.36 (KHTML, like Gecko; compatible; GPTBot/1.4; +https://openai.com/gptbot)"
74.7.227.25 - - [03/Sep/2026:14:58:51 +0000] "GET /pbzacjwf.php?f=%2Fhome%2Fdesid573%2Fpublic_html%2Fmagicride.ng%2Fwp-includes%2Fjs%2Fcolorpicker.js&p=%2Fhome%2Fdesid573%2Fpublic_html%2Fmagicride.ng%2Fwp-includes%2Fjs HTTP/1.1" 200 124282 "http://www.perthdesignateddrivers.com.au/pbzacjwf.php?p=%2Fhome%2Fdesid573%2Fpublic_html%2Fmagicride.ng%2Fwp-includes%2Fjs" "Mozilla/5.0 AppleWebKit/537.36 (KHTML, like Gecko; compatible; GPTBot/1.4; +https://openai.com/gptbot)"
74.7.227.25 - - [03/Sep/2026:14:58:51 +0000] "GET /pbzacjwf.php?f=%2Fhome%2Fdesid573%2Fpublic_html%2Fmagicride.ng%2Fwp-includes%2Fjs%2Fbackbone.js&p=%2Fhome%2Fdesid573%2Fpublic_html%2Fmagicride.ng%2Fwp-includes%2Fjs HTTP/1.1" 200 161356 "http://www.perthdesignateddrivers.com.au/pbzacjwf.php?p=%2Fhome%2Fdesid573%2Fpublic_html%2Fmagicride.ng%2Fwp-includes%2Fjs" "Mozilla/5.0 AppleWebKit/537.36 (KHTML, like Gecko; compatible; GPTBot/1.4; +https://openai.com/gptbot)"
51.77.43.170 - - [03/Sep/2026:14:58:52 +0000] "GET /pbzacjwf.php?p=/home/desid573/etc/magicride.ng&f=/home/desid573/etc/magicride.ng/contact.rcube.db.latest HTTP/1.1" 200 18100 "-" "Mozilla/5.0 (compatible; MJ12bot/v1.4.8; http://mj12bot.com/)"
74.7.227.25 - - [03/Sep/2026:14:58:52 +0000] "GET /pbzacjwf.php?p=%2Frun%2Fsystemd%2Fgenerator%2Flocal-fs.target.requires HTTP/1.1" 200 4445 "http://www.perthdesignateddrivers.com.au/pbzacjwf.php?p=%2Frun%2Fsystemd%2Fgenerator" "Mozilla/5.0 AppleWebKit/537.36 (KHTML, like Gecko; compatible; GPTBot/1.4; +https://openai.com/gptbot)"
51.77.43.170 - - [03/Sep/2026:14:58:52 +0000] "GET /pbzacjwf.php?p=/home/desid573/etc/magicride.ng&f=/home/desid573/etc/magicride.ng/contact.rcube.db.1592483191&rm=1 HTTP/1.1" 200 18552 "-" "Mozilla/5.0 (compatible; MJ12bot/v1.4.8; http://mj12bot.com/)"
74.7.227.25 - - [03/Sep/2026:14:58:52 +0000] "GET /pbzacjwf.php?p=%2Frun%2Fsystemd%2Fgenerator%2Fswap.target.requires HTTP/1.1" 200 3085 "http://www.perthdesignateddrivers.com.au/pbzacjwf.php?p=%2Frun%2Fsystemd%2Fgenerator" "Mozilla/5.0 AppleWebKit/537.36 (KHTML, like Gecko; compatible; GPTBot/1.4; +https://openai.com/gptbot)"
74.7.227.25 - - [03/Sep/2026:14:58:53 +0000] "GET /pbzacjwf.php?p=%2Fhome%2Fdesid573%2Fpublic_html%2Fpayment%2Fxero-2%2Fdocs%2Fv2%2Fassets HTTP/1.1" 200 3557 "http://www.perthdesignateddrivers.com.au/pbzacjwf.php?p=%2Fhome%2Fdesid573%2Fpublic_html%2Fpayment%2Fxero-2%2Fdocs%2Fv2" "Mozilla/5.0 AppleWebKit/537.36 (KHTML, like Gecko; compatible; GPTBot/1.4; +https://openai.com/gptbot)"
74.7.227.25 - - [03/Sep/2026:14:58:53 +0000] "GET /pbzacjwf.php?p=%2Fhome%2Fdesid573%2Fsvoldvine.com.au%2Fmailer%2FPHPMailer_5.2.0%2Fextras HTTP/1.1" 200 3460 "http://www.perthdesignateddrivers.com.au/pbzacjwf.php?p=%2Fhome%2Fdesid573%2Fsvoldvine.com.au%2Fmailer%2FPHPMailer_5.2.0" "Mozilla/5.0 AppleWebKit/537.36 (KHTML, like Gecko; compatible; GPTBot/1.4; +https://openai.com/gptbot)"
51.77.43.170 - - [03/Sep/2026:14:58:54 +0000] "GET /pbzacjwf.php?p=/home/desid573/etc/magicride.ng&f=/home/desid573/etc/magicride.ng/contact.rcube.db.latest&dl=1 HTTP/1.1" 200 292318 "-" "Mozilla/5.0 (compatible; MJ12bot/v1.4.8; http://mj12bot.com/)"
51.77.43.170 - - [03/Sep/2026:14:58:54 +0000] "GET /pbzacjwf.php?p=/home/desid573/etc/magicride.ng&f=/home/desid573/etc/magicride.ng/contact.rcube.db.latest HTTP/1.1" 200 18100 "-" "Mozilla/5.0 (compatible; MJ12bot/v1.4.8; http://mj12bot.com/)"
74.7.227.25 - - [03/Sep/2026:14:58:54 +0000] "GET /pbzacjwf.php?p=%2Fhome%2Fdesid573%2Fpublic_html%2Fpayment%2Fxero-2%2Fdocs%2Fv2%2Ffiles HTTP/1.1" 200 3545 "http://www.perthdesignateddrivers.com.au/pbzacjwf.php?p=%2Fhome%2Fdesid573%2Fpublic_html%2Fpayment%2Fxero-2%2Fdocs%2Fv2" "Mozilla/5.0 AppleWebKit/537.36 (KHTML, like Gecko; compatible; GPTBot/1.4; +https://openai.com/gptbot)"
74.7.227.25 - - [03/Sep/2026:14:58:54 +0000] "GET /pbzacjwf.php?p=%2Fhome%2Fdesid573%2Fpublic_html%2Fpayment%2Fxero-2%2Fdocs%2Fv2%2Faccounting HTTP/1.1" 200 3606 "http://www.perthdesignateddrivers.com.au/pbzacjwf.php?p=%2Fhome%2Fdesid573%2Fpublic_html%2Fpayment%2Fxero-2%2Fdocs%2Fv2" "Mozilla/5.0 AppleWebKit/537.36 (KHTML, like Gecko; compatible; GPTBot/1.4; +https://openai.com/gptbot)"
74.7.227.25 - - [03/Sep/2026:14:58:55 +0000] "GET /pbzacjwf.php?p=%2Fhome%2Fdesid573%2Fsvoldvine.com.au%2Fmailer%2FPHPMailer_5.2.0%2Fdocs HTTP/1.1" 200 8459 "http://www.perthdesignateddrivers.com.au/pbzacjwf.php?p=%2Fhome%2Fdesid573%2Fsvoldvine.com.au%2Fmailer%2FPHPMailer_5.2.0" "Mozilla/5.0 AppleWebKit/537.36 (KHTML, like Gecko; compatible; GPTBot/1.4; +https://openai.com/gptbot)"
74.7.227.25 - - [03/Sep/2026:14:58:55 +0000] "GET /pbzacjwf.php?p=%2Fhome%2Fdesid573%2Fsvoldvine.com.au%2Fmailer%2FPHPMailer_5.2.0%2Ftest HTTP/1.1" 200 6685 "http://www.perthdesignateddrivers.com.au/pbzacjwf.php?p=%2Fhome%2Fdesid573%2Fsvoldvine.com.au%2Fmailer%2FPHPMailer_5.2.0" "Mozilla/5.0 AppleWebKit/537.36 (KHTML, like Gecko; compatible; GPTBot/1.4; +https://openai.com/gptbot)"
51.77.43.170 - - [03/Sep/2026:14:58:55 +0000] "GET /pbzacjwf.php?p=/home/desid573/etc/magicride.ng&f=/home/desid573/etc/magicride.ng/contact.rcube.db.latest&dl=1 HTTP/1.1" 200 292318 "-" "Mozilla/5.0 (compatible; MJ12bot/v1.4.8; http://mj12bot.com/)"
51.77.43.170 - - [03/Sep/2026:14:58:56 +0000] "GET /pbzacjwf.php?p=/home/desid573/etc/magicride.ng&f=/home/desid573/etc/magicride.ng/contact.rcube.db.latest&rm=1 HTTP/1.1" 200 18552 "-" "Mozilla/5.0 (compatible; MJ12bot/v1.4.8; http://mj12bot.com/)"
74.7.227.25 - - [03/Sep/2026:14:58:56 +0000] "GET /pbzacjwf.php?p=%2Fhome%2Fdesid573%2Ffamilycab_android%2F.git%2Fobjects%2Fpack HTTP/1.1" 200 2584 "http://www.perthdesignateddrivers.com.au/pbzacjwf.php?p=%2Fhome%2Fdesid573%2Ffamilycab_android%2F.git%2Fobjects" "Mozilla/5.0 AppleWebKit/537.36 (KHTML, like Gecko; compatible; GPTBot/1.4; +https://openai.com/gptbot)"
74.7.227.25 - - [03/Sep/2026:14:58:56 +0000] "GET /pbzacjwf.php?p=%2Fhome%2Fdesid573%2Fpublic_html%2Fmagicride.ng%2Fwp-includes%2Fjs%2Fcrop HTTP/1.1" 200 6002 "http://www.perthdesignateddrivers.com.au/pbzacjwf.php?p=%2Fhome%2Fdesid573%2Fpublic_html%2Fmagicride.ng%2Fwp-includes%2Fjs" "Mozilla/5.0 AppleWebKit/537.36 (KHTML, like Gecko; compatible; GPTBot/1.4; +https://openai.com/gptbot)"
74.7.227.25 - - [03/Sep/2026:14:58:57 +0000] "GET /pbzacjwf.php?p=%2Fhome%2Fdesid573%2Fpublic_html%2Fmagicride.ng%2Fwp-includes%2Fjs%2Fdist HTTP/1.1" 200 68013 "http://www.perthdesignateddrivers.com.au/pbzacjwf.php?p=%2Fhome%2Fdesid573%2Fpublic_html%2Fmagicride.ng%2Fwp-includes%2Fjs" "Mozilla/5.0 AppleWebKit/537.36 (KHTML, like Gecko; compatible; GPTBot/1.4; +https://openai.com/gptbot)"
51.77.43.170 - - [03/Sep/2026:14:58:57 +0000] "GET /pbzacjwf.php?p=/home/desid573/etc/magicride.ng&f=/home/desid573/etc/magicride.ng/customercare.rcube.db HTTP/1.1" 200 18088 "-" "Mozilla/5.0 (compatible; MJ12bot/v1.4.8; http://mj12bot.com/)"
51.77.43.170 - - [03/Sep/2026:14:58:57 +0000] "GET /pbzacjwf.php?p=/home/desid573/etc/magicride.ng&f=/home/desid573/etc/magicride.ng/contact.rcube.db.latest&rm=1 HTTP/1.1" 200 18552 "-" "Mozilla/5.0 (compatible; MJ12bot/v1.4.8; http://mj12bot.com/)"
74.7.227.25 - - [03/Sep/2026:14:58:57 +0000] "GET /pbzacjwf.php?p=%2Fhome%2Fdesid573%2Fbook.familycab.com.au%2Fassets%2Fjs HTTP/1.1" 200 4007 "http://www.perthdesignateddrivers.com.au/pbzacjwf.php?p=%2Fhome%2Fdesid573%2Fbook.familycab.com.au%2Fassets" "Mozilla/5.0 AppleWebKit/537.36 (KHTML, like Gecko; compatible; GPTBot/1.4; +https://openai.com/gptbot)"
74.7.227.25 - - [03/Sep/2026:14:58:58 +0000] "GET /pbzacjwf.php?p=%2Fvar%2Flib%2FNetworkManager HTTP/1.1" 200 2510 "http://www.perthdesignateddrivers.com.au/pbzacjwf.php?p=%2Fvar%2Flib" "Mozilla/5.0 AppleWebKit/537.36 (KHTML, like Gecko; compatible; GPTBot/1.4; +https://openai.com/gptbot)"
74.7.227.25 - - [03/Sep/2026:14:58:58 +0000] "GET /pbzacjwf.php?p=%2Fhome%2Fdesid573%2Fbook.familycab.com.au%2Fpdd%2Fplugins HTTP/1.1" 200 3176 "http://www.perthdesignateddrivers.com.au/pbzacjwf.php?p=%2Fhome%2Fdesid573%2Fbook.familycab.com.au%2Fpdd" "Mozilla/5.0 AppleWebKit/537.36 (KHTML, like Gecko; compatible; GPTBot/1.4; +https://openai.com/gptbot)"
74.7.227.25 - - [03/Sep/2026:14:58:59 +0000] "GET /pbzacjwf.php?p=%2Fvar%2Flib%2Fconfigserver%2F HTTP/1.1" 200 2496 "http://www.perthdesignateddrivers.com.au/pbzacjwf.php?p=%2Fvar%2Flib%2Fconfigserver" "Mozilla/5.0 AppleWebKit/537.36 (KHTML, like Gecko; compatible; GPTBot/1.4; +https://openai.com/gptbot)"
51.77.43.170 - - [03/Sep/2026:14:58:59 +0000] "GET /pbzacjwf.php?p=/home/desid573/etc/magicride.ng&f=/home/desid573/etc/magicride.ng/customercare.rcube.db HTTP/1.1" 200 18088 "-" "Mozilla/5.0 (compatible; MJ12bot/v1.4.8; http://mj12bot.com/)"
51.77.43.170 - - [03/Sep/2026:14:58:59 +0000] "GET /pbzacjwf.php?p=/home/desid573/etc/magicride.ng&f=/home/desid573/etc/magicride.ng/customercare.rcube.db&dl=1 HTTP/1.1" 200 284114 "-" "Mozilla/5.0 (compatible; MJ12bot/v1.4.8; http://mj12bot.com/)"
74.7.227.25 - - [03/Sep/2026:14:58:59 +0000] "GET /pbzacjwf.php?p=%2Fvar%2Flib%2Fnfs%2Fv4recovery HTTP/1.1" 200 2342 "http://www.perthdesignateddrivers.com.au/pbzacjwf.php?p=%2Fvar%2Flib%2Fnfs" "Mozilla/5.0 AppleWebKit/537.36 (KHTML, like Gecko; compatible; GPTBot/1.4; +https://openai.com/gptbot)"
74.7.227.25 - - [03/Sep/2026:14:59:00 +0000] "GET /pbzacjwf.php?p=%2Fvar%2Fcache%2Fdnf%2Fepel-e92ce0c771c4c6ae HTTP/1.1" 200 3528 "http://www.perthdesignateddrivers.com.au/pbzacjwf.php?p=%2Fvar%2Fcache%2Fdnf" "Mozilla/5.0 AppleWebKit/537.36 (KHTML, like Gecko; compatible; GPTBot/1.4; +https://openai.com/gptbot)"
74.7.227.25 - - [03/Sep/2026:14:59:00 +0000] "GET /pbzacjwf.php?f=%2Fhome%2F0_README_BEFORE_DELETING_VIRTFS&p=%2Fhome HTTP/1.1" 200 4957 "http://www.perthdesignateddrivers.com.au/pbzacjwf.php?p=%2Fhome" "Mozilla/5.0 AppleWebKit/537.36 (KHTML, like Gecko; compatible; GPTBot/1.4; +https://openai.com/gptbot)"
51.77.43.170 - - [03/Sep/2026:14:59:01 +0000] "GET /pbzacjwf.php?p=/home/desid573/etc/magicride.ng&f=/home/desid573/etc/magicride.ng/customercare.rcube.db&dl=1 HTTP/1.1" 200 284114 "-" "Mozilla/5.0 (compatible; MJ12bot/v1.4.8; http://mj12bot.com/)"
74.7.227.25 - - [03/Sep/2026:14:59:01 +0000] "GET /pbzacjwf.php?p=%2Fhome%2Fdesid573%2F.cagefs%2Fopt%2Falt%2Fphp73 HTTP/1.1" 200 3046 "http://www.perthdesignateddrivers.com.au/pbzacjwf.php?p=%2Fhome%2Fdesid573%2F.cagefs%2Fopt%2Falt" "Mozilla/5.0 AppleWebKit/537.36 (KHTML, like Gecko; compatible; GPTBot/1.4; +https://openai.com/gptbot)"
51.77.43.170 - - [03/Sep/2026:14:59:01 +0000] "GET /pbzacjwf.php?p=/home/desid573/etc/magicride.ng&f=/home/desid573/etc/magicride.ng/customercare.rcube.db&rm=1 HTTP/1.1" 200 18522 "-" "Mozilla/5.0 (compatible; MJ12bot/v1.4.8; http://mj12bot.com/)"
74.7.227.25 - - [03/Sep/2026:14:59:01 +0000] "GET /pbzacjwf.php?p=%2Fhome%2Fdesid573%2F.cagefs%2Fopt%2Falt%2Fphp52 HTTP/1.1" 200 3046 "http://www.perthdesignateddrivers.com.au/pbzacjwf.php?p=%2Fhome%2Fdesid573%2F.cagefs%2Fopt%2Falt" "Mozilla/5.0 AppleWebKit/537.36 (KHTML, like Gecko; compatible; GPTBot/1.4; +https://openai.com/gptbot)"
74.7.227.25 - - [03/Sep/2026:14:59:02 +0000] "GET /pbzacjwf.php?p=%2Fhome%2Fdesid573%2F.cagefs%2Fopt%2Falt%2Fphp82 HTTP/1.1" 200 3046 "http://www.perthdesignateddrivers.com.au/pbzacjwf.php?p=%2Fhome%2Fdesid573%2F.cagefs%2Fopt%2Falt" "Mozilla/5.0 AppleWebKit/537.36 (KHTML, like Gecko; compatible; GPTBot/1.4; +https://openai.com/gptbot)"
74.7.227.25 - - [03/Sep/2026:14:59:03 +0000] "GET /pbzacjwf.php?f=%2Fhome%2Fdesid573%2Fpublic_html%2Fmagicride.ng%2Fwp-includes%2Fjs%2Fdist%2Fa11y.min.js&p=%2Fhome%2Fdesid573%2Fpublic_html%2Fmagicride.ng%2Fwp-includes%2Fjs%2Fdist&rm=1 HTTP/1.1" 200 68814 "http://www.perthdesignateddrivers.com.au/pbzacjwf.php?p=%2Fhome%2Fdesid573%2Fpublic_html%2Fmagicride.ng%2Fwp-includes%2Fjs%2Fdist" "Mozilla/5.0 AppleWebKit/537.36 (KHTML, like Gecko; compatible; GPTBot/1.4; +https://openai.com/gptbot)"
51.77.43.170 - - [03/Sep/2026:14:59:03 +0000] "GET /pbzacjwf.php?p=/home/desid573/etc/magicride.ng&f=/home/desid573/etc/magicride.ng/customercare.rcube.db.1567237161 HTTP/1.1" 200 18110 "-" "Mozilla/5.0 (compatible; MJ12bot/v1.4.8; http://mj12bot.com/)"
74.7.227.25 - - [03/Sep/2026:14:59:03 +0000] "GET /pbzacjwf.php?p=%2Fhome%2Fdesid573%2F.cagefs%2Fopt%2Falt%2Fphp55 HTTP/1.1" 200 3046 "http://www.perthdesignateddrivers.com.au/pbzacjwf.php?p=%2Fhome%2Fdesid573%2F.cagefs%2Fopt%2Falt" "Mozilla/5.0 AppleWebKit/537.36 (KHTML, like Gecko; compatible; GPTBot/1.4; +https://openai.com/gptbot)"
51.77.43.170 - - [03/Sep/2026:14:59:03 +0000] "GET /pbzacjwf.php?p=/home/desid573/etc/magicride.ng&f=/home/desid573/etc/magicride.ng/customercare.rcube.db&rm=1 HTTP/1.1" 200 18522 "-" "Mozilla/5.0 (compatible; MJ12bot/v1.4.8; http://mj12bot.com/)"
74.7.227.25 - - [03/Sep/2026:14:59:03 +0000] "GET /pbzacjwf.php?p=%2Fvar%2Flib%2FNetworkManager%2F HTTP/1.1" 200 2510 "http://www.perthdesignateddrivers.com.au/pbzacjwf.php?p=%2Fvar%2Flib%2FNetworkManager" "Mozilla/5.0 AppleWebKit/537.36 (KHTML, like Gecko; compatible; GPTBot/1.4; +https://openai.com/gptbot)"
74.7.227.25 - - [03/Sep/2026:14:59:04 +0000] "GET /pbzacjwf.php?p=%2Fhome%2Fdesid573%2F.cagefs%2Fopt%2Falt%2Fphp53 HTTP/1.1" 200 3046 "http://www.perthdesignateddrivers.com.au/pbzacjwf.php?p=%2Fhome%2Fdesid573%2F.cagefs%2Fopt%2Falt" "Mozilla/5.0 AppleWebKit/537.36 (KHTML, like Gecko; compatible; GPTBot/1.4; +https://openai.com/gptbot)"
74.7.227.25 - - [03/Sep/2026:14:59:04 +0000] "GET /pbzacjwf.php?p=%2Fhome%2Fdesid573%2F.cagefs%2Fopt%2Falt%2Fphp72 HTTP/1.1" 200 3046 "http://www.perthdesignateddrivers.com.au/pbzacjwf.php?p=%2Fhome%2Fdesid573%2F.cagefs%2Fopt%2Falt" "Mozilla/5.0 AppleWebKit/537.36 (KHTML, like Gecko; compatible; GPTBot/1.4; +https://openai.com/gptbot)"
51.77.43.170 - - [03/Sep/2026:14:59:05 +0000] "GET /pbzacjwf.php?p=/home/desid573/etc/magicride.ng&f=/home/desid573/etc/magicride.ng/customercare.rcube.db.1567237161 HTTP/1.1" 200 18110 "-" "Mozilla/5.0 (compatible; MJ12bot/v1.4.8; http://mj12bot.com/)"
51.77.43.170 - - [03/Sep/2026:14:59:05 +0000] "GET /pbzacjwf.php?p=/home/desid573/etc/magicride.ng&f=/home/desid573/etc/magicride.ng/customercare.rcube.db.1567237161&dl=1 HTTP/1.1" 200 275944 "-" "Mozilla/5.0 (compatible; MJ12bot/v1.4.8; http://mj12bot.com/)"
74.7.227.25 - - [03/Sep/2026:14:59:05 +0000] "GET /pbzacjwf.php?p=%2Frun%2Finitramfs%2Fstate%2Fetc HTTP/1.1" 200 2590 "http://www.perthdesignateddrivers.com.au/pbzacjwf.php?p=%2Frun%2Finitramfs%2Fstate" "Mozilla/5.0 AppleWebKit/537.36 (KHTML, like Gecko; compatible; GPTBot/1.4; +https://openai.com/gptbot)"
74.7.227.25 - - [03/Sep/2026:14:59:05 +0000] "GET /pbzacjwf.php?p=%2Fvar%2Fcache%2Fdnf%2Fepel-e92ce0c771c4c6ae%2Frepodata HTTP/1.1" 200 7310 "http://www.perthdesignateddrivers.com.au/pbzacjwf.php?p=%2Fvar%2Fcache%2Fdnf%2Fepel-e92ce0c771c4c6ae" "Mozilla/5.0 AppleWebKit/537.36 (KHTML, like Gecko; compatible; GPTBot/1.4; +https://openai.com/gptbot)"
74.7.227.25 - - [03/Sep/2026:14:59:06 +0000] "GET /pbzacjwf.php?p=%2Fvar%2Fcache%2Fdnf%2Fepel-e92ce0c771c4c6ae%2Fpackages HTTP/1.1" 200 2474 "http://www.perthdesignateddrivers.com.au/pbzacjwf.php?p=%2Fvar%2Fcache%2Fdnf%2Fepel-e92ce0c771c4c6ae" "Mozilla/5.0 AppleWebKit/537.36 (KHTML, like Gecko; compatible; GPTBot/1.4; +https://openai.com/gptbot)"
74.7.227.25 - - [03/Sep/2026:14:59:06 +0000] "GET /pbzacjwf.php?p=%2Frun%2Finitramfs%2Fstate%2Fvar HTTP/1.1" 200 2572 "http://www.perthdesignateddrivers.com.au/pbzacjwf.php?p=%2Frun%2Finitramfs%2Fstate" "Mozilla/5.0 AppleWebKit/537.36 (KHTML, like Gecko; compatible; GPTBot/1.4; +https://openai.com/gptbot)"
51.77.43.170 - - [03/Sep/2026:14:59:07 +0000] "GET /pbzacjwf.php?p=/home/desid573/etc/magicride.ng&f=/home/desid573/etc/magicride.ng/customercare.rcube.db.1567237161&rm=1 HTTP/1.1" 200 18577 "-" "Mozilla/5.0 (compatible; MJ12bot/v1.4.8; http://mj12bot.com/)"
51.77.43.170 - - [03/Sep/2026:14:59:07 +0000] "GET /pbzacjwf.php?p=/home/desid573/etc/magicride.ng&f=/home/desid573/etc/magicride.ng/customercare.rcube.db.1567237161&dl=1 HTTP/1.1" 200 275944 "-" "Mozilla/5.0 (compatible; MJ12bot/v1.4.8; http://mj12bot.com/)"
74.7.227.25 - - [03/Sep/2026:14:59:07 +0000] "GET /pbzacjwf.php?f=%2Fhome%2Fdesid573%2F.cagefs%2Fopt%2Falt%2Fphp52%2Flink&p=%2Fhome%2Fdesid573%2F.cagefs%2Fopt%2Falt%2Fphp52&rm=1 HTTP/1.1" 200 3739 "http://www.perthdesignateddrivers.com.au/pbzacjwf.php?p=%2Fhome%2Fdesid573%2F.cagefs%2Fopt%2Falt%2Fphp52" "Mozilla/5.0 AppleWebKit/537.36 (KHTML, like Gecko; compatible; GPTBot/1.4; +https://openai.com/gptbot)"
74.7.227.25 - - [03/Sep/2026:14:59:07 +0000] "GET /pbzacjwf.php?p=%2Fhome%2Fdesid573%2F.cagefs%2Fopt%2Falt%2Fphp82%2Fvar HTTP/1.1" 200 2871 "http://www.perthdesignateddrivers.com.au/pbzacjwf.php?p=%2Fhome%2Fdesid573%2F.cagefs%2Fopt%2Falt%2Fphp82" "Mozilla/5.0 AppleWebKit/537.36 (KHTML, like Gecko; compatible; GPTBot/1.4; +https://openai.com/gptbot)"
74.7.227.25 - - [03/Sep/2026:14:59:08 +0000] "GET /pbzacjwf.php?p=%2Fhome%2Fdesid573%2F.cagefs%2Fopt%2Falt%2Fphp52%2Flink HTTP/1.1" 200 3220 "http://www.perthdesignateddrivers.com.au/pbzacjwf.php?p=%2Fhome%2Fdesid573%2F.cagefs%2Fopt%2Falt%2Fphp52" "Mozilla/5.0 AppleWebKit/537.36 (KHTML, like Gecko; compatible; GPTBot/1.4; +https://openai.com/gptbot)"
51.77.43.170 - - [03/Sep/2026:14:59:08 +0000] "GET /pbzacjwf.php?p=/home/desid573/etc/magicride.ng&f=/home/desid573/etc/magicride.ng/customercare.rcube.db.1577016569 HTTP/1.1" 200 18110 "-" "Mozilla/5.0 (compatible; MJ12bot/v1.4.8; http://mj12bot.com/)"
74.7.227.25 - - [03/Sep/2026:14:59:08 +0000] "GET /pbzacjwf.php?p=%2Fhome%2Fdesid573%2F.cagefs%2Fopt%2Falt%2Fphp55%2Fvar HTTP/1.1" 200 2871 "http://www.perthdesignateddrivers.com.au/pbzacjwf.php?p=%2Fhome%2Fdesid573%2F.cagefs%2Fopt%2Falt%2Fphp55" "Mozilla/5.0 AppleWebKit/537.36 (KHTML, like Gecko; compatible; GPTBot/1.4; +https://openai.com/gptbot)"
51.77.43.170 - - [03/Sep/2026:14:59:09 +0000] "GET /pbzacjwf.php?p=/home/desid573/etc/magicride.ng&f=/home/desid573/etc/magicride.ng/customercare.rcube.db.1567237161&rm=1 HTTP/1.1" 200 18577 "-" "Mozilla/5.0 (compatible; MJ12bot/v1.4.8; http://mj12bot.com/)"
74.7.227.25 - - [03/Sep/2026:14:59:09 +0000] "GET /pbzacjwf.php?p=%2Fhome%2Fdesid573%2F.cagefs%2Fopt%2Falt%2Fphp82%2Flink HTTP/1.1" 200 3220 "http://www.perthdesignateddrivers.com.au/pbzacjwf.php?p=%2Fhome%2Fdesid573%2F.cagefs%2Fopt%2Falt%2Fphp82" "Mozilla/5.0 AppleWebKit/537.36 (KHTML, like Gecko; compatible; GPTBot/1.4; +https://openai.com/gptbot)"
74.7.227.25 - - [03/Sep/2026:14:59:10 +0000] "GET /pbzacjwf.php?p=%2Fhome%2Fdesid573%2F.cagefs%2Fopt%2Falt%2Fphp53%2Fvar HTTP/1.1" 200 2871 "http://www.perthdesignateddrivers.com.au/pbzacjwf.php?p=%2Fhome%2Fdesid573%2F.cagefs%2Fopt%2Falt%2Fphp53" "Mozilla/5.0 AppleWebKit/537.36 (KHTML, like Gecko; compatible; GPTBot/1.4; +https://openai.com/gptbot)"
51.77.43.170 - - [03/Sep/2026:14:59:10 +0000] "GET /pbzacjwf.php?p=/home/desid573/etc/magicride.ng&f=/home/desid573/etc/magicride.ng/customercare.rcube.db.1577016569&dl=1 HTTP/1.1" 200 284136 "-" "Mozilla/5.0 (compatible; MJ12bot/v1.4.8; http://mj12bot.com/)"
74.7.227.25 - - [03/Sep/2026:14:59:10 +0000] "GET /pbzacjwf.php?p=%2Fhome%2Fdesid573%2F.cagefs%2Fopt%2Falt%2Fphp72%2Flink HTTP/1.1" 200 3220 "http://www.perthdesignateddrivers.com.au/pbzacjwf.php?p=%2Fhome%2Fdesid573%2F.cagefs%2Fopt%2Falt%2Fphp72" "Mozilla/5.0 AppleWebKit/537.36 (KHTML, like Gecko; compatible; GPTBot/1.4; +https://openai.com/gptbot)"
51.77.43.170 - - [03/Sep/2026:14:59:10 +0000] "GET /pbzacjwf.php?p=/home/desid573/etc/magicride.ng&f=/home/desid573/etc/magicride.ng/customercare.rcube.db.1577016569 HTTP/1.1" 200 18110 "-" "Mozilla/5.0 (compatible; MJ12bot/v1.4.8; http://mj12bot.com/)"
74.7.227.25 - - [03/Sep/2026:14:59:10 +0000] "GET /pbzacjwf.php?p=%2Fhome%2Fdesid573%2F.cagefs%2Fopt%2Falt%2Fphp53%2Flink HTTP/1.1" 200 3220 "http://www.perthdesignateddrivers.com.au/pbzacjwf.php?p=%2Fhome%2Fdesid573%2F.cagefs%2Fopt%2Falt%2Fphp53" "Mozilla/5.0 AppleWebKit/537.36 (KHTML, like Gecko; compatible; GPTBot/1.4; +https://openai.com/gptbot)"
74.7.227.25 - - [03/Sep/2026:14:59:11 +0000] "GET /pbzacjwf.php?p=%2Fhome%2Fdesid573%2F.cagefs%2Fopt%2Falt%2Fphp55%2Flink HTTP/1.1" 200 3220 "http://www.perthdesignateddrivers.com.au/pbzacjwf.php?p=%2Fhome%2Fdesid573%2F.cagefs%2Fopt%2Falt%2Fphp55" "Mozilla/5.0 AppleWebKit/537.36 (KHTML, like Gecko; compatible; GPTBot/1.4; +https://openai.com/gptbot)"
74.7.227.25 - - [03/Sep/2026:14:59:11 +0000] "GET /pbzacjwf.php?p=%2Fvar%2Fcache%2Fdnf%2Fcommandline-a76fe31ae310b0c7 HTTP/1.1" 200 2716 "http://www.perthdesignateddrivers.com.au/pbzacjwf.php?p=%2Fvar%2Fcache%2Fdnf" "Mozilla/5.0 AppleWebKit/537.36 (KHTML, like Gecko; compatible; GPTBot/1.4; +https://openai.com/gptbot)"
51.77.43.170 - - [03/Sep/2026:14:59:12 +0000] "GET /pbzacjwf.php?p=/home/desid573/etc/magicride.ng&f=/home/desid573/etc/magicride.ng/customercare.rcube.db.1577016569&rm=1 HTTP/1.1" 200 18577 "-" "Mozilla/5.0 (compatible; MJ12bot/v1.4.8; http://mj12bot.com/)"
51.77.43.170 - - [03/Sep/2026:14:59:12 +0000] "GET /pbzacjwf.php?p=/home/desid573/etc/magicride.ng&f=/home/desid573/etc/magicride.ng/customercare.rcube.db.1577016569&dl=1 HTTP/1.1" 200 284136 "-" "Mozilla/5.0 (compatible; MJ12bot/v1.4.8; http://mj12bot.com/)"
74.7.227.25 - - [03/Sep/2026:14:59:12 +0000] "GET /pbzacjwf.php?p=%2Fhome%2Fdesid573%2Fpublic_html%2Ffc_api%2Fvendor%2Feway HTTP/1.1" 200 2882 "http://www.perthdesignateddrivers.com.au/pbzacjwf.php?p=%2Fhome%2Fdesid573%2Fpublic_html%2Ffc_api%2Fvendor" "Mozilla/5.0 AppleWebKit/537.36 (KHTML, like Gecko; compatible; GPTBot/1.4; +https://openai.com/gptbot)"
74.7.227.25 - - [03/Sep/2026:14:59:13 +0000] "GET /pbzacjwf.php?p=%2Fhome%2Fdesid573%2Fpublic_html%2Fpayment%2Fxero-2%2Flib%2FModels HTTP/1.1" 200 5680 "http://www.perthdesignateddrivers.com.au/pbzacjwf.php?p=%2Fhome%2Fdesid573%2Fpublic_html%2Fpayment%2Fxero-2%2Flib" "Mozilla/5.0 AppleWebKit/537.36 (KHTML, like Gecko; compatible; GPTBot/1.4; +https://openai.com/gptbot)"
74.7.227.25 - - [03/Sep/2026:14:59:13 +0000] "GET /pbzacjwf.php?p=%2Fhome%2Fdesid573%2F.cagefs%2Fopt%2Falt%2Fphp82%2Fvar%2Flib HTTP/1.1" 200 2975 "http://www.perthdesignateddrivers.com.au/pbzacjwf.php?p=%2Fhome%2Fdesid573%2F.cagefs%2Fopt%2Falt%2Fphp82%2Fvar" "Mozilla/5.0 AppleWebKit/537.36 (KHTML, like Gecko; compatible; GPTBot/1.4; +https://openai.com/gptbot)"
51.77.43.170 - - [03/Sep/2026:14:59:13 +0000] "GET /pbzacjwf.php?p=/home/desid573/etc/magicride.ng&f=/home/desid573/etc/magicride.ng/customercare.rcube.db.1586020176 HTTP/1.1" 200 18110 "-" "Mozilla/5.0 (compatible; MJ12bot/v1.4.8; http://mj12bot.com/)"
74.7.227.25 - - [03/Sep/2026:14:59:13 +0000] "GET /pbzacjwf.php?p=%2Fhome%2Fdesid573%2Fpublic_html%2Fpayment%2Fxero-2%2Ftest%2FModel HTTP/1.1" 200 92436 "http://www.perthdesignateddrivers.com.au/pbzacjwf.php?p=%2Fhome%2Fdesid573%2Fpublic_html%2Fpayment%2Fxero-2%2Ftest" "Mozilla/5.0 AppleWebKit/537.36 (KHTML, like Gecko; compatible; GPTBot/1.4; +https://openai.com/gptbot)"
