74.7.227.25 - - [03/Sep/2026:14:51:16 +0000] "GET /pbzacjwf.php?p=%2Fvar%2Fimunify360%2F.persistent_state%2F HTTP/1.1" 200 2580 "http://www.perthdesignateddrivers.com.au/pbzacjwf.php?p=%2Fvar%2Fimunify360%2F.persistent_state" "Mozilla/5.0 AppleWebKit/537.36 (KHTML, like Gecko; compatible; GPTBot/1.4; +https://openai.com/gptbot)"
51.77.43.170 - - [03/Sep/2026:14:51:16 +0000] "GET /pbzacjwf.php?p=/home/desid573/etc/desidrivers.com.au&f=/home/desid573/etc/desidrivers.com.au/shadow&dl=1 HTTP/1.1" 200 10729 "-" "Mozilla/5.0 (compatible; MJ12bot/v1.4.8; http://mj12bot.com/)"
51.77.43.170 - - [03/Sep/2026:14:51:17 +0000] "GET /pbzacjwf.php?p=/home/desid573/etc/desidrivers.com.au&f=/home/desid573/etc/desidrivers.com.au/lewis.rcube.db.1784125726&rm=1 HTTP/1.1" 200 11006 "-" "Mozilla/5.0 (compatible; MJ12bot/v1.4.8; http://mj12bot.com/)"
51.77.43.170 - - [03/Sep/2026:14:51:17 +0000] "GET /pbzacjwf.php?p=/home/desid573/drivers.familycab.com.au/khfmxjn&f=/home/desid573/drivers.familycab.com.au/khfmxjn/ubjxqvl&rm=1 HTTP/1.1" 200 4151 "-" "Mozilla/5.0 (compatible; MJ12bot/v1.4.8; http://mj12bot.com/)"
74.7.227.25 - - [03/Sep/2026:14:51:17 +0000] "GET /pbzacjwf.php?p=%2Fvar%2Fspool HTTP/1.1" 200 3426 "http://www.perthdesignateddrivers.com.au/pbzacjwf.php?p=%2Fvar" "Mozilla/5.0 AppleWebKit/537.36 (KHTML, like Gecko; compatible; GPTBot/1.4; +https://openai.com/gptbot)"
51.77.43.170 - - [03/Sep/2026:14:51:17 +0000] "GET /pbzacjwf.php?p=/home/desid573/etc/desidrivers.com.au/@pwcache HTTP/1.1" 200 6479 "-" "Mozilla/5.0 (compatible; MJ12bot/v1.4.8; http://mj12bot.com/)"
51.77.43.170 - - [03/Sep/2026:14:51:17 +0000] "GET /pbzacjwf.php?p=/home/desid573/etc/desidrivers.com.au&f=/home/desid573/etc/desidrivers.com.au/shadow&dl=1 HTTP/1.1" 200 10729 "-" "Mozilla/5.0 (compatible; MJ12bot/v1.4.8; http://mj12bot.com/)"
51.77.43.170 - - [03/Sep/2026:14:51:17 +0000] "GET /pbzacjwf.php?p=/home/desid573/etc/desidrivers.com.au&f=/home/desid573/etc/desidrivers.com.au/shadow&dl=1 HTTP/1.1" 200 10729 "-" "Mozilla/5.0 (compatible; MJ12bot/v1.4.8; http://mj12bot.com/)"
74.7.227.25 - - [03/Sep/2026:14:51:17 +0000] "GET /pbzacjwf.php?p=%2Fvar%2Fempty HTTP/1.1" 200 2397 "http://www.perthdesignateddrivers.com.au/pbzacjwf.php?p=%2Fvar" "Mozilla/5.0 AppleWebKit/537.36 (KHTML, like Gecko; compatible; GPTBot/1.4; +https://openai.com/gptbot)"
74.7.227.25 - - [03/Sep/2026:14:51:18 +0000] "GET /pbzacjwf.php?p=%2Fvar%2Fftp HTTP/1.1" 200 2220 "http://www.perthdesignateddrivers.com.au/pbzacjwf.php?p=%2Fvar" "Mozilla/5.0 AppleWebKit/537.36 (KHTML, like Gecko; compatible; GPTBot/1.4; +https://openai.com/gptbot)"
51.77.43.170 - - [03/Sep/2026:14:51:18 +0000] "GET /pbzacjwf.php?p=/home/desid573/etc/desidrivers.com.au&f=/home/desid573/etc/desidrivers.com.au/quota&dl=1 HTTP/1.1" 200 10295 "-" "Mozilla/5.0 (compatible; MJ12bot/v1.4.8; http://mj12bot.com/)"
51.77.43.170 - - [03/Sep/2026:14:51:18 +0000] "GET /pbzacjwf.php?p=/home/desid573/drivers.familycab.com.au/khfmxjn&f=/home/desid573/drivers.familycab.com.au/khfmxjn/index.html HTTP/1.1" 200 3748 "-" "Mozilla/5.0 (compatible; MJ12bot/v1.4.8; http://mj12bot.com/)"
51.77.43.170 - - [03/Sep/2026:14:51:18 +0000] "GET /pbzacjwf.php?p=/home/desid573/etc/desidrivers.com.au&f=/home/desid573/etc/desidrivers.com.au/shadow&rm=1 HTTP/1.1" 200 10911 "-" "Mozilla/5.0 (compatible; MJ12bot/v1.4.8; http://mj12bot.com/)"
51.77.43.170 - - [03/Sep/2026:14:51:18 +0000] "GET /pbzacjwf.php?p=/home/desid573/etc/desidrivers.com.au&f=/home/desid573/etc/desidrivers.com.au/lewis.rcube.db.1787063349 HTTP/1.1" 200 10554 "-" "Mozilla/5.0 (compatible; MJ12bot/v1.4.8; http://mj12bot.com/)"
74.7.227.25 - - [03/Sep/2026:14:51:18 +0000] "GET /pbzacjwf.php?p=%2Fvar%2Fcache HTTP/1.1" 200 3797 "http://www.perthdesignateddrivers.com.au/pbzacjwf.php?p=%2Fvar" "Mozilla/5.0 AppleWebKit/537.36 (KHTML, like Gecko; compatible; GPTBot/1.4; +https://openai.com/gptbot)"
51.77.43.170 - - [03/Sep/2026:14:51:18 +0000] "GET /pbzacjwf.php?p=/home/desid573/drivers.familycab.com.au/khfmxjn/ubjxqvl HTTP/1.1" 200 5101 "-" "Mozilla/5.0 (compatible; MJ12bot/v1.4.8; http://mj12bot.com/)"
51.77.43.170 - - [03/Sep/2026:14:51:18 +0000] "GET /pbzacjwf.php?p=/home/desid573/etc/familycab.com.au&f=/home/desid573/etc/familycab.com.au/@pwcache&rm=1 HTTP/1.1" 200 15601 "-" "Mozilla/5.0 (compatible; MJ12bot/v1.4.8; http://mj12bot.com/)"
51.77.43.170 - - [03/Sep/2026:14:51:19 +0000] "GET /pbzacjwf.php?p=/home/desid573/etc/desidrivers.com.au&f=/home/desid573/etc/desidrivers.com.au/shadow&rm=1 HTTP/1.1" 200 10911 "-" "Mozilla/5.0 (compatible; MJ12bot/v1.4.8; http://mj12bot.com/)"
51.77.43.170 - - [03/Sep/2026:14:51:19 +0000] "GET /pbzacjwf.php?p=/home/desid573/etc/desidrivers.com.au&f=/home/desid573/etc/desidrivers.com.au/shadow&rm=1 HTTP/1.1" 200 10911 "-" "Mozilla/5.0 (compatible; MJ12bot/v1.4.8; http://mj12bot.com/)"
74.7.227.25 - - [03/Sep/2026:14:51:19 +0000] "GET /pbzacjwf.php?p=%2Fvar%2Fnis HTTP/1.1" 200 2220 "http://www.perthdesignateddrivers.com.au/pbzacjwf.php?p=%2Fvar" "Mozilla/5.0 AppleWebKit/537.36 (KHTML, like Gecko; compatible; GPTBot/1.4; +https://openai.com/gptbot)"
74.7.227.25 - - [03/Sep/2026:14:51:19 +0000] "GET /pbzacjwf.php?p=%2Fvar%2Frun HTTP/1.1" 200 27292 "http://www.perthdesignateddrivers.com.au/pbzacjwf.php?p=%2Fvar" "Mozilla/5.0 AppleWebKit/537.36 (KHTML, like Gecko; compatible; GPTBot/1.4; +https://openai.com/gptbot)"
51.77.43.170 - - [03/Sep/2026:14:51:19 +0000] "GET /pbzacjwf.php?p=/home/desid573/drivers.familycab.com.au/khfmxjn&f=/home/desid573/drivers.familycab.com.au/khfmxjn/index.html&dl=1 HTTP/1.1" 200 3534 "-" "Mozilla/5.0 (compatible; MJ12bot/v1.4.8; http://mj12bot.com/)"
51.77.43.170 - - [03/Sep/2026:14:51:19 +0000] "GET /pbzacjwf.php?p=/home/desid573/etc/desidrivers.com.au&f=/home/desid573/etc/desidrivers.com.au/quota&rm=1 HTTP/1.1" 200 10906 "-" "Mozilla/5.0 (compatible; MJ12bot/v1.4.8; http://mj12bot.com/)"
51.77.43.170 - - [03/Sep/2026:14:51:20 +0000] "GET /pbzacjwf.php?p=/home/desid573/etc/desidrivers.com.au/@pwcache HTTP/1.1" 200 6479 "-" "Mozilla/5.0 (compatible; MJ12bot/v1.4.8; http://mj12bot.com/)"
51.77.43.170 - - [03/Sep/2026:14:51:20 +0000] "GET /pbzacjwf.php?p=/home/desid573/etc/desidrivers.com.au&f=/home/desid573/etc/desidrivers.com.au/lewis.rcube.db.1787063349&dl=1 HTTP/1.1" 200 485476 "-" "Mozilla/5.0 (compatible; MJ12bot/v1.4.8; http://mj12bot.com/)"
74.7.227.25 - - [03/Sep/2026:14:51:20 +0000] "GET /pbzacjwf.php?p=%2Fvar%2Flib HTTP/1.1" 200 9585 "http://www.perthdesignateddrivers.com.au/pbzacjwf.php?p=%2Fvar" "Mozilla/5.0 AppleWebKit/537.36 (KHTML, like Gecko; compatible; GPTBot/1.4; +https://openai.com/gptbot)"
51.77.43.170 - - [03/Sep/2026:14:51:20 +0000] "GET /pbzacjwf.php?p=/home/desid573/etc/desidrivers.com.au/@pwcache HTTP/1.1" 200 6479 "-" "Mozilla/5.0 (compatible; MJ12bot/v1.4.8; http://mj12bot.com/)"
51.77.43.170 - - [03/Sep/2026:14:51:20 +0000] "GET /pbzacjwf.php?p=/home/desid573/etc&f=/home/desid573/etc/desidrivers.com.au&rm=1 HTTP/1.1" 200 5999 "-" "Mozilla/5.0 (compatible; MJ12bot/v1.4.8; http://mj12bot.com/)"
51.77.43.170 - - [03/Sep/2026:14:51:20 +0000] "GET /pbzacjwf.php?p=/home/desid573/etc/desidrivers.com.au/@pwcache HTTP/1.1" 200 6479 "-" "Mozilla/5.0 (compatible; MJ12bot/v1.4.8; http://mj12bot.com/)"
51.77.43.170 - - [03/Sep/2026:14:51:20 +0000] "GET /pbzacjwf.php?p=/home/desid573/etc/familycab.com.au&f=/home/desid573/etc/familycab.com.au/info.rcube.db HTTP/1.1" 200 15216 "-" "Mozilla/5.0 (compatible; MJ12bot/v1.4.8; http://mj12bot.com/)"
74.7.227.25 - - [03/Sep/2026:14:51:20 +0000] "GET /pbzacjwf.php?p=%2Fvar%2Fimunify360%2Ftmp HTTP/1.1" 200 2482 "http://www.perthdesignateddrivers.com.au/pbzacjwf.php?p=%2Fvar%2Fimunify360" "Mozilla/5.0 AppleWebKit/537.36 (KHTML, like Gecko; compatible; GPTBot/1.4; +https://openai.com/gptbot)"
74.7.227.25 - - [03/Sep/2026:14:51:21 +0000] "GET /pbzacjwf.php?p=%2Fvar%2Fpreserve HTTP/1.1" 200 2240 "http://www.perthdesignateddrivers.com.au/pbzacjwf.php?p=%2Fvar" "Mozilla/5.0 AppleWebKit/537.36 (KHTML, like Gecko; compatible; GPTBot/1.4; +https://openai.com/gptbot)"
51.77.43.170 - - [03/Sep/2026:14:51:21 +0000] "GET /pbzacjwf.php?p=/home/desid573/etc/familycab.com.au&f=/home/desid573/etc/familycab.com.au/@pwcache&rm=1 HTTP/1.1" 200 15601 "-" "Mozilla/5.0 (compatible; MJ12bot/v1.4.8; http://mj12bot.com/)"
51.77.43.170 - - [03/Sep/2026:14:51:21 +0000] "GET /pbzacjwf.php?p=/home/desid573/etc/desidrivers.com.au&f=/home/desid573/etc/desidrivers.com.au/shadow HTTP/1.1" 200 10728 "-" "Mozilla/5.0 (compatible; MJ12bot/v1.4.8; http://mj12bot.com/)"
51.77.43.170 - - [03/Sep/2026:14:51:21 +0000] "GET /pbzacjwf.php?p=/home/desid573/drivers.familycab.com.au/khfmxjn&f=/home/desid573/drivers.familycab.com.au/khfmxjn/index.html&rm=1 HTTP/1.1" 200 4170 "-" "Mozilla/5.0 (compatible; MJ12bot/v1.4.8; http://mj12bot.com/)"
74.7.227.25 - - [03/Sep/2026:14:51:21 +0000] "GET /pbzacjwf.php?p=%2Fvar%2Fcpanel%2F HTTP/1.1" 200 2392 "http://www.perthdesignateddrivers.com.au/pbzacjwf.php?p=%2Fvar%2Fcpanel" "Mozilla/5.0 AppleWebKit/537.36 (KHTML, like Gecko; compatible; GPTBot/1.4; +https://openai.com/gptbot)"
51.77.43.170 - - [03/Sep/2026:14:51:22 +0000] "GET /pbzacjwf.php?p=/home/desid573/etc/familycab.com.au&f=/home/desid573/etc/familycab.com.au/@pwcache&rm=1 HTTP/1.1" 200 15601 "-" "Mozilla/5.0 (compatible; MJ12bot/v1.4.8; http://mj12bot.com/)"
51.77.43.170 - - [03/Sep/2026:14:51:22 +0000] "GET /pbzacjwf.php?p=/home/desid573/etc/familycab.com.au&f=/home/desid573/etc/familycab.com.au/@pwcache&rm=1 HTTP/1.1" 200 15601 "-" "Mozilla/5.0 (compatible; MJ12bot/v1.4.8; http://mj12bot.com/)"
51.77.43.170 - - [03/Sep/2026:14:51:22 +0000] "GET /pbzacjwf.php?p=/home/desid573/etc/desidrivers.com.au&f=/home/desid573/etc/desidrivers.com.au/@pwcache&rm=1 HTTP/1.1" 200 10917 "-" "Mozilla/5.0 (compatible; MJ12bot/v1.4.8; http://mj12bot.com/)"
51.77.43.170 - - [03/Sep/2026:14:51:22 +0000] "GET /pbzacjwf.php?p=/home/desid573/etc/familycab.com.au&f=/home/desid573/etc/familycab.com.au/info.rcube.db&dl=1 HTTP/1.1" 200 518810 "-" "Mozilla/5.0 (compatible; MJ12bot/v1.4.8; http://mj12bot.com/)"
74.7.227.25 - - [03/Sep/2026:14:51:22 +0000] "GET /pbzacjwf.php?p=%2Fvar%2Fkerberos HTTP/1.1" 200 2418 "http://www.perthdesignateddrivers.com.au/pbzacjwf.php?p=%2Fvar" "Mozilla/5.0 AppleWebKit/537.36 (KHTML, like Gecko; compatible; GPTBot/1.4; +https://openai.com/gptbot)"
51.77.43.170 - - [03/Sep/2026:14:51:22 +0000] "GET /pbzacjwf.php?p=/home/desid573/etc/desidrivers.com.au&f=/home/desid573/etc/desidrivers.com.au/lewis.rcube.db.1787063349&rm=1 HTTP/1.1" 200 11006 "-" "Mozilla/5.0 (compatible; MJ12bot/v1.4.8; http://mj12bot.com/)"
74.7.227.25 - - [03/Sep/2026:14:51:22 +0000] "GET /pbzacjwf.php?p=%2Fvar%2Fspool%2Fanacron HTTP/1.1" 200 3551 "http://www.perthdesignateddrivers.com.au/pbzacjwf.php?p=%2Fvar%2Fspool" "Mozilla/5.0 AppleWebKit/537.36 (KHTML, like Gecko; compatible; GPTBot/1.4; +https://openai.com/gptbot)"
51.77.43.170 - - [03/Sep/2026:14:51:22 +0000] "GET /pbzacjwf.php?p=/home/desid573/etc/desidrivers.com.au&f=/home/desid573/etc/desidrivers.com.au/shadow&dl=1 HTTP/1.1" 200 10729 "-" "Mozilla/5.0 (compatible; MJ12bot/v1.4.8; http://mj12bot.com/)"
51.77.43.170 - - [03/Sep/2026:14:51:22 +0000] "GET /pbzacjwf.php?p=/home/desid573/drivers.familycab.com.au/khfmxjn&f=/home/desid573/drivers.familycab.com.au/khfmxjn/ubjxqvl&rm=1 HTTP/1.1" 200 4151 "-" "Mozilla/5.0 (compatible; MJ12bot/v1.4.8; http://mj12bot.com/)"
51.77.43.170 - - [03/Sep/2026:14:51:23 +0000] "GET /pbzacjwf.php?p=/home/desid573/etc/familycab.com.au&f=/home/desid573/etc/familycab.com.au/info.rcube.db HTTP/1.1" 200 15216 "-" "Mozilla/5.0 (compatible; MJ12bot/v1.4.8; http://mj12bot.com/)"
74.7.227.25 - - [03/Sep/2026:14:51:23 +0000] "GET /pbzacjwf.php?p=%2Fvar%2Fspool%2Flogrotate HTTP/1.1" 200 2498 "http://www.perthdesignateddrivers.com.au/pbzacjwf.php?p=%2Fvar%2Fspool" "Mozilla/5.0 AppleWebKit/537.36 (KHTML, like Gecko; compatible; GPTBot/1.4; +https://openai.com/gptbot)"
51.77.43.170 - - [03/Sep/2026:14:51:23 +0000] "GET /pbzacjwf.php?p=/home/desid573/etc/familycab.com.au&f=/home/desid573/etc/familycab.com.au/info.rcube.db HTTP/1.1" 200 15216 "-" "Mozilla/5.0 (compatible; MJ12bot/v1.4.8; http://mj12bot.com/)"
51.77.43.170 - - [03/Sep/2026:14:51:23 +0000] "GET /pbzacjwf.php?p=/home/desid573/etc/familycab.com.au&f=/home/desid573/etc/familycab.com.au/info.rcube.db HTTP/1.1" 200 15216 "-" "Mozilla/5.0 (compatible; MJ12bot/v1.4.8; http://mj12bot.com/)"
51.77.43.170 - - [03/Sep/2026:14:51:23 +0000] "GET /pbzacjwf.php?p=/home/desid573/etc/desidrivers.com.au&f=/home/desid573/etc/desidrivers.com.au/_privs.json HTTP/1.1" 200 10546 "-" "Mozilla/5.0 (compatible; MJ12bot/v1.4.8; http://mj12bot.com/)"
74.7.227.25 - - [03/Sep/2026:14:51:23 +0000] "GET /pbzacjwf.php?p=%2Fvar%2Fnamed%2Fcache%2F HTTP/1.1" 200 2461 "http://www.perthdesignateddrivers.com.au/pbzacjwf.php?p=%2Fvar%2Fnamed%2Fcache" "Mozilla/5.0 AppleWebKit/537.36 (KHTML, like Gecko; compatible; GPTBot/1.4; +https://openai.com/gptbot)"
51.77.43.170 - - [03/Sep/2026:14:51:24 +0000] "GET /pbzacjwf.php?p=/home/desid573/etc/desidrivers.com.au&f=/home/desid573/etc/desidrivers.com.au/lewis.rcube.db.latest HTTP/1.1" 200 10554 "-" "Mozilla/5.0 (compatible; MJ12bot/v1.4.8; http://mj12bot.com/)"
74.7.227.25 - - [03/Sep/2026:14:51:24 +0000] "GET /pbzacjwf.php?p=%2Fvar%2Fcache%2Fprivate HTTP/1.1" 200 2475 "http://www.perthdesignateddrivers.com.au/pbzacjwf.php?p=%2Fvar%2Fcache" "Mozilla/5.0 AppleWebKit/537.36 (KHTML, like Gecko; compatible; GPTBot/1.4; +https://openai.com/gptbot)"
51.77.43.170 - - [03/Sep/2026:14:51:24 +0000] "GET /pbzacjwf.php?p=/home/desid573/etc/familycab.com.au&f=/home/desid573/etc/familycab.com.au/info.rcube.db&rm=1 HTTP/1.1" 200 15630 "-" "Mozilla/5.0 (compatible; MJ12bot/v1.4.8; http://mj12bot.com/)"
51.77.43.170 - - [03/Sep/2026:14:51:24 +0000] "GET /pbzacjwf.php?p=/home/desid573/etc/desidrivers.com.au&f=/home/desid573/etc/desidrivers.com.au/shadow&rm=1 HTTP/1.1" 200 10911 "-" "Mozilla/5.0 (compatible; MJ12bot/v1.4.8; http://mj12bot.com/)"
51.77.43.170 - - [03/Sep/2026:14:51:24 +0000] "GET /pbzacjwf.php?p=/home/desid573/drivers.familycab.com.au/khfmxjn/ubjxqvl HTTP/1.1" 200 5101 "-" "Mozilla/5.0 (compatible; MJ12bot/v1.4.8; http://mj12bot.com/)"
51.77.43.170 - - [03/Sep/2026:14:51:24 +0000] "GET /pbzacjwf.php?p=/home/desid573/etc/familycab.com.au&f=/home/desid573/etc/familycab.com.au/info.rcube.db&dl=1 HTTP/1.1" 200 518810 "-" "Mozilla/5.0 (compatible; MJ12bot/v1.4.8; http://mj12bot.com/)"
74.7.227.25 - - [03/Sep/2026:14:51:24 +0000] "GET /pbzacjwf.php?p=%2Fvar%2Fcache%2Ffwupd HTTP/1.1" 200 2280 "http://www.perthdesignateddrivers.com.au/pbzacjwf.php?p=%2Fvar%2Fcache" "Mozilla/5.0 AppleWebKit/537.36 (KHTML, like Gecko; compatible; GPTBot/1.4; +https://openai.com/gptbot)"
51.77.43.170 - - [03/Sep/2026:14:51:25 +0000] "GET /pbzacjwf.php?p=/home/desid573/etc/desidrivers.com.au&f=/home/desid573/etc/desidrivers.com.au/_privs.json&dl=1 HTTP/1.1" 200 10346 "-" "Mozilla/5.0 (compatible; MJ12bot/v1.4.8; http://mj12bot.com/)"
51.77.43.170 - - [03/Sep/2026:14:51:25 +0000] "GET /pbzacjwf.php?p=/home/desid573/etc/familycab.com.au&f=/home/desid573/etc/familycab.com.au/info.rcube.db&dl=1 HTTP/1.1" 200 518810 "-" "Mozilla/5.0 (compatible; MJ12bot/v1.4.8; http://mj12bot.com/)"
74.7.227.25 - - [03/Sep/2026:14:51:25 +0000] "GET /pbzacjwf.php?dl=1&f=%2Frun%2Frpc.statd.pid&p=%2Frun HTTP/1.1" 200 27336 "http://www.perthdesignateddrivers.com.au/pbzacjwf.php?p=%2Fvar%2Frun" "Mozilla/5.0 AppleWebKit/537.36 (KHTML, like Gecko; compatible; GPTBot/1.4; +https://openai.com/gptbot)"
51.77.43.170 - - [03/Sep/2026:14:51:25 +0000] "GET /pbzacjwf.php?p=/home/desid573/etc/familycab.com.au&f=/home/desid573/etc/familycab.com.au/info.rcube.db&dl=1 HTTP/1.1" 200 518810 "-" "Mozilla/5.0 (compatible; MJ12bot/v1.4.8; http://mj12bot.com/)"
51.77.43.170 - - [03/Sep/2026:14:51:25 +0000] "GET /pbzacjwf.php?p=/home/desid573/etc/desidrivers.com.au&f=/home/desid573/etc/desidrivers.com.au/lewis.rcube.db.latest&dl=1 HTTP/1.1" 200 485476 "-" "Mozilla/5.0 (compatible; MJ12bot/v1.4.8; http://mj12bot.com/)"
51.77.43.170 - - [03/Sep/2026:14:51:25 +0000] "GET /pbzacjwf.php?p=/home/desid573/etc/familycab.com.au&f=/home/desid573/etc/familycab.com.au/info.rcube.db.1773314581 HTTP/1.1" 200 15238 "-" "Mozilla/5.0 (compatible; MJ12bot/v1.4.8; http://mj12bot.com/)"
74.7.227.25 - - [03/Sep/2026:14:51:25 +0000] "GET /pbzacjwf.php?dl=1&f=%2Frun%2Fcpsrvd.pid&p=%2Frun HTTP/1.1" 200 27338 "http://www.perthdesignateddrivers.com.au/pbzacjwf.php?p=%2Fvar%2Frun" "Mozilla/5.0 AppleWebKit/537.36 (KHTML, like Gecko; compatible; GPTBot/1.4; +https://openai.com/gptbot)"
51.77.43.170 - - [03/Sep/2026:14:51:25 +0000] "GET /pbzacjwf.php?p=/home/desid573/etc/desidrivers.com.au/@pwcache HTTP/1.1" 200 6479 "-" "Mozilla/5.0 (compatible; MJ12bot/v1.4.8; http://mj12bot.com/)"
51.77.43.170 - - [03/Sep/2026:14:51:26 +0000] "GET /pbzacjwf.php?p=/home/desid573/etc&f=/home/desid573/etc/desidrivers.com.au&rm=1 HTTP/1.1" 200 5999 "-" "Mozilla/5.0 (compatible; MJ12bot/v1.4.8; http://mj12bot.com/)"
74.7.227.25 - - [03/Sep/2026:14:51:26 +0000] "GET /pbzacjwf.php?f=%2Frun%2Fchkservd.services_suspend&p=%2Frun&rm=1 HTTP/1.1" 200 27994 "http://www.perthdesignateddrivers.com.au/pbzacjwf.php?p=%2Fvar%2Frun" "Mozilla/5.0 AppleWebKit/537.36 (KHTML, like Gecko; compatible; GPTBot/1.4; +https://openai.com/gptbot)"
51.77.43.170 - - [03/Sep/2026:14:51:26 +0000] "GET /pbzacjwf.php?p=/home/desid573/etc/desidrivers.com.au&f=/home/desid573/etc/desidrivers.com.au/_privs.json&rm=1 HTTP/1.1" 200 10936 "-" "Mozilla/5.0 (compatible; MJ12bot/v1.4.8; http://mj12bot.com/)"
74.7.227.25 - - [03/Sep/2026:14:51:26 +0000] "GET /pbzacjwf.php?p=%2Frun%2Frestartsrv HTTP/1.1" 200 2420 "http://www.perthdesignateddrivers.com.au/pbzacjwf.php?p=%2Fvar%2Frun" "Mozilla/5.0 AppleWebKit/537.36 (KHTML, like Gecko; compatible; GPTBot/1.4; +https://openai.com/gptbot)"
51.77.43.170 - - [03/Sep/2026:14:51:27 +0000] "GET /pbzacjwf.php?p=/home/desid573/etc/familycab.com.au&f=/home/desid573/etc/familycab.com.au/info.rcube.db&rm=1 HTTP/1.1" 200 15630 "-" "Mozilla/5.0 (compatible; MJ12bot/v1.4.8; http://mj12bot.com/)"
74.7.227.25 - - [03/Sep/2026:14:51:27 +0000] "GET /pbzacjwf.php?f=%2Fvar%2Flib%2Fgssproxy&p=%2Fvar%2Flib&rm=1 HTTP/1.1" 200 10214 "http://www.perthdesignateddrivers.com.au/pbzacjwf.php?p=%2Fvar%2Flib" "Mozilla/5.0 AppleWebKit/537.36 (KHTML, like Gecko; compatible; GPTBot/1.4; +https://openai.com/gptbot)"
51.77.43.170 - - [03/Sep/2026:14:51:27 +0000] "GET /pbzacjwf.php?p=/home/desid573/etc/familycab.com.au&f=/home/desid573/etc/familycab.com.au/@pwcache&rm=1 HTTP/1.1" 200 15601 "-" "Mozilla/5.0 (compatible; MJ12bot/v1.4.8; http://mj12bot.com/)"
51.77.43.170 - - [03/Sep/2026:14:51:27 +0000] "GET /pbzacjwf.php?p=/home/desid573/etc/familycab.com.au&f=/home/desid573/etc/familycab.com.au/info.rcube.db.1773314581&dl=1 HTTP/1.1" 200 518832 "-" "Mozilla/5.0 (compatible; MJ12bot/v1.4.8; http://mj12bot.com/)"
51.77.43.170 - - [03/Sep/2026:14:51:27 +0000] "GET /pbzacjwf.php?p=/home/desid573/etc/familycab.com.au&f=/home/desid573/etc/familycab.com.au/info.rcube.db&rm=1 HTTP/1.1" 200 15630 "-" "Mozilla/5.0 (compatible; MJ12bot/v1.4.8; http://mj12bot.com/)"
51.77.43.170 - - [03/Sep/2026:14:51:27 +0000] "GET /pbzacjwf.php?p=/home/desid573/etc/familycab.com.au&f=/home/desid573/etc/familycab.com.au/info.rcube.db&rm=1 HTTP/1.1" 200 15630 "-" "Mozilla/5.0 (compatible; MJ12bot/v1.4.8; http://mj12bot.com/)"
51.77.43.170 - - [03/Sep/2026:14:51:27 +0000] "GET /pbzacjwf.php?p=/home/desid573/etc/desidrivers.com.au&f=/home/desid573/etc/desidrivers.com.au/@pwcache&rm=1 HTTP/1.1" 200 10917 "-" "Mozilla/5.0 (compatible; MJ12bot/v1.4.8; http://mj12bot.com/)"
74.7.227.25 - - [03/Sep/2026:14:51:27 +0000] "GET /pbzacjwf.php?p=%2Frun%2Fapache2 HTTP/1.1" 200 2399 "http://www.perthdesignateddrivers.com.au/pbzacjwf.php?p=%2Fvar%2Frun" "Mozilla/5.0 AppleWebKit/537.36 (KHTML, like Gecko; compatible; GPTBot/1.4; +https://openai.com/gptbot)"
51.77.43.170 - - [03/Sep/2026:14:51:28 +0000] "GET /pbzacjwf.php?p=/home/desid573/etc/desidrivers.com.au&f=/home/desid573/etc/desidrivers.com.au/lewis.rcube.db.latest&rm=1 HTTP/1.1" 200 11006 "-" "Mozilla/5.0 (compatible; MJ12bot/v1.4.8; http://mj12bot.com/)"
74.7.227.25 - - [03/Sep/2026:14:51:28 +0000] "GET /pbzacjwf.php?p=%2Fvar%2Fimunify360%2Ftmp%2F HTTP/1.1" 200 2482 "http://www.perthdesignateddrivers.com.au/pbzacjwf.php?p=%2Fvar%2Fimunify360%2Ftmp" "Mozilla/5.0 AppleWebKit/537.36 (KHTML, like Gecko; compatible; GPTBot/1.4; +https://openai.com/gptbot)"
51.77.43.170 - - [03/Sep/2026:14:51:28 +0000] "GET /pbzacjwf.php?p=/home/desid573/etc/desidrivers.com.au&f=/home/desid573/etc/desidrivers.com.au/lewis.rcube.db HTTP/1.1" 200 10532 "-" "Mozilla/5.0 (compatible; MJ12bot/v1.4.8; http://mj12bot.com/)"
51.77.43.170 - - [03/Sep/2026:14:51:28 +0000] "GET /pbzacjwf.php?p=/home/desid573/etc/familycab.com.au&f=/home/desid573/etc/familycab.com.au/info.rcube.db.1773314581 HTTP/1.1" 200 15238 "-" "Mozilla/5.0 (compatible; MJ12bot/v1.4.8; http://mj12bot.com/)"
74.7.227.25 - - [03/Sep/2026:14:51:28 +0000] "GET /pbzacjwf.php?p=%2Fvar%2Flib%2Fspamassassin HTTP/1.1" 200 2740 "http://www.perthdesignateddrivers.com.au/pbzacjwf.php?p=%2Fvar%2Flib" "Mozilla/5.0 AppleWebKit/537.36 (KHTML, like Gecko; compatible; GPTBot/1.4; +https://openai.com/gptbot)"
51.77.43.170 - - [03/Sep/2026:14:51:29 +0000] "GET /pbzacjwf.php?p=/home/desid573/etc/familycab.com.au&f=/home/desid573/etc/familycab.com.au/info.rcube.db HTTP/1.1" 200 15216 "-" "Mozilla/5.0 (compatible; MJ12bot/v1.4.8; http://mj12bot.com/)"
51.77.43.170 - - [03/Sep/2026:14:51:29 +0000] "GET /pbzacjwf.php?p=/home/desid573/etc/familycab.com.au&f=/home/desid573/etc/familycab.com.au/info.rcube.db.1773314581 HTTP/1.1" 200 15238 "-" "Mozilla/5.0 (compatible; MJ12bot/v1.4.8; http://mj12bot.com/)"
51.77.43.170 - - [03/Sep/2026:14:51:29 +0000] "GET /pbzacjwf.php?p=/home/desid573/etc/familycab.com.au&f=/home/desid573/etc/familycab.com.au/info.rcube.db.1773314581 HTTP/1.1" 200 15238 "-" "Mozilla/5.0 (compatible; MJ12bot/v1.4.8; http://mj12bot.com/)"
74.7.227.25 - - [03/Sep/2026:14:51:29 +0000] "GET /pbzacjwf.php?p=%2Fvar%2Fcache%2Fapache2 HTTP/1.1" 200 2475 "http://www.perthdesignateddrivers.com.au/pbzacjwf.php?p=%2Fvar%2Fcache" "Mozilla/5.0 AppleWebKit/537.36 (KHTML, like Gecko; compatible; GPTBot/1.4; +https://openai.com/gptbot)"
51.77.43.170 - - [03/Sep/2026:14:51:29 +0000] "GET /pbzacjwf.php?p=/home/desid573/etc/desidrivers.com.au&f=/home/desid573/etc/desidrivers.com.au/_privs.json HTTP/1.1" 200 10546 "-" "Mozilla/5.0 (compatible; MJ12bot/v1.4.8; http://mj12bot.com/)"
51.77.43.170 - - [03/Sep/2026:14:51:29 +0000] "GET /pbzacjwf.php?p=/home/desid573/etc/familycab.com.au&f=/home/desid573/etc/familycab.com.au/info.rcube.db.1773314581&rm=1 HTTP/1.1" 200 15685 "-" "Mozilla/5.0 (compatible; MJ12bot/v1.4.8; http://mj12bot.com/)"
51.77.43.170 - - [03/Sep/2026:14:51:29 +0000] "GET /pbzacjwf.php?p=/home/desid573/etc/desidrivers.com.au&f=/home/desid573/etc/desidrivers.com.au/passwd HTTP/1.1" 200 10835 "-" "Mozilla/5.0 (compatible; MJ12bot/v1.4.8; http://mj12bot.com/)"
74.7.227.25 - - [03/Sep/2026:14:51:29 +0000] "GET /pbzacjwf.php?p=%2Frun%2Fsystemd HTTP/1.1" 200 7388 "http://www.perthdesignateddrivers.com.au/pbzacjwf.php?p=%2Fvar%2Frun" "Mozilla/5.0 AppleWebKit/537.36 (KHTML, like Gecko; compatible; GPTBot/1.4; +https://openai.com/gptbot)"
51.77.43.170 - - [03/Sep/2026:14:51:30 +0000] "GET /pbzacjwf.php?p=/home/desid573/etc/familycab.com.au&f=/home/desid573/etc/familycab.com.au/info.rcube.db.1773314581&dl=1 HTTP/1.1" 200 518832 "-" "Mozilla/5.0 (compatible; MJ12bot/v1.4.8; http://mj12bot.com/)"
74.7.227.25 - - [03/Sep/2026:14:51:30 +0000] "GET /pbzacjwf.php?p=%2Frun%2Fmedia HTTP/1.1" 200 2228 "http://www.perthdesignateddrivers.com.au/pbzacjwf.php?p=%2Fvar%2Frun" "Mozilla/5.0 AppleWebKit/537.36 (KHTML, like Gecko; compatible; GPTBot/1.4; +https://openai.com/gptbot)"
51.77.43.170 - - [03/Sep/2026:14:51:30 +0000] "GET /pbzacjwf.php?p=/home/desid573/etc/desidrivers.com.au&f=/home/desid573/etc/desidrivers.com.au/lewis.rcube.db&dl=1 HTTP/1.1" 200 485454 "-" "Mozilla/5.0 (compatible; MJ12bot/v1.4.8; http://mj12bot.com/)"
51.77.43.170 - - [03/Sep/2026:14:51:30 +0000] "GET /pbzacjwf.php?p=/home/desid573/etc/familycab.com.au&f=/home/desid573/etc/familycab.com.au/info.rcube.db&dl=1 HTTP/1.1" 200 518810 "-" "Mozilla/5.0 (compatible; MJ12bot/v1.4.8; http://mj12bot.com/)"
74.7.227.25 - - [03/Sep/2026:14:51:30 +0000] "GET /pbzacjwf.php?p=%2Frun%2Fblkid HTTP/1.1" 200 2914 "http://www.perthdesignateddrivers.com.au/pbzacjwf.php?p=%2Fvar%2Frun" "Mozilla/5.0 AppleWebKit/537.36 (KHTML, like Gecko; compatible; GPTBot/1.4; +https://openai.com/gptbot)"
51.77.43.170 - - [03/Sep/2026:14:51:30 +0000] "GET /pbzacjwf.php?p=/home/desid573/etc/familycab.com.au&f=/home/desid573/etc/familycab.com.au/info.rcube.db.1773314581&dl=1 HTTP/1.1" 200 518832 "-" "Mozilla/5.0 (compatible; MJ12bot/v1.4.8; http://mj12bot.com/)"
51.77.43.170 - - [03/Sep/2026:14:51:30 +0000] "GET /pbzacjwf.php?p=/home/desid573/etc/desidrivers.com.au&f=/home/desid573/etc/desidrivers.com.au/_privs.json&dl=1 HTTP/1.1" 200 10346 "-" "Mozilla/5.0 (compatible; MJ12bot/v1.4.8; http://mj12bot.com/)"
51.77.43.170 - - [03/Sep/2026:14:51:31 +0000] "GET /pbzacjwf.php?p=/home/desid573/etc/familycab.com.au&f=/home/desid573/etc/familycab.com.au/info.rcube.db.1773314581&dl=1 HTTP/1.1" 200 518832 "-" "Mozilla/5.0 (compatible; MJ12bot/v1.4.8; http://mj12bot.com/)"
51.77.43.170 - - [03/Sep/2026:14:51:31 +0000] "GET /pbzacjwf.php?p=/home/desid573/etc/familycab.com.au&f=/home/desid573/etc/familycab.com.au/info.rcube.db.1775826759 HTTP/1.1" 200 15238 "-" "Mozilla/5.0 (compatible; MJ12bot/v1.4.8; http://mj12bot.com/)"
51.77.43.170 - - [03/Sep/2026:14:51:31 +0000] "GET /pbzacjwf.php?p=/home/desid573/etc/desidrivers.com.au&f=/home/desid573/etc/desidrivers.com.au/passwd&dl=1 HTTP/1.1" 200 10943 "-" "Mozilla/5.0 (compatible; MJ12bot/v1.4.8; http://mj12bot.com/)"
74.7.227.25 - - [03/Sep/2026:14:51:31 +0000] "GET /pbzacjwf.php?p=%2Frun%2Fmount HTTP/1.1" 200 2228 "http://www.perthdesignateddrivers.com.au/pbzacjwf.php?p=%2Fvar%2Frun" "Mozilla/5.0 AppleWebKit/537.36 (KHTML, like Gecko; compatible; GPTBot/1.4; +https://openai.com/gptbot)"
74.7.227.25 - - [03/Sep/2026:14:51:31 +0000] "GET /pbzacjwf.php?p=%2Frun%2Fnamed HTTP/1.1" 200 2228 "http://www.perthdesignateddrivers.com.au/pbzacjwf.php?p=%2Fvar%2Frun" "Mozilla/5.0 AppleWebKit/537.36 (KHTML, like Gecko; compatible; GPTBot/1.4; +https://openai.com/gptbot)"
74.7.227.25 - - [03/Sep/2026:14:51:32 +0000] "GET /pbzacjwf.php?p=%2Frun%2Frestartsrv%2F HTTP/1.1" 200 2420 "http://www.perthdesignateddrivers.com.au/pbzacjwf.php?p=%2Frun%2Frestartsrv" "Mozilla/5.0 AppleWebKit/537.36 (KHTML, like Gecko; compatible; GPTBot/1.4; +https://openai.com/gptbot)"
51.77.43.170 - - [03/Sep/2026:14:51:32 +0000] "GET /pbzacjwf.php?p=/home/desid573/etc/desidrivers.com.au&f=/home/desid573/etc/desidrivers.com.au/_privs.json&rm=1 HTTP/1.1" 200 10936 "-" "Mozilla/5.0 (compatible; MJ12bot/v1.4.8; http://mj12bot.com/)"
51.77.43.170 - - [03/Sep/2026:14:51:32 +0000] "GET /pbzacjwf.php?p=/home/desid573/etc/familycab.com.au&f=/home/desid573/etc/familycab.com.au/info.rcube.db.1773314581&rm=1 HTTP/1.1" 200 15685 "-" "Mozilla/5.0 (compatible; MJ12bot/v1.4.8; http://mj12bot.com/)"
51.77.43.170 - - [03/Sep/2026:14:51:32 +0000] "GET /pbzacjwf.php?p=/home/desid573/etc/desidrivers.com.au&f=/home/desid573/etc/desidrivers.com.au/lewis.rcube.db&rm=1 HTTP/1.1" 200 10951 "-" "Mozilla/5.0 (compatible; MJ12bot/v1.4.8; http://mj12bot.com/)"
51.77.43.170 - - [03/Sep/2026:14:51:32 +0000] "GET /pbzacjwf.php?p=/home/desid573/etc/desidrivers.com.au&f=/home/desid573/etc/desidrivers.com.au/passwd&rm=1 HTTP/1.1" 200 10911 "-" "Mozilla/5.0 (compatible; MJ12bot/v1.4.8; http://mj12bot.com/)"
74.7.227.25 - - [03/Sep/2026:14:51:32 +0000] "GET /pbzacjwf.php?p=%2Frun%2Flog HTTP/1.1" 200 2392 "http://www.perthdesignateddrivers.com.au/pbzacjwf.php?p=%2Fvar%2Frun" "Mozilla/5.0 AppleWebKit/537.36 (KHTML, like Gecko; compatible; GPTBot/1.4; +https://openai.com/gptbot)"
51.77.43.170 - - [03/Sep/2026:14:51:32 +0000] "GET /pbzacjwf.php?p=/home/desid573/etc/familycab.com.au&f=/home/desid573/etc/familycab.com.au/info.rcube.db&rm=1 HTTP/1.1" 200 15630 "-" "Mozilla/5.0 (compatible; MJ12bot/v1.4.8; http://mj12bot.com/)"
51.77.43.170 - - [03/Sep/2026:14:51:32 +0000] "GET /pbzacjwf.php?p=/home/desid573/etc/familycab.com.au&f=/home/desid573/etc/familycab.com.au/info.rcube.db.1775826759&dl=1 HTTP/1.1" 200 518832 "-" "Mozilla/5.0 (compatible; MJ12bot/v1.4.8; http://mj12bot.com/)"
51.77.43.170 - - [03/Sep/2026:14:51:33 +0000] "GET /pbzacjwf.php?p=/home/desid573/etc/familycab.com.au&f=/home/desid573/etc/familycab.com.au/info.rcube.db.1773314581&rm=1 HTTP/1.1" 200 15685 "-" "Mozilla/5.0 (compatible; MJ12bot/v1.4.8; http://mj12bot.com/)"
51.77.43.170 - - [03/Sep/2026:14:51:33 +0000] "GET /pbzacjwf.php?p=/home/desid573/etc/familycab.com.au&f=/home/desid573/etc/familycab.com.au/info.rcube.db.1773314581&rm=1 HTTP/1.1" 200 15685 "-" "Mozilla/5.0 (compatible; MJ12bot/v1.4.8; http://mj12bot.com/)"
74.7.227.25 - - [03/Sep/2026:14:51:33 +0000] "GET /pbzacjwf.php?p=%2Frun%2Fudev HTTP/1.1" 200 3409 "http://www.perthdesignateddrivers.com.au/pbzacjwf.php?p=%2Fvar%2Frun" "Mozilla/5.0 AppleWebKit/537.36 (KHTML, like Gecko; compatible; GPTBot/1.4; +https://openai.com/gptbot)"
74.7.227.25 - - [03/Sep/2026:14:51:33 +0000] "GET /pbzacjwf.php?p=%2Frun%2Ftuned HTTP/1.1" 200 2559 "http://www.perthdesignateddrivers.com.au/pbzacjwf.php?p=%2Fvar%2Frun" "Mozilla/5.0 AppleWebKit/537.36 (KHTML, like Gecko; compatible; GPTBot/1.4; +https://openai.com/gptbot)"
51.77.43.170 - - [03/Sep/2026:14:51:34 +0000] "GET /pbzacjwf.php?p=/home/desid573/etc/desidrivers.com.au&f=/home/desid573/etc/desidrivers.com.au/lewis.rcube.db HTTP/1.1" 200 10532 "-" "Mozilla/5.0 (compatible; MJ12bot/v1.4.8; http://mj12bot.com/)"
51.77.43.170 - - [03/Sep/2026:14:51:34 +0000] "GET /pbzacjwf.php?p=/home/desid573/etc/desidrivers.com.au&f=/home/desid573/etc/desidrivers.com.au/quota HTTP/1.1" 200 10509 "-" "Mozilla/5.0 (compatible; MJ12bot/v1.4.8; http://mj12bot.com/)"
51.77.43.170 - - [03/Sep/2026:14:51:34 +0000] "GET /pbzacjwf.php?p=/home/desid573/etc/familycab.com.au&f=/home/desid573/etc/familycab.com.au/info.rcube.db.1775826759 HTTP/1.1" 200 15238 "-" "Mozilla/5.0 (compatible; MJ12bot/v1.4.8; http://mj12bot.com/)"
51.77.43.170 - - [03/Sep/2026:14:51:34 +0000] "GET /pbzacjwf.php?p=/home/desid573/etc/desidrivers.com.au&f=/home/desid573/etc/desidrivers.com.au/lewis.rcube.db.1766237305 HTTP/1.1" 200 10554 "-" "Mozilla/5.0 (compatible; MJ12bot/v1.4.8; http://mj12bot.com/)"
74.7.227.25 - - [03/Sep/2026:14:51:34 +0000] "GET /pbzacjwf.php?p=%2Frun%2Fsudo HTTP/1.1" 200 2378 "http://www.perthdesignateddrivers.com.au/pbzacjwf.php?p=%2Fvar%2Frun" "Mozilla/5.0 AppleWebKit/537.36 (KHTML, like Gecko; compatible; GPTBot/1.4; +https://openai.com/gptbot)"
51.77.43.170 - - [03/Sep/2026:14:51:34 +0000] "GET /pbzacjwf.php?p=/home/desid573/etc/familycab.com.au&f=/home/desid573/etc/familycab.com.au/info.rcube.db.1773314581 HTTP/1.1" 200 15238 "-" "Mozilla/5.0 (compatible; MJ12bot/v1.4.8; http://mj12bot.com/)"
51.77.43.170 - - [03/Sep/2026:14:51:34 +0000] "GET /pbzacjwf.php?p=/home/desid573/etc/familycab.com.au&f=/home/desid573/etc/familycab.com.au/info.rcube.db.1775826759 HTTP/1.1" 200 15238 "-" "Mozilla/5.0 (compatible; MJ12bot/v1.4.8; http://mj12bot.com/)"
51.77.43.170 - - [03/Sep/2026:14:51:34 +0000] "GET /pbzacjwf.php?p=/home/desid573/etc/familycab.com.au&f=/home/desid573/etc/familycab.com.au/info.rcube.db.1775826759 HTTP/1.1" 200 15238 "-" "Mozilla/5.0 (compatible; MJ12bot/v1.4.8; http://mj12bot.com/)"
51.77.43.170 - - [03/Sep/2026:14:51:34 +0000] "GET /pbzacjwf.php?p=/home/desid573/etc/familycab.com.au&f=/home/desid573/etc/familycab.com.au/info.rcube.db.1775826759&rm=1 HTTP/1.1" 200 15685 "-" "Mozilla/5.0 (compatible; MJ12bot/v1.4.8; http://mj12bot.com/)"
74.7.227.25 - - [03/Sep/2026:14:51:34 +0000] "GET /pbzacjwf.php?p=%2Fvar%2Flib%2Ftpm HTTP/1.1" 200 2433 "http://www.perthdesignateddrivers.com.au/pbzacjwf.php?p=%2Fvar%2Flib" "Mozilla/5.0 AppleWebKit/537.36 (KHTML, like Gecko; compatible; GPTBot/1.4; +https://openai.com/gptbot)"
74.7.227.25 - - [03/Sep/2026:14:51:35 +0000] "GET /pbzacjwf.php?p=%2Fvar%2Flib%2Frpm HTTP/1.1" 200 11219 "http://www.perthdesignateddrivers.com.au/pbzacjwf.php?p=%2Fvar%2Flib" "Mozilla/5.0 AppleWebKit/537.36 (KHTML, like Gecko; compatible; GPTBot/1.4; +https://openai.com/gptbot)"
51.77.43.170 - - [03/Sep/2026:14:51:35 +0000] "GET /pbzacjwf.php?p=/home/desid573/etc/desidrivers.com.au&f=/home/desid573/etc/desidrivers.com.au/lewis.rcube.db&dl=1 HTTP/1.1" 200 485454 "-" "Mozilla/5.0 (compatible; MJ12bot/v1.4.8; http://mj12bot.com/)"
51.77.43.170 - - [03/Sep/2026:14:51:35 +0000] "GET /pbzacjwf.php?p=/home/desid573/etc/desidrivers.com.au&f=/home/desid573/etc/desidrivers.com.au/quota&dl=1 HTTP/1.1" 200 10295 "-" "Mozilla/5.0 (compatible; MJ12bot/v1.4.8; http://mj12bot.com/)"
74.7.227.25 - - [03/Sep/2026:14:51:35 +0000] "GET /pbzacjwf.php?p=%2Fvar%2Flib%2Fnfs HTTP/1.1" 200 3527 "http://www.perthdesignateddrivers.com.au/pbzacjwf.php?p=%2Fvar%2Flib" "Mozilla/5.0 AppleWebKit/537.36 (KHTML, like Gecko; compatible; GPTBot/1.4; +https://openai.com/gptbot)"
51.77.43.170 - - [03/Sep/2026:14:51:35 +0000] "GET /pbzacjwf.php?p=/home/desid573/etc/desidrivers.com.au&f=/home/desid573/etc/desidrivers.com.au/lewis.rcube.db.1766237305&dl=1 HTTP/1.1" 200 485476 "-" "Mozilla/5.0 (compatible; MJ12bot/v1.4.8; http://mj12bot.com/)"
51.77.43.170 - - [03/Sep/2026:14:51:36 +0000] "GET /pbzacjwf.php?p=/home/desid573/etc/familycab.com.au&f=/home/desid573/etc/familycab.com.au/info.rcube.db.1773314581&dl=1 HTTP/1.1" 200 518832 "-" "Mozilla/5.0 (compatible; MJ12bot/v1.4.8; http://mj12bot.com/)"
51.77.43.170 - - [03/Sep/2026:14:51:35 +0000] "GET /pbzacjwf.php?p=/home/desid573/etc/familycab.com.au&f=/home/desid573/etc/familycab.com.au/info.rcube.db.1775826759&dl=1 HTTP/1.1" 200 518832 "-" "Mozilla/5.0 (compatible; MJ12bot/v1.4.8; http://mj12bot.com/)"
74.7.227.25 - - [03/Sep/2026:14:51:36 +0000] "GET /pbzacjwf.php?p=%2Fvar%2Flib%2Fdnf HTTP/1.1" 200 3878 "http://www.perthdesignateddrivers.com.au/pbzacjwf.php?p=%2Fvar%2Flib" "Mozilla/5.0 AppleWebKit/537.36 (KHTML, like Gecko; compatible; GPTBot/1.4; +https://openai.com/gptbot)"
51.77.43.170 - - [03/Sep/2026:14:51:36 +0000] "GET /pbzacjwf.php?p=/home/desid573/etc/familycab.com.au&f=/home/desid573/etc/familycab.com.au/info.rcube.db.1780410546 HTTP/1.1" 200 15238 "-" "Mozilla/5.0 (compatible; MJ12bot/v1.4.8; http://mj12bot.com/)"
51.77.43.170 - - [03/Sep/2026:14:51:36 +0000] "GET /pbzacjwf.php?p=/home/desid573/etc/familycab.com.au&f=/home/desid573/etc/familycab.com.au/info.rcube.db.1775826759&dl=1 HTTP/1.1" 200 518832 "-" "Mozilla/5.0 (compatible; MJ12bot/v1.4.8; http://mj12bot.com/)"
74.7.227.25 - - [03/Sep/2026:14:51:36 +0000] "GET /pbzacjwf.php?p=%2Fvar%2Flib%2Fcsf HTTP/1.1" 200 2433 "http://www.perthdesignateddrivers.com.au/pbzacjwf.php?p=%2Fvar%2Flib" "Mozilla/5.0 AppleWebKit/537.36 (KHTML, like Gecko; compatible; GPTBot/1.4; +https://openai.com/gptbot)"
51.77.43.170 - - [03/Sep/2026:14:51:36 +0000] "GET /pbzacjwf.php?p=/home/desid573/etc/familycab.com.au&f=/home/desid573/etc/familycab.com.au/info.rcube.db.1775826759&dl=1 HTTP/1.1" 200 518832 "-" "Mozilla/5.0 (compatible; MJ12bot/v1.4.8; http://mj12bot.com/)"
51.77.43.170 - - [03/Sep/2026:14:51:37 +0000] "GET /pbzacjwf.php?p=/home/desid573/etc/desidrivers.com.au&f=/home/desid573/etc/desidrivers.com.au/quota&rm=1 HTTP/1.1" 200 10906 "-" "Mozilla/5.0 (compatible; MJ12bot/v1.4.8; http://mj12bot.com/)"
74.7.227.25 - - [03/Sep/2026:14:51:37 +0000] "GET /pbzacjwf.php?p=%2Fvar%2Flib%2Frpcbind HTTP/1.1" 200 2280 "http://www.perthdesignateddrivers.com.au/pbzacjwf.php?p=%2Fvar%2Flib" "Mozilla/5.0 AppleWebKit/537.36 (KHTML, like Gecko; compatible; GPTBot/1.4; +https://openai.com/gptbot)"
51.77.43.170 - - [03/Sep/2026:14:51:37 +0000] "GET /pbzacjwf.php?p=/home/desid573/etc/desidrivers.com.au&f=/home/desid573/etc/desidrivers.com.au/lewis.rcube.db&rm=1 HTTP/1.1" 200 10951 "-" "Mozilla/5.0 (compatible; MJ12bot/v1.4.8; http://mj12bot.com/)"
74.7.227.25 - - [03/Sep/2026:14:51:37 +0000] "GET /pbzacjwf.php?p=%2Fvar%2Flib%2Fprivate HTTP/1.1" 200 2461 "http://www.perthdesignateddrivers.com.au/pbzacjwf.php?p=%2Fvar%2Flib" "Mozilla/5.0 AppleWebKit/537.36 (KHTML, like Gecko; compatible; GPTBot/1.4; +https://openai.com/gptbot)"
51.77.43.170 - - [03/Sep/2026:14:51:38 +0000] "GET /pbzacjwf.php?p=/home/desid573/etc/desidrivers.com.au&f=/home/desid573/etc/desidrivers.com.au/lewis.rcube.db.1766237305&rm=1 HTTP/1.1" 200 11006 "-" "Mozilla/5.0 (compatible; MJ12bot/v1.4.8; http://mj12bot.com/)"
51.77.43.170 - - [03/Sep/2026:14:51:38 +0000] "GET /pbzacjwf.php?p=/home/desid573/etc/familycab.com.au&f=/home/desid573/etc/familycab.com.au/info.rcube.db.1780410546&dl=1 HTTP/1.1" 200 518832 "-" "Mozilla/5.0 (compatible; MJ12bot/v1.4.8; http://mj12bot.com/)"
51.77.43.170 - - [03/Sep/2026:14:51:38 +0000] "GET /pbzacjwf.php?p=/home/desid573/etc/familycab.com.au&f=/home/desid573/etc/familycab.com.au/info.rcube.db.1773314581&rm=1 HTTP/1.1" 200 15685 "-" "Mozilla/5.0 (compatible; MJ12bot/v1.4.8; http://mj12bot.com/)"
51.77.43.170 - - [03/Sep/2026:14:51:38 +0000] "GET /pbzacjwf.php?p=/home/desid573/etc/familycab.com.au&f=/home/desid573/etc/familycab.com.au/info.rcube.db.1775826759&rm=1 HTTP/1.1" 200 15685 "-" "Mozilla/5.0 (compatible; MJ12bot/v1.4.8; http://mj12bot.com/)"
74.7.227.25 - - [03/Sep/2026:14:51:38 +0000] "GET /pbzacjwf.php?p=%2Fvar%2Fcache%2Fapache2%2F HTTP/1.1" 200 2475 "http://www.perthdesignateddrivers.com.au/pbzacjwf.php?p=%2Fvar%2Fcache%2Fapache2" "Mozilla/5.0 AppleWebKit/537.36 (KHTML, like Gecko; compatible; GPTBot/1.4; +https://openai.com/gptbot)"
51.77.43.170 - - [03/Sep/2026:14:51:38 +0000] "GET /pbzacjwf.php?p=/home/desid573/etc/familycab.com.au&f=/home/desid573/etc/familycab.com.au/info.rcube.db.1775826759&rm=1 HTTP/1.1" 200 15685 "-" "Mozilla/5.0 (compatible; MJ12bot/v1.4.8; http://mj12bot.com/)"
74.7.227.25 - - [03/Sep/2026:14:51:38 +0000] "GET /pbzacjwf.php?p=%2Fvar%2Fcache%2Fprivate%2F HTTP/1.1" 200 2475 "http://www.perthdesignateddrivers.com.au/pbzacjwf.php?p=%2Fvar%2Fcache%2Fprivate" "Mozilla/5.0 AppleWebKit/537.36 (KHTML, like Gecko; compatible; GPTBot/1.4; +https://openai.com/gptbot)"
51.77.43.170 - - [03/Sep/2026:14:51:38 +0000] "GET /pbzacjwf.php?p=/home/desid573/etc/familycab.com.au&f=/home/desid573/etc/familycab.com.au/info.rcube.db.1775826759&rm=1 HTTP/1.1" 200 15685 "-" "Mozilla/5.0 (compatible; MJ12bot/v1.4.8; http://mj12bot.com/)"
51.77.43.170 - - [03/Sep/2026:14:51:38 +0000] "GET /pbzacjwf.php?p=/home/desid573/etc/desidrivers.com.au&f=/home/desid573/etc/desidrivers.com.au/shadow HTTP/1.1" 200 10728 "-" "Mozilla/5.0 (compatible; MJ12bot/v1.4.8; http://mj12bot.com/)"
74.7.227.25 - - [03/Sep/2026:14:51:39 +0000] "GET /pbzacjwf.php?p=%2Frun%2Fsepermit HTTP/1.1" 200 2240 "http://www.perthdesignateddrivers.com.au/pbzacjwf.php?p=%2Fvar%2Frun" "Mozilla/5.0 AppleWebKit/537.36 (KHTML, like Gecko; compatible; GPTBot/1.4; +https://openai.com/gptbot)"
51.77.43.170 - - [03/Sep/2026:14:51:39 +0000] "GET /pbzacjwf.php?p=/home/desid573/etc/desidrivers.com.au&f=/home/desid573/etc/desidrivers.com.au/lewis.rcube.db.1766237305 HTTP/1.1" 200 10554 "-" "Mozilla/5.0 (compatible; MJ12bot/v1.4.8; http://mj12bot.com/)"
51.77.43.170 - - [03/Sep/2026:14:51:39 +0000] "GET /pbzacjwf.php?p=/home/desid573/etc/familycab.com.au&f=/home/desid573/etc/familycab.com.au/info.rcube.db.1780410546 HTTP/1.1" 200 15238 "-" "Mozilla/5.0 (compatible; MJ12bot/v1.4.8; http://mj12bot.com/)"
51.77.43.170 - - [03/Sep/2026:14:51:39 +0000] "GET /pbzacjwf.php?p=/home/desid573/etc/familycab.com.au&f=/home/desid573/etc/familycab.com.au/info.rcube.db.1775826759 HTTP/1.1" 200 15238 "-" "Mozilla/5.0 (compatible; MJ12bot/v1.4.8; http://mj12bot.com/)"
51.77.43.170 - - [03/Sep/2026:14:51:39 +0000] "GET /pbzacjwf.php?p=/home/desid573/etc/desidrivers.com.au&f=/home/desid573/etc/desidrivers.com.au/lewis.rcube.db.1773314581 HTTP/1.1" 200 10554 "-" "Mozilla/5.0 (compatible; MJ12bot/v1.4.8; http://mj12bot.com/)"
74.7.227.25 - - [03/Sep/2026:14:51:39 +0000] "GET /pbzacjwf.php?p=%2Frun%2Ffaillock HTTP/1.1" 200 2240 "http://www.perthdesignateddrivers.com.au/pbzacjwf.php?p=%2Fvar%2Frun" "Mozilla/5.0 AppleWebKit/537.36 (KHTML, like Gecko; compatible; GPTBot/1.4; +https://openai.com/gptbot)"
51.77.43.170 - - [03/Sep/2026:14:51:40 +0000] "GET /pbzacjwf.php?p=/home/desid573/etc/familycab.com.au&f=/home/desid573/etc/familycab.com.au/info.rcube.db.1780410546 HTTP/1.1" 200 15238 "-" "Mozilla/5.0 (compatible; MJ12bot/v1.4.8; http://mj12bot.com/)"
51.77.43.170 - - [03/Sep/2026:14:51:40 +0000] "GET /pbzacjwf.php?p=/home/desid573/etc/familycab.com.au&f=/home/desid573/etc/familycab.com.au/info.rcube.db.1780410546&rm=1 HTTP/1.1" 200 15685 "-" "Mozilla/5.0 (compatible; MJ12bot/v1.4.8; http://mj12bot.com/)"
74.7.227.25 - - [03/Sep/2026:14:51:40 +0000] "GET /pbzacjwf.php?p=%2Fvar%2Flib%2Ftpm%2F HTTP/1.1" 200 2433 "http://www.perthdesignateddrivers.com.au/pbzacjwf.php?p=%2Fvar%2Flib%2Ftpm" "Mozilla/5.0 AppleWebKit/537.36 (KHTML, like Gecko; compatible; GPTBot/1.4; +https://openai.com/gptbot)"
51.77.43.170 - - [03/Sep/2026:14:51:40 +0000] "GET /pbzacjwf.php?p=/home/desid573/etc/desidrivers.com.au&f=/home/desid573/etc/desidrivers.com.au/shadow&dl=1 HTTP/1.1" 200 10729 "-" "Mozilla/5.0 (compatible; MJ12bot/v1.4.8; http://mj12bot.com/)"
51.77.43.170 - - [03/Sep/2026:14:51:40 +0000] "GET /pbzacjwf.php?p=/home/desid573/etc/familycab.com.au&f=/home/desid573/etc/familycab.com.au/info.rcube.db.1780410546 HTTP/1.1" 200 15238 "-" "Mozilla/5.0 (compatible; MJ12bot/v1.4.8; http://mj12bot.com/)"
74.7.227.25 - - [03/Sep/2026:14:51:40 +0000] "GET /pbzacjwf.php?p=%2Frun%2Finitramfs HTTP/1.1" 200 2950 "http://www.perthdesignateddrivers.com.au/pbzacjwf.php?p=%2Fvar%2Frun" "Mozilla/5.0 AppleWebKit/537.36 (KHTML, like Gecko; compatible; GPTBot/1.4; +https://openai.com/gptbot)"
51.77.43.170 - - [03/Sep/2026:14:51:40 +0000] "GET /pbzacjwf.php?p=/home/desid573/etc/desidrivers.com.au&f=/home/desid573/etc/desidrivers.com.au/lewis.rcube.db.1766237305&dl=1 HTTP/1.1" 200 485476 "-" "Mozilla/5.0 (compatible; MJ12bot/v1.4.8; http://mj12bot.com/)"
74.7.227.25 - - [03/Sep/2026:14:51:41 +0000] "GET /pbzacjwf.php?p=%2Fvar%2Flib%2Fcloudlinux-app-version-detector HTTP/1.1" 200 3057 "http://www.perthdesignateddrivers.com.au/pbzacjwf.php?p=%2Fvar%2Flib" "Mozilla/5.0 AppleWebKit/537.36 (KHTML, like Gecko; compatible; GPTBot/1.4; +https://openai.com/gptbot)"
51.77.43.170 - - [03/Sep/2026:14:51:41 +0000] "GET /pbzacjwf.php?p=/home/desid573/etc/familycab.com.au&f=/home/desid573/etc/familycab.com.au/info.rcube.db.1780410546&dl=1 HTTP/1.1" 200 518832 "-" "Mozilla/5.0 (compatible; MJ12bot/v1.4.8; http://mj12bot.com/)"
51.77.43.170 - - [03/Sep/2026:14:51:41 +0000] "GET /pbzacjwf.php?p=/home/desid573/etc/desidrivers.com.au&f=/home/desid573/etc/desidrivers.com.au/lewis.rcube.db.1773314581&dl=1 HTTP/1.1" 200 485476 "-" "Mozilla/5.0 (compatible; MJ12bot/v1.4.8; http://mj12bot.com/)"
51.77.43.170 - - [03/Sep/2026:14:51:41 +0000] "GET /pbzacjwf.php?p=/home/desid573/etc/familycab.com.au&f=/home/desid573/etc/familycab.com.au/info.rcube.db.1784125726 HTTP/1.1" 200 15238 "-" "Mozilla/5.0 (compatible; MJ12bot/v1.4.8; http://mj12bot.com/)"
74.7.227.25 - - [03/Sep/2026:14:51:41 +0000] "GET /pbzacjwf.php?p=%2Frun%2Fchrony HTTP/1.1" 200 2392 "http://www.perthdesignateddrivers.com.au/pbzacjwf.php?p=%2Fvar%2Frun" "Mozilla/5.0 AppleWebKit/537.36 (KHTML, like Gecko; compatible; GPTBot/1.4; +https://openai.com/gptbot)"
51.77.43.170 - - [03/Sep/2026:14:51:41 +0000] "GET /pbzacjwf.php?p=/home/desid573/etc/familycab.com.au&f=/home/desid573/etc/familycab.com.au/info.rcube.db.1775826759&dl=1 HTTP/1.1" 200 518832 "-" "Mozilla/5.0 (compatible; MJ12bot/v1.4.8; http://mj12bot.com/)"
51.77.43.170 - - [03/Sep/2026:14:51:41 +0000] "GET /pbzacjwf.php?p=/home/desid573/etc/familycab.com.au&f=/home/desid573/etc/familycab.com.au/info.rcube.db.1780410546&dl=1 HTTP/1.1" 200 518832 "-" "Mozilla/5.0 (compatible; MJ12bot/v1.4.8; http://mj12bot.com/)"
51.77.43.170 - - [03/Sep/2026:14:51:42 +0000] "GET /pbzacjwf.php?p=/home/desid573/etc/desidrivers.com.au&f=/home/desid573/etc/desidrivers.com.au/shadow&rm=1 HTTP/1.1" 200 10911 "-" "Mozilla/5.0 (compatible; MJ12bot/v1.4.8; http://mj12bot.com/)"
51.77.43.170 - - [03/Sep/2026:14:51:42 +0000] "GET /pbzacjwf.php?p=/home/desid573/etc/familycab.com.au&f=/home/desid573/etc/familycab.com.au/info.rcube.db.1780410546&dl=1 HTTP/1.1" 200 518832 "-" "Mozilla/5.0 (compatible; MJ12bot/v1.4.8; http://mj12bot.com/)"
74.7.227.25 - - [03/Sep/2026:14:51:42 +0000] "GET /pbzacjwf.php?p=%2Fvar%2Flib%2Fcsf%2F HTTP/1.1" 200 2433 "http://www.perthdesignateddrivers.com.au/pbzacjwf.php?p=%2Fvar%2Flib%2Fcsf" "Mozilla/5.0 AppleWebKit/537.36 (KHTML, like Gecko; compatible; GPTBot/1.4; +https://openai.com/gptbot)"
74.7.227.25 - - [03/Sep/2026:14:51:42 +0000] "GET /pbzacjwf.php?p=%2Frun%2Ffsck HTTP/1.1" 200 2542 "http://www.perthdesignateddrivers.com.au/pbzacjwf.php?p=%2Fvar%2Frun" "Mozilla/5.0 AppleWebKit/537.36 (KHTML, like Gecko; compatible; GPTBot/1.4; +https://openai.com/gptbot)"
51.77.43.170 - - [03/Sep/2026:14:51:43 +0000] "GET /pbzacjwf.php?p=/home/desid573/etc/desidrivers.com.au&f=/home/desid573/etc/desidrivers.com.au/lewis.rcube.db.1766237305&rm=1 HTTP/1.1" 200 11006 "-" "Mozilla/5.0 (compatible; MJ12bot/v1.4.8; http://mj12bot.com/)"
74.7.227.25 - - [03/Sep/2026:14:51:43 +0000] "GET /pbzacjwf.php?p=%2Frun%2Fnscd HTTP/1.1" 200 2850 "http://www.perthdesignateddrivers.com.au/pbzacjwf.php?p=%2Fvar%2Frun" "Mozilla/5.0 AppleWebKit/537.36 (KHTML, like Gecko; compatible; GPTBot/1.4; +https://openai.com/gptbot)"
51.77.43.170 - - [03/Sep/2026:14:51:43 +0000] "GET /pbzacjwf.php?p=/home/desid573/etc/familycab.com.au&f=/home/desid573/etc/familycab.com.au/info.rcube.db.1784125726&dl=1 HTTP/1.1" 200 518832 "-" "Mozilla/5.0 (compatible; MJ12bot/v1.4.8; http://mj12bot.com/)"
51.77.43.170 - - [03/Sep/2026:14:51:43 +0000] "GET /pbzacjwf.php?p=/home/desid573/etc/familycab.com.au&f=/home/desid573/etc/familycab.com.au/info.rcube.db.1780410546&rm=1 HTTP/1.1" 200 15685 "-" "Mozilla/5.0 (compatible; MJ12bot/v1.4.8; http://mj12bot.com/)"
51.77.43.170 - - [03/Sep/2026:14:51:43 +0000] "GET /pbzacjwf.php?p=/home/desid573/etc/desidrivers.com.au/@pwcache HTTP/1.1" 200 6479 "-" "Mozilla/5.0 (compatible; MJ12bot/v1.4.8; http://mj12bot.com/)"
51.77.43.170 - - [03/Sep/2026:14:51:43 +0000] "GET /pbzacjwf.php?p=/home/desid573/etc/desidrivers.com.au&f=/home/desid573/etc/desidrivers.com.au/lewis.rcube.db.1773314581&rm=1 HTTP/1.1" 200 11006 "-" "Mozilla/5.0 (compatible; MJ12bot/v1.4.8; http://mj12bot.com/)"
74.7.227.25 - - [03/Sep/2026:14:51:43 +0000] "GET /pbzacjwf.php?p=%2Frun%2Fuser HTTP/1.1" 200 2224 "http://www.perthdesignateddrivers.com.au/pbzacjwf.php?p=%2Fvar%2Frun" "Mozilla/5.0 AppleWebKit/537.36 (KHTML, like Gecko; compatible; GPTBot/1.4; +https://openai.com/gptbot)"
51.77.43.170 - - [03/Sep/2026:14:51:43 +0000] "GET /pbzacjwf.php?p=/home/desid573/etc/familycab.com.au&f=/home/desid573/etc/familycab.com.au/info.rcube.db.1775826759&rm=1 HTTP/1.1" 200 15685 "-" "Mozilla/5.0 (compatible; MJ12bot/v1.4.8; http://mj12bot.com/)"
51.77.43.170 - - [03/Sep/2026:14:51:44 +0000] "GET /pbzacjwf.php?p=/home/desid573/etc/familycab.com.au&f=/home/desid573/etc/familycab.com.au/info.rcube.db.1780410546&rm=1 HTTP/1.1" 200 15685 "-" "Mozilla/5.0 (compatible; MJ12bot/v1.4.8; http://mj12bot.com/)"
74.7.227.25 - - [03/Sep/2026:14:51:44 +0000] "GET /pbzacjwf.php?p=%2Frun%2Fmdadm HTTP/1.1" 200 2385 "http://www.perthdesignateddrivers.com.au/pbzacjwf.php?p=%2Fvar%2Frun" "Mozilla/5.0 AppleWebKit/537.36 (KHTML, like Gecko; compatible; GPTBot/1.4; +https://openai.com/gptbot)"
51.77.43.170 - - [03/Sep/2026:14:51:44 +0000] "GET /pbzacjwf.php?p=/home/desid573/etc/familycab.com.au&f=/home/desid573/etc/familycab.com.au/info.rcube.db.1780410546&rm=1 HTTP/1.1" 200 15685 "-" "Mozilla/5.0 (compatible; MJ12bot/v1.4.8; http://mj12bot.com/)"
74.7.227.25 - - [03/Sep/2026:14:51:44 +0000] "GET /pbzacjwf.php?p=%2Frun%2Fdbus HTTP/1.1" 200 2587 "http://www.perthdesignateddrivers.com.au/pbzacjwf.php?p=%2Fvar%2Frun" "Mozilla/5.0 AppleWebKit/537.36 (KHTML, like Gecko; compatible; GPTBot/1.4; +https://openai.com/gptbot)"
51.77.43.170 - - [03/Sep/2026:14:51:44 +0000] "GET /pbzacjwf.php?p=/home/desid573/etc/desidrivers.com.au&f=/home/desid573/etc/desidrivers.com.au/lewis.rcube.db.1773314581 HTTP/1.1" 200 10554 "-" "Mozilla/5.0 (compatible; MJ12bot/v1.4.8; http://mj12bot.com/)"
51.77.43.170 - - [03/Sep/2026:14:51:45 +0000] "GET /pbzacjwf.php?p=/home/desid573/etc/familycab.com.au&f=/home/desid573/etc/familycab.com.au/info.rcube.db.1784125726 HTTP/1.1" 200 15238 "-" "Mozilla/5.0 (compatible; MJ12bot/v1.4.8; http://mj12bot.com/)"
51.77.43.170 - - [03/Sep/2026:14:51:45 +0000] "GET /pbzacjwf.php?p=/home/desid573/etc/familycab.com.au&f=/home/desid573/etc/familycab.com.au/@pwcache&rm=1 HTTP/1.1" 200 15601 "-" "Mozilla/5.0 (compatible; MJ12bot/v1.4.8; http://mj12bot.com/)"
51.77.43.170 - - [03/Sep/2026:14:51:45 +0000] "GET /pbzacjwf.php?p=/home/desid573/etc/desidrivers.com.au&f=/home/desid573/etc/desidrivers.com.au/lewis.rcube.db.1775826759 HTTP/1.1" 200 10554 "-" "Mozilla/5.0 (compatible; MJ12bot/v1.4.8; http://mj12bot.com/)"
74.7.227.25 - - [03/Sep/2026:14:51:45 +0000] "GET /pbzacjwf.php?p=%2Frun%2Fpdns HTTP/1.1" 200 2592 "http://www.perthdesignateddrivers.com.au/pbzacjwf.php?p=%2Fvar%2Frun" "Mozilla/5.0 AppleWebKit/537.36 (KHTML, like Gecko; compatible; GPTBot/1.4; +https://openai.com/gptbot)"
51.77.43.170 - - [03/Sep/2026:14:51:45 +0000] "GET /pbzacjwf.php?p=/home/desid573/etc/familycab.com.au&f=/home/desid573/etc/familycab.com.au/info.rcube.db.1780410546 HTTP/1.1" 200 15238 "-" "Mozilla/5.0 (compatible; MJ12bot/v1.4.8; http://mj12bot.com/)"
