74.7.227.25 - - [03/Sep/2026:14:50:49 +0000] "GET /pbzacjwf.php?p=%2Fhome%2Fdesid573%2Ffamilycab_android HTTP/1.1" 200 2586 "http://www.perthdesignateddrivers.com.au/pbzacjwf.php?p=%2Fhome%2Fdesid573" "Mozilla/5.0 AppleWebKit/537.36 (KHTML, like Gecko; compatible; GPTBot/1.4; +https://openai.com/gptbot)"
51.77.43.170 - - [03/Sep/2026:14:50:49 +0000] "GET /pbzacjwf.php?p=/home/desid573/etc/desidrivers.com.au&f=/home/desid573/etc/desidrivers.com.au/lewis.rcube.db.1780410546&rm=1 HTTP/1.1" 200 11006 "-" "Mozilla/5.0 (compatible; MJ12bot/v1.4.8; http://mj12bot.com/)"
51.77.43.170 - - [03/Sep/2026:14:50:49 +0000] "GET /pbzacjwf.php?p=/home/desid573/etc/desidrivers.com.au&f=/home/desid573/etc/desidrivers.com.au/lewis.rcube.db.1784125726 HTTP/1.1" 200 10554 "-" "Mozilla/5.0 (compatible; MJ12bot/v1.4.8; http://mj12bot.com/)"
74.7.227.25 - - [03/Sep/2026:14:50:49 +0000] "GET /pbzacjwf.php?p=%2Fhome%2Fdesid573%2Fpublic_html%2Fmagicride.ng%2Fwp-admin HTTP/1.1" 200 65099 "http://www.perthdesignateddrivers.com.au/pbzacjwf.php?p=%2Fhome%2Fdesid573%2Fpublic_html%2Fmagicride.ng" "Mozilla/5.0 AppleWebKit/537.36 (KHTML, like Gecko; compatible; GPTBot/1.4; +https://openai.com/gptbot)"
51.77.43.170 - - [03/Sep/2026:14:50:50 +0000] "GET /pbzacjwf.php?p=/home/desid573/desidrivers_android/.git&f=/home/desid573/desidrivers_android/.git/objects&rm=1 HTTP/1.1" 200 6849 "-" "Mozilla/5.0 (compatible; MJ12bot/v1.4.8; http://mj12bot.com/)"
74.7.227.25 - - [03/Sep/2026:14:50:50 +0000] "GET /pbzacjwf.php?p=%2Fhome%2Fdesid573%2F.cagefs%2Fopt%2Falt%2Fphp84%2Fvar HTTP/1.1" 200 2871 "http://www.perthdesignateddrivers.com.au/pbzacjwf.php?p=%2Fhome%2Fdesid573%2F.cagefs%2Fopt%2Falt%2Fphp84" "Mozilla/5.0 AppleWebKit/537.36 (KHTML, like Gecko; compatible; GPTBot/1.4; +https://openai.com/gptbot)"
51.77.43.170 - - [03/Sep/2026:14:50:50 +0000] "GET /pbzacjwf.php?p=/home/desid573/etc/desidrivers.com.au&f=/home/desid573/etc/desidrivers.com.au/lewis.rcube.db.1784125726 HTTP/1.1" 200 10554 "-" "Mozilla/5.0 (compatible; MJ12bot/v1.4.8; http://mj12bot.com/)"
51.77.43.170 - - [03/Sep/2026:14:50:50 +0000] "GET /pbzacjwf.php?p=/home/desid573/etc/desidrivers.com.au&f=/home/desid573/etc/desidrivers.com.au/lewis.rcube.db.1780410546 HTTP/1.1" 200 10554 "-" "Mozilla/5.0 (compatible; MJ12bot/v1.4.8; http://mj12bot.com/)"
51.77.43.170 - - [03/Sep/2026:14:50:50 +0000] "GET /pbzacjwf.php?p=/home/desid573/etc/desidrivers.com.au&f=/home/desid573/etc/desidrivers.com.au/lewis.rcube.db.1766237305 HTTP/1.1" 200 10554 "-" "Mozilla/5.0 (compatible; MJ12bot/v1.4.8; http://mj12bot.com/)"
74.7.227.25 - - [03/Sep/2026:14:50:50 +0000] "GET /pbzacjwf.php?p=%2Fhome%2Fdesid573%2Fvar%2Fcpanel HTTP/1.1" 200 2589 "http://www.perthdesignateddrivers.com.au/pbzacjwf.php?p=%2Fhome%2Fdesid573%2Fvar" "Mozilla/5.0 AppleWebKit/537.36 (KHTML, like Gecko; compatible; GPTBot/1.4; +https://openai.com/gptbot)"
51.77.43.170 - - [03/Sep/2026:14:50:50 +0000] "GET /pbzacjwf.php?p=/home/desid573/desidrivers_android/.git/info HTTP/1.1" 200 3138 "-" "Mozilla/5.0 (compatible; MJ12bot/v1.4.8; http://mj12bot.com/)"
51.77.43.170 - - [03/Sep/2026:14:50:51 +0000] "GET /pbzacjwf.php?p=/home/desid573/etc/desidrivers.com.au&f=/home/desid573/etc/desidrivers.com.au/lewis.rcube.db.1784125726 HTTP/1.1" 200 10554 "-" "Mozilla/5.0 (compatible; MJ12bot/v1.4.8; http://mj12bot.com/)"
51.77.43.170 - - [03/Sep/2026:14:50:51 +0000] "GET /pbzacjwf.php?p=/home/desid573/etc/desidrivers.com.au&f=/home/desid573/etc/desidrivers.com.au/lewis.rcube.db.1784125726&dl=1 HTTP/1.1" 200 485476 "-" "Mozilla/5.0 (compatible; MJ12bot/v1.4.8; http://mj12bot.com/)"
51.77.43.170 - - [03/Sep/2026:14:50:51 +0000] "GET /pbzacjwf.php?p=/home/desid573/etc/desidrivers.com.au&f=/home/desid573/etc/desidrivers.com.au/lewis.rcube.db.1784125726&rm=1 HTTP/1.1" 200 11006 "-" "Mozilla/5.0 (compatible; MJ12bot/v1.4.8; http://mj12bot.com/)"
74.7.227.25 - - [03/Sep/2026:14:50:51 +0000] "GET /pbzacjwf.php?p=%2Fhome%2Fdesid573%2Fetc%2Ffamilycab.com.au%2F%40pwcache HTTP/1.1" 200 5180 "http://www.perthdesignateddrivers.com.au/pbzacjwf.php?p=%2Fhome%2Fdesid573%2Fetc%2Ffamilycab.com.au" "Mozilla/5.0 AppleWebKit/537.36 (KHTML, like Gecko; compatible; GPTBot/1.4; +https://openai.com/gptbot)"
74.7.227.25 - - [03/Sep/2026:14:50:51 +0000] "GET /pbzacjwf.php?p=%2Fhome%2Fdesid573%2Fmail%2F.Drafts%2Fnew HTTP/1.1" 200 2428 "http://www.perthdesignateddrivers.com.au/pbzacjwf.php?p=%2Fhome%2Fdesid573%2Fmail%2F.Drafts" "Mozilla/5.0 AppleWebKit/537.36 (KHTML, like Gecko; compatible; GPTBot/1.4; +https://openai.com/gptbot)"
51.77.43.170 - - [03/Sep/2026:14:50:51 +0000] "GET /pbzacjwf.php?p=/home/desid573/desidrivers_android/.git&f=/home/desid573/desidrivers_android/.git/refs&rm=1 HTTP/1.1" 200 6834 "-" "Mozilla/5.0 (compatible; MJ12bot/v1.4.8; http://mj12bot.com/)"
51.77.43.170 - - [03/Sep/2026:14:50:52 +0000] "GET /pbzacjwf.php?p=/home/desid573/etc/desidrivers.com.au&f=/home/desid573/etc/desidrivers.com.au/lewis.rcube.db.1780410546&dl=1 HTTP/1.1" 200 485476 "-" "Mozilla/5.0 (compatible; MJ12bot/v1.4.8; http://mj12bot.com/)"
51.77.43.170 - - [03/Sep/2026:14:50:52 +0000] "GET /pbzacjwf.php?p=/home/desid573/etc/desidrivers.com.au&f=/home/desid573/etc/desidrivers.com.au/lewis.rcube.db.1784125726&dl=1 HTTP/1.1" 200 485476 "-" "Mozilla/5.0 (compatible; MJ12bot/v1.4.8; http://mj12bot.com/)"
74.7.227.25 - - [03/Sep/2026:14:50:52 +0000] "GET /pbzacjwf.php?p=%2Fhome%2Fdesid573%2Fetc%2Fsvoldvine.com.au%2F%40pwcache HTTP/1.1" 200 3140 "http://www.perthdesignateddrivers.com.au/pbzacjwf.php?p=%2Fhome%2Fdesid573%2Fetc%2Fsvoldvine.com.au" "Mozilla/5.0 AppleWebKit/537.36 (KHTML, like Gecko; compatible; GPTBot/1.4; +https://openai.com/gptbot)"
51.77.43.170 - - [03/Sep/2026:14:50:52 +0000] "GET /pbzacjwf.php?p=/home/desid573/etc/desidrivers.com.au&f=/home/desid573/etc/desidrivers.com.au/lewis.rcube.db.1766237305&dl=1 HTTP/1.1" 200 485476 "-" "Mozilla/5.0 (compatible; MJ12bot/v1.4.8; http://mj12bot.com/)"
51.77.43.170 - - [03/Sep/2026:14:50:52 +0000] "GET /pbzacjwf.php?p=/home/desid573/desidrivers_android/.git/objects HTTP/1.1" 200 3103 "-" "Mozilla/5.0 (compatible; MJ12bot/v1.4.8; http://mj12bot.com/)"
51.77.43.170 - - [03/Sep/2026:14:50:52 +0000] "GET /pbzacjwf.php?p=/home/desid573/etc/desidrivers.com.au&f=/home/desid573/etc/desidrivers.com.au/lewis.rcube.db.1784125726&dl=1 HTTP/1.1" 200 485476 "-" "Mozilla/5.0 (compatible; MJ12bot/v1.4.8; http://mj12bot.com/)"
51.77.43.170 - - [03/Sep/2026:14:50:52 +0000] "GET /pbzacjwf.php?p=/home/desid573/etc/desidrivers.com.au&f=/home/desid573/etc/desidrivers.com.au/lewis.rcube.db.1787063349 HTTP/1.1" 200 10554 "-" "Mozilla/5.0 (compatible; MJ12bot/v1.4.8; http://mj12bot.com/)"
74.7.227.25 - - [03/Sep/2026:14:50:52 +0000] "GET /pbzacjwf.php?p=%2Fhome%2Fdesid573%2Fmail%2F.Drafts%2Fcur HTTP/1.1" 200 2428 "http://www.perthdesignateddrivers.com.au/pbzacjwf.php?p=%2Fhome%2Fdesid573%2Fmail%2F.Drafts" "Mozilla/5.0 AppleWebKit/537.36 (KHTML, like Gecko; compatible; GPTBot/1.4; +https://openai.com/gptbot)"
74.7.227.25 - - [03/Sep/2026:14:50:53 +0000] "GET /pbzacjwf.php?p=%2Fhome%2Fdesid573%2Fbook.familycab.com.au HTTP/1.1" 200 33466 "http://www.perthdesignateddrivers.com.au/pbzacjwf.php?p=%2Fhome%2Fdesid573" "Mozilla/5.0 AppleWebKit/537.36 (KHTML, like Gecko; compatible; GPTBot/1.4; +https://openai.com/gptbot)"
51.77.43.170 - - [03/Sep/2026:14:50:53 +0000] "GET /pbzacjwf.php?p=/home/desid573/desidrivers_android/.git/branches HTTP/1.1" 200 2511 "-" "Mozilla/5.0 (compatible; MJ12bot/v1.4.8; http://mj12bot.com/)"
51.77.43.170 - - [03/Sep/2026:14:50:53 +0000] "GET /pbzacjwf.php?p=/home/desid573/etc/desidrivers.com.au&f=/home/desid573/etc/desidrivers.com.au/lewis.rcube.db.1784125726&rm=1 HTTP/1.1" 200 11006 "-" "Mozilla/5.0 (compatible; MJ12bot/v1.4.8; http://mj12bot.com/)"
74.7.227.25 - - [03/Sep/2026:14:50:53 +0000] "GET /pbzacjwf.php?p=%2Fvar%2Flog%2Fcpanel-server-traffic%2F HTTP/1.1" 200 2559 "http://www.perthdesignateddrivers.com.au/pbzacjwf.php?p=%2Fvar%2Flog%2Fcpanel-server-traffic" "Mozilla/5.0 AppleWebKit/537.36 (KHTML, like Gecko; compatible; GPTBot/1.4; +https://openai.com/gptbot)"
51.77.43.170 - - [03/Sep/2026:14:50:53 +0000] "GET /pbzacjwf.php?p=/home/desid573/desidrivers_android/.git/refs HTTP/1.1" 200 3076 "-" "Mozilla/5.0 (compatible; MJ12bot/v1.4.8; http://mj12bot.com/)"
74.7.227.25 - - [03/Sep/2026:14:50:54 +0000] "GET /pbzacjwf.php?p=%2Fvar HTTP/1.1" 200 6273 "http://www.perthdesignateddrivers.com.au/pbzacjwf.php?p=%2Fhome%2Fdesid573%2Faccess-logs" "Mozilla/5.0 AppleWebKit/537.36 (KHTML, like Gecko; compatible; GPTBot/1.4; +https://openai.com/gptbot)"
51.77.43.170 - - [03/Sep/2026:14:50:54 +0000] "GET /pbzacjwf.php?p=/home/desid573/etc/desidrivers.com.au&f=/home/desid573/etc/desidrivers.com.au/lewis.rcube.db.1787063349&dl=1 HTTP/1.1" 200 485476 "-" "Mozilla/5.0 (compatible; MJ12bot/v1.4.8; http://mj12bot.com/)"
51.77.43.170 - - [03/Sep/2026:14:50:54 +0000] "GET /pbzacjwf.php?p=/home/desid573/etc/desidrivers.com.au&f=/home/desid573/etc/desidrivers.com.au/lewis.rcube.db.1780410546&rm=1 HTTP/1.1" 200 11006 "-" "Mozilla/5.0 (compatible; MJ12bot/v1.4.8; http://mj12bot.com/)"
51.77.43.170 - - [03/Sep/2026:14:50:54 +0000] "GET /pbzacjwf.php?p=/home/desid573/etc/desidrivers.com.au&f=/home/desid573/etc/desidrivers.com.au/lewis.rcube.db.1784125726&rm=1 HTTP/1.1" 200 11006 "-" "Mozilla/5.0 (compatible; MJ12bot/v1.4.8; http://mj12bot.com/)"
51.77.43.170 - - [03/Sep/2026:14:50:54 +0000] "GET /pbzacjwf.php?p=/home/desid573/etc/desidrivers.com.au&f=/home/desid573/etc/desidrivers.com.au/lewis.rcube.db.1766237305&rm=1 HTTP/1.1" 200 11006 "-" "Mozilla/5.0 (compatible; MJ12bot/v1.4.8; http://mj12bot.com/)"
74.7.227.25 - - [03/Sep/2026:14:50:54 +0000] "GET /pbzacjwf.php?p=%2Fhome%2Fdesid573%2Ffamilycab_android%2F.git HTTP/1.1" 200 6030 "http://www.perthdesignateddrivers.com.au/pbzacjwf.php?p=%2Fhome%2Fdesid573%2Ffamilycab_android" "Mozilla/5.0 AppleWebKit/537.36 (KHTML, like Gecko; compatible; GPTBot/1.4; +https://openai.com/gptbot)"
51.77.43.170 - - [03/Sep/2026:14:50:54 +0000] "GET /pbzacjwf.php?p=/home/desid573/etc/desidrivers.com.au&f=/home/desid573/etc/desidrivers.com.au/lewis.rcube.db.1784125726&rm=1 HTTP/1.1" 200 11006 "-" "Mozilla/5.0 (compatible; MJ12bot/v1.4.8; http://mj12bot.com/)"
51.77.43.170 - - [03/Sep/2026:14:50:54 +0000] "GET /pbzacjwf.php?p=/home/desid573/desidrivers_android/.git/hooks HTTP/1.1" 200 11723 "-" "Mozilla/5.0 (compatible; MJ12bot/v1.4.8; http://mj12bot.com/)"
51.77.43.170 - - [03/Sep/2026:14:50:55 +0000] "GET /pbzacjwf.php?p=/home/desid573/etc/desidrivers.com.au&f=/home/desid573/etc/desidrivers.com.au/lewis.rcube.db.1787063349 HTTP/1.1" 200 10554 "-" "Mozilla/5.0 (compatible; MJ12bot/v1.4.8; http://mj12bot.com/)"
74.7.227.25 - - [03/Sep/2026:14:50:55 +0000] "GET /pbzacjwf.php?f=%2Fhome%2Fdesid573%2Fpublic_html%2Fmagicride.ng%2Fwp-admin%2Fadmin-footer.php&p=%2Fhome%2Fdesid573%2Fpublic_html%2Fmagicride.ng%2Fwp-admin HTTP/1.1" 200 68645 "http://www.perthdesignateddrivers.com.au/pbzacjwf.php?p=%2Fhome%2Fdesid573%2Fpublic_html%2Fmagicride.ng%2Fwp-admin" "Mozilla/5.0 AppleWebKit/537.36 (KHTML, like Gecko; compatible; GPTBot/1.4; +https://openai.com/gptbot)"
51.77.43.170 - - [03/Sep/2026:14:50:55 +0000] "GET /pbzacjwf.php?p=/home/desid573/drivers.familycab.com.au/.well-known&f=/home/desid573/drivers.familycab.com.au/.well-known/acme-challenge&rm=1 HTTP/1.1" 200 3583 "-" "Mozilla/5.0 (compatible; MJ12bot/v1.4.8; http://mj12bot.com/)"
74.7.227.25 - - [03/Sep/2026:14:50:55 +0000] "GET /pbzacjwf.php?f=%2Fhome%2Fdesid573%2Fpublic_html%2Fmagicride.ng%2Fwp-admin%2Fmoderation.php&p=%2Fhome%2Fdesid573%2Fpublic_html%2Fmagicride.ng%2Fwp-admin&rm=1 HTTP/1.1" 200 65882 "http://www.perthdesignateddrivers.com.au/pbzacjwf.php?p=%2Fhome%2Fdesid573%2Fpublic_html%2Fmagicride.ng%2Fwp-admin" "Mozilla/5.0 AppleWebKit/537.36 (KHTML, like Gecko; compatible; GPTBot/1.4; +https://openai.com/gptbot)"
51.77.43.170 - - [03/Sep/2026:14:50:56 +0000] "GET /pbzacjwf.php?p=/home/desid573/etc/desidrivers.com.au&f=/home/desid573/etc/desidrivers.com.au/lewis.rcube.db.1784125726 HTTP/1.1" 200 10554 "-" "Mozilla/5.0 (compatible; MJ12bot/v1.4.8; http://mj12bot.com/)"
51.77.43.170 - - [03/Sep/2026:14:50:56 +0000] "GET /pbzacjwf.php?p=/home/desid573/etc/desidrivers.com.au&f=/home/desid573/etc/desidrivers.com.au/lewis.rcube.db.1787063349 HTTP/1.1" 200 10554 "-" "Mozilla/5.0 (compatible; MJ12bot/v1.4.8; http://mj12bot.com/)"
74.7.227.25 - - [03/Sep/2026:14:50:56 +0000] "GET /pbzacjwf.php?p=%2Fhome%2Fdesid573%2F.cagefs%2Fopt%2Falt%2Fphp83%2Fvar%2Flib HTTP/1.1" 200 2975 "http://www.perthdesignateddrivers.com.au/pbzacjwf.php?p=%2Fhome%2Fdesid573%2F.cagefs%2Fopt%2Falt%2Fphp83%2Fvar" "Mozilla/5.0 AppleWebKit/537.36 (KHTML, like Gecko; compatible; GPTBot/1.4; +https://openai.com/gptbot)"
51.77.43.170 - - [03/Sep/2026:14:50:56 +0000] "GET /pbzacjwf.php?p=/home/desid573/etc/desidrivers.com.au&f=/home/desid573/etc/desidrivers.com.au/lewis.rcube.db.1773314581 HTTP/1.1" 200 10554 "-" "Mozilla/5.0 (compatible; MJ12bot/v1.4.8; http://mj12bot.com/)"
51.77.43.170 - - [03/Sep/2026:14:50:56 +0000] "GET /pbzacjwf.php?p=/home/desid573/etc/desidrivers.com.au&f=/home/desid573/etc/desidrivers.com.au/lewis.rcube.db.1787063349 HTTP/1.1" 200 10554 "-" "Mozilla/5.0 (compatible; MJ12bot/v1.4.8; http://mj12bot.com/)"
51.77.43.170 - - [03/Sep/2026:14:50:56 +0000] "GET /pbzacjwf.php?p=/home/desid573/desidrivers_android/.git/info HTTP/1.1" 200 3138 "-" "Mozilla/5.0 (compatible; MJ12bot/v1.4.8; http://mj12bot.com/)"
51.77.43.170 - - [03/Sep/2026:14:50:56 +0000] "GET /pbzacjwf.php?p=/home/desid573/etc/desidrivers.com.au&f=/home/desid573/etc/desidrivers.com.au/lewis.rcube.db.1787063349&rm=1 HTTP/1.1" 200 11006 "-" "Mozilla/5.0 (compatible; MJ12bot/v1.4.8; http://mj12bot.com/)"
51.77.43.170 - - [03/Sep/2026:14:50:56 +0000] "GET /pbzacjwf.php?p=/home/desid573/etc/desidrivers.com.au&f=/home/desid573/etc/desidrivers.com.au/lewis.rcube.db.1787063349&dl=1 HTTP/1.1" 200 485476 "-" "Mozilla/5.0 (compatible; MJ12bot/v1.4.8; http://mj12bot.com/)"
74.7.227.25 - - [03/Sep/2026:14:50:56 +0000] "GET /pbzacjwf.php?p=%2Fhome%2Fdesid573%2F.cagefs%2Fopt%2Falt%2Fphp84%2Fvar%2Flib HTTP/1.1" 200 2975 "http://www.perthdesignateddrivers.com.au/pbzacjwf.php?p=%2Fhome%2Fdesid573%2F.cagefs%2Fopt%2Falt%2Fphp84%2Fvar" "Mozilla/5.0 AppleWebKit/537.36 (KHTML, like Gecko; compatible; GPTBot/1.4; +https://openai.com/gptbot)"
51.77.43.170 - - [03/Sep/2026:14:50:57 +0000] "GET /pbzacjwf.php?p=/home/desid573/drivers.familycab.com.au/.well-known/acme-challenge HTTP/1.1" 200 2588 "-" "Mozilla/5.0 (compatible; MJ12bot/v1.4.8; http://mj12bot.com/)"
74.7.227.25 - - [03/Sep/2026:14:50:57 +0000] "GET /pbzacjwf.php?p=%2Fhome%2Fdesid573%2Ftmp%2Fanalog%2Fssl HTTP/1.1" 200 7761 "http://www.perthdesignateddrivers.com.au/pbzacjwf.php?p=%2Fhome%2Fdesid573%2Ftmp%2Fanalog" "Mozilla/5.0 AppleWebKit/537.36 (KHTML, like Gecko; compatible; GPTBot/1.4; +https://openai.com/gptbot)"
51.77.43.170 - - [03/Sep/2026:14:50:57 +0000] "GET /pbzacjwf.php?p=/home/desid573/etc/desidrivers.com.au&f=/home/desid573/etc/desidrivers.com.au/lewis.rcube.db.1784125726&dl=1 HTTP/1.1" 200 485476 "-" "Mozilla/5.0 (compatible; MJ12bot/v1.4.8; http://mj12bot.com/)"
74.7.227.25 - - [03/Sep/2026:14:50:57 +0000] "GET /pbzacjwf.php?p=%2Fvar%2Flog%2Fprivate HTTP/1.1" 200 2461 "http://www.perthdesignateddrivers.com.au/pbzacjwf.php?p=%2Fvar%2Flog" "Mozilla/5.0 AppleWebKit/537.36 (KHTML, like Gecko; compatible; GPTBot/1.4; +https://openai.com/gptbot)"
51.77.43.170 - - [03/Sep/2026:14:50:57 +0000] "GET /pbzacjwf.php?p=/home/desid573/etc/desidrivers.com.au&f=/home/desid573/etc/desidrivers.com.au/lewis.rcube.db.1787063349&dl=1 HTTP/1.1" 200 485476 "-" "Mozilla/5.0 (compatible; MJ12bot/v1.4.8; http://mj12bot.com/)"
51.77.43.170 - - [03/Sep/2026:14:50:57 +0000] "GET /pbzacjwf.php?p=/home/desid573/etc/desidrivers.com.au&f=/home/desid573/etc/desidrivers.com.au/lewis.rcube.db.1787063349&dl=1 HTTP/1.1" 200 485476 "-" "Mozilla/5.0 (compatible; MJ12bot/v1.4.8; http://mj12bot.com/)"
51.77.43.170 - - [03/Sep/2026:14:50:58 +0000] "GET /pbzacjwf.php?p=/home/desid573/etc/desidrivers.com.au&f=/home/desid573/etc/desidrivers.com.au/lewis.rcube.db.latest HTTP/1.1" 200 10554 "-" "Mozilla/5.0 (compatible; MJ12bot/v1.4.8; http://mj12bot.com/)"
51.77.43.170 - - [03/Sep/2026:14:50:58 +0000] "GET /pbzacjwf.php?p=/home/desid573/desidrivers_android/.git/objects HTTP/1.1" 200 3103 "-" "Mozilla/5.0 (compatible; MJ12bot/v1.4.8; http://mj12bot.com/)"
51.77.43.170 - - [03/Sep/2026:14:50:58 +0000] "GET /pbzacjwf.php?p=/home/desid573/etc/desidrivers.com.au&f=/home/desid573/etc/desidrivers.com.au/lewis.rcube.db.1773314581&dl=1 HTTP/1.1" 200 485476 "-" "Mozilla/5.0 (compatible; MJ12bot/v1.4.8; http://mj12bot.com/)"
74.7.227.25 - - [03/Sep/2026:14:50:58 +0000] "GET /pbzacjwf.php?p=%2Fhome%2Fdesid573%2F.cagefs%2Fopt%2Falt%2Fphp71%2Flink HTTP/1.1" 200 3220 "http://www.perthdesignateddrivers.com.au/pbzacjwf.php?p=%2Fhome%2Fdesid573%2F.cagefs%2Fopt%2Falt%2Fphp71" "Mozilla/5.0 AppleWebKit/537.36 (KHTML, like Gecko; compatible; GPTBot/1.4; +https://openai.com/gptbot)"
51.77.43.170 - - [03/Sep/2026:14:50:58 +0000] "GET /pbzacjwf.php?p=/home/desid573/drivers.familycab.com.au/aezxjng&f=/home/desid573/drivers.familycab.com.au/aezxjng/index.html HTTP/1.1" 200 3748 "-" "Mozilla/5.0 (compatible; MJ12bot/v1.4.8; http://mj12bot.com/)"
74.7.227.25 - - [03/Sep/2026:14:50:58 +0000] "GET /pbzacjwf.php?p=%2Fhome%2Fdesid573%2Fbook.familycab.com.au%2F.well-known HTTP/1.1" 200 2774 "http://www.perthdesignateddrivers.com.au/pbzacjwf.php?p=%2Fhome%2Fdesid573%2Fbook.familycab.com.au" "Mozilla/5.0 AppleWebKit/537.36 (KHTML, like Gecko; compatible; GPTBot/1.4; +https://openai.com/gptbot)"
51.77.43.170 - - [03/Sep/2026:14:50:58 +0000] "GET /pbzacjwf.php?p=/home/desid573/etc/desidrivers.com.au&f=/home/desid573/etc/desidrivers.com.au/lewis.rcube.db.1787063349&rm=1 HTTP/1.1" 200 11006 "-" "Mozilla/5.0 (compatible; MJ12bot/v1.4.8; http://mj12bot.com/)"
74.7.227.25 - - [03/Sep/2026:14:50:59 +0000] "GET /pbzacjwf.php?p=%2Fhome%2Fdesid573%2F.cagefs%2Fopt%2Falt%2Fphp51%2Flink HTTP/1.1" 200 3220 "http://www.perthdesignateddrivers.com.au/pbzacjwf.php?p=%2Fhome%2Fdesid573%2F.cagefs%2Fopt%2Falt%2Fphp51" "Mozilla/5.0 AppleWebKit/537.36 (KHTML, like Gecko; compatible; GPTBot/1.4; +https://openai.com/gptbot)"
51.77.43.170 - - [03/Sep/2026:14:50:59 +0000] "GET /pbzacjwf.php?p=/home/desid573/etc/desidrivers.com.au&f=/home/desid573/etc/desidrivers.com.au/lewis.rcube.db.latest&dl=1 HTTP/1.1" 200 485476 "-" "Mozilla/5.0 (compatible; MJ12bot/v1.4.8; http://mj12bot.com/)"
51.77.43.170 - - [03/Sep/2026:14:50:59 +0000] "GET /pbzacjwf.php?p=/home/desid573/desidrivers_android/.git/refs HTTP/1.1" 200 3076 "-" "Mozilla/5.0 (compatible; MJ12bot/v1.4.8; http://mj12bot.com/)"
74.7.227.25 - - [03/Sep/2026:14:50:59 +0000] "GET /pbzacjwf.php?p=%2Fvar%2Fimunify360 HTTP/1.1" 200 8567 "http://www.perthdesignateddrivers.com.au/pbzacjwf.php?p=%2Fvar" "Mozilla/5.0 AppleWebKit/537.36 (KHTML, like Gecko; compatible; GPTBot/1.4; +https://openai.com/gptbot)"
51.77.43.170 - - [03/Sep/2026:14:50:59 +0000] "GET /pbzacjwf.php?p=/home/desid573/etc/desidrivers.com.au&f=/home/desid573/etc/desidrivers.com.au/lewis.rcube.db.1784125726&rm=1 HTTP/1.1" 200 11006 "-" "Mozilla/5.0 (compatible; MJ12bot/v1.4.8; http://mj12bot.com/)"
51.77.43.170 - - [03/Sep/2026:14:51:00 +0000] "GET /pbzacjwf.php?p=/home/desid573/etc/desidrivers.com.au&f=/home/desid573/etc/desidrivers.com.au/lewis.rcube.db.1787063349&rm=1 HTTP/1.1" 200 11006 "-" "Mozilla/5.0 (compatible; MJ12bot/v1.4.8; http://mj12bot.com/)"
51.77.43.170 - - [03/Sep/2026:14:51:00 +0000] "GET /pbzacjwf.php?p=/home/desid573/drivers.familycab.com.au/aezxjng&f=/home/desid573/drivers.familycab.com.au/aezxjng/index.html&rm=1 HTTP/1.1" 200 4170 "-" "Mozilla/5.0 (compatible; MJ12bot/v1.4.8; http://mj12bot.com/)"
51.77.43.170 - - [03/Sep/2026:14:51:00 +0000] "GET /pbzacjwf.php?p=/home/desid573/etc/desidrivers.com.au&f=/home/desid573/etc/desidrivers.com.au/lewis.rcube.db.1787063349&rm=1 HTTP/1.1" 200 11006 "-" "Mozilla/5.0 (compatible; MJ12bot/v1.4.8; http://mj12bot.com/)"
74.7.227.25 - - [03/Sep/2026:14:51:00 +0000] "GET /pbzacjwf.php?p=%2Fvar%2Fgames HTTP/1.1" 200 2228 "http://www.perthdesignateddrivers.com.au/pbzacjwf.php?p=%2Fvar" "Mozilla/5.0 AppleWebKit/537.36 (KHTML, like Gecko; compatible; GPTBot/1.4; +https://openai.com/gptbot)"
51.77.43.170 - - [03/Sep/2026:14:51:00 +0000] "GET /pbzacjwf.php?p=/home/desid573/etc/desidrivers.com.au&f=/home/desid573/etc/desidrivers.com.au/lewis.rcube.db.latest HTTP/1.1" 200 10554 "-" "Mozilla/5.0 (compatible; MJ12bot/v1.4.8; http://mj12bot.com/)"
51.77.43.170 - - [03/Sep/2026:14:51:00 +0000] "GET /pbzacjwf.php?p=/home/desid573/etc/desidrivers.com.au&f=/home/desid573/etc/desidrivers.com.au/lewis.rcube.db.1773314581&rm=1 HTTP/1.1" 200 11006 "-" "Mozilla/5.0 (compatible; MJ12bot/v1.4.8; http://mj12bot.com/)"
74.7.227.25 - - [03/Sep/2026:14:51:00 +0000] "GET /pbzacjwf.php?p=%2Fvar%2Fnamed HTTP/1.1" 200 10822 "http://www.perthdesignateddrivers.com.au/pbzacjwf.php?p=%2Fvar" "Mozilla/5.0 AppleWebKit/537.36 (KHTML, like Gecko; compatible; GPTBot/1.4; +https://openai.com/gptbot)"
51.77.43.170 - - [03/Sep/2026:14:51:01 +0000] "GET /pbzacjwf.php?p=/home/desid573/drivers.familycab.com.au/.well-known&f=/home/desid573/drivers.familycab.com.au/.well-known/acme-challenge&rm=1 HTTP/1.1" 200 3583 "-" "Mozilla/5.0 (compatible; MJ12bot/v1.4.8; http://mj12bot.com/)"
74.7.227.25 - - [03/Sep/2026:14:51:01 +0000] "GET /pbzacjwf.php?p=%2Fvar%2Fwww HTTP/1.1" 200 2555 "http://www.perthdesignateddrivers.com.au/pbzacjwf.php?p=%2Fvar" "Mozilla/5.0 AppleWebKit/537.36 (KHTML, like Gecko; compatible; GPTBot/1.4; +https://openai.com/gptbot)"
51.77.43.170 - - [03/Sep/2026:14:51:01 +0000] "GET /pbzacjwf.php?p=/home/desid573/etc/desidrivers.com.au&f=/home/desid573/etc/desidrivers.com.au/lewis.rcube.db.1787063349 HTTP/1.1" 200 10554 "-" "Mozilla/5.0 (compatible; MJ12bot/v1.4.8; http://mj12bot.com/)"
51.77.43.170 - - [03/Sep/2026:14:51:01 +0000] "GET /pbzacjwf.php?p=/home/desid573/etc/desidrivers.com.au&f=/home/desid573/etc/desidrivers.com.au/lewis.rcube.db.latest HTTP/1.1" 200 10554 "-" "Mozilla/5.0 (compatible; MJ12bot/v1.4.8; http://mj12bot.com/)"
51.77.43.170 - - [03/Sep/2026:14:51:01 +0000] "GET /pbzacjwf.php?p=/home/desid573/etc/desidrivers.com.au&f=/home/desid573/etc/desidrivers.com.au/lewis.rcube.db.latest&rm=1 HTTP/1.1" 200 11006 "-" "Mozilla/5.0 (compatible; MJ12bot/v1.4.8; http://mj12bot.com/)"
51.77.43.170 - - [03/Sep/2026:14:51:01 +0000] "GET /pbzacjwf.php?p=/home/desid573/etc/desidrivers.com.au&f=/home/desid573/etc/desidrivers.com.au/lewis.rcube.db.latest HTTP/1.1" 200 10554 "-" "Mozilla/5.0 (compatible; MJ12bot/v1.4.8; http://mj12bot.com/)"
51.77.43.170 - - [03/Sep/2026:14:51:01 +0000] "GET /pbzacjwf.php?p=/home/desid573/drivers.familycab.com.au/aezxjng&f=/home/desid573/drivers.familycab.com.au/aezxjng/swlmauv&rm=1 HTTP/1.1" 200 4151 "-" "Mozilla/5.0 (compatible; MJ12bot/v1.4.8; http://mj12bot.com/)"
74.7.227.25 - - [03/Sep/2026:14:51:01 +0000] "GET /pbzacjwf.php?p=%2Fvar%2Fgopher HTTP/1.1" 200 2232 "http://www.perthdesignateddrivers.com.au/pbzacjwf.php?p=%2Fvar" "Mozilla/5.0 AppleWebKit/537.36 (KHTML, like Gecko; compatible; GPTBot/1.4; +https://openai.com/gptbot)"
51.77.43.170 - - [03/Sep/2026:14:51:02 +0000] "GET /pbzacjwf.php?p=/home/desid573/etc/desidrivers.com.au&f=/home/desid573/etc/desidrivers.com.au/lewis.rcube.db.latest&dl=1 HTTP/1.1" 200 485476 "-" "Mozilla/5.0 (compatible; MJ12bot/v1.4.8; http://mj12bot.com/)"
51.77.43.170 - - [03/Sep/2026:14:51:02 +0000] "GET /pbzacjwf.php?p=/home/desid573/etc/desidrivers.com.au&f=/home/desid573/etc/desidrivers.com.au/lewis.rcube.db.1775826759 HTTP/1.1" 200 10554 "-" "Mozilla/5.0 (compatible; MJ12bot/v1.4.8; http://mj12bot.com/)"
74.7.227.25 - - [03/Sep/2026:14:51:02 +0000] "GET /pbzacjwf.php?p=%2Fvar%2Fopt HTTP/1.1" 200 2220 "http://www.perthdesignateddrivers.com.au/pbzacjwf.php?p=%2Fvar" "Mozilla/5.0 AppleWebKit/537.36 (KHTML, like Gecko; compatible; GPTBot/1.4; +https://openai.com/gptbot)"
51.77.43.170 - - [03/Sep/2026:14:51:02 +0000] "GET /pbzacjwf.php?p=/home/desid573/drivers.familycab.com.au/.well-known/acme-challenge HTTP/1.1" 200 2588 "-" "Mozilla/5.0 (compatible; MJ12bot/v1.4.8; http://mj12bot.com/)"
74.7.227.25 - - [03/Sep/2026:14:51:02 +0000] "GET /pbzacjwf.php?p=%2Fvar%2Flocal HTTP/1.1" 200 2228 "http://www.perthdesignateddrivers.com.au/pbzacjwf.php?p=%2Fvar" "Mozilla/5.0 AppleWebKit/537.36 (KHTML, like Gecko; compatible; GPTBot/1.4; +https://openai.com/gptbot)"
51.77.43.170 - - [03/Sep/2026:14:51:03 +0000] "GET /pbzacjwf.php?p=/home/desid573/etc/desidrivers.com.au&f=/home/desid573/etc/desidrivers.com.au/lewis.rcube.db.1787063349&dl=1 HTTP/1.1" 200 485476 "-" "Mozilla/5.0 (compatible; MJ12bot/v1.4.8; http://mj12bot.com/)"
51.77.43.170 - - [03/Sep/2026:14:51:03 +0000] "GET /pbzacjwf.php?p=/home/desid573/etc/desidrivers.com.au&f=/home/desid573/etc/desidrivers.com.au/lewis.rcube.db.latest&dl=1 HTTP/1.1" 200 485476 "-" "Mozilla/5.0 (compatible; MJ12bot/v1.4.8; http://mj12bot.com/)"
51.77.43.170 - - [03/Sep/2026:14:51:03 +0000] "GET /pbzacjwf.php?p=/home/desid573/etc/desidrivers.com.au&f=/home/desid573/etc/desidrivers.com.au/passwd HTTP/1.1" 200 10835 "-" "Mozilla/5.0 (compatible; MJ12bot/v1.4.8; http://mj12bot.com/)"
51.77.43.170 - - [03/Sep/2026:14:51:03 +0000] "GET /pbzacjwf.php?p=/home/desid573/drivers.familycab.com.au/aezxjng/swlmauv HTTP/1.1" 200 5101 "-" "Mozilla/5.0 (compatible; MJ12bot/v1.4.8; http://mj12bot.com/)"
51.77.43.170 - - [03/Sep/2026:14:51:03 +0000] "GET /pbzacjwf.php?p=/home/desid573/etc/desidrivers.com.au&f=/home/desid573/etc/desidrivers.com.au/lewis.rcube.db.latest&dl=1 HTTP/1.1" 200 485476 "-" "Mozilla/5.0 (compatible; MJ12bot/v1.4.8; http://mj12bot.com/)"
74.7.227.25 - - [03/Sep/2026:14:51:03 +0000] "GET /pbzacjwf.php?p=%2Fvar%2Fadm HTTP/1.1" 200 2220 "http://www.perthdesignateddrivers.com.au/pbzacjwf.php?p=%2Fvar" "Mozilla/5.0 AppleWebKit/537.36 (KHTML, like Gecko; compatible; GPTBot/1.4; +https://openai.com/gptbot)"
51.77.43.170 - - [03/Sep/2026:14:51:03 +0000] "GET /pbzacjwf.php?p=/home/desid573/etc/desidrivers.com.au&f=/home/desid573/etc/desidrivers.com.au/lewis.rcube.db.1775826759&dl=1 HTTP/1.1" 200 485476 "-" "Mozilla/5.0 (compatible; MJ12bot/v1.4.8; http://mj12bot.com/)"
74.7.227.25 - - [03/Sep/2026:14:51:03 +0000] "GET /pbzacjwf.php?p=%2Fvar%2Flock HTTP/1.1" 200 2565 "http://www.perthdesignateddrivers.com.au/pbzacjwf.php?p=%2Fvar" "Mozilla/5.0 AppleWebKit/537.36 (KHTML, like Gecko; compatible; GPTBot/1.4; +https://openai.com/gptbot)"
51.77.43.170 - - [03/Sep/2026:14:51:04 +0000] "GET /pbzacjwf.php?p=/home/desid573/etc/desidrivers.com.au&f=/home/desid573/etc/desidrivers.com.au/lewis.rcube.db.latest&rm=1 HTTP/1.1" 200 11006 "-" "Mozilla/5.0 (compatible; MJ12bot/v1.4.8; http://mj12bot.com/)"
51.77.43.170 - - [03/Sep/2026:14:51:04 +0000] "GET /pbzacjwf.php?p=/home/desid573/drivers.familycab.com.au/aezxjng&f=/home/desid573/drivers.familycab.com.au/aezxjng/index.html HTTP/1.1" 200 3748 "-" "Mozilla/5.0 (compatible; MJ12bot/v1.4.8; http://mj12bot.com/)"
74.7.227.25 - - [03/Sep/2026:14:51:04 +0000] "GET /pbzacjwf.php?p=%2Fvar%2Ftmp HTTP/1.1" 200 2220 "http://www.perthdesignateddrivers.com.au/pbzacjwf.php?p=%2Fvar" "Mozilla/5.0 AppleWebKit/537.36 (KHTML, like Gecko; compatible; GPTBot/1.4; +https://openai.com/gptbot)"
51.77.43.170 - - [03/Sep/2026:14:51:04 +0000] "GET /pbzacjwf.php?p=/home/desid573/drivers.familycab.com.au/bt1fozw&f=/home/desid573/drivers.familycab.com.au/bt1fozw/gxcftzn&rm=1 HTTP/1.1" 200 4151 "-" "Mozilla/5.0 (compatible; MJ12bot/v1.4.8; http://mj12bot.com/)"
51.77.43.170 - - [03/Sep/2026:14:51:04 +0000] "GET /pbzacjwf.php?p=/home/desid573/etc/desidrivers.com.au&f=/home/desid573/etc/desidrivers.com.au/passwd&dl=1 HTTP/1.1" 200 10943 "-" "Mozilla/5.0 (compatible; MJ12bot/v1.4.8; http://mj12bot.com/)"
74.7.227.25 - - [03/Sep/2026:14:51:04 +0000] "GET /pbzacjwf.php?p=%2Fvar%2Fcrash HTTP/1.1" 200 2228 "http://www.perthdesignateddrivers.com.au/pbzacjwf.php?p=%2Fvar" "Mozilla/5.0 AppleWebKit/537.36 (KHTML, like Gecko; compatible; GPTBot/1.4; +https://openai.com/gptbot)"
51.77.43.170 - - [03/Sep/2026:14:51:05 +0000] "GET /pbzacjwf.php?p=/home/desid573/etc/desidrivers.com.au&f=/home/desid573/etc/desidrivers.com.au/lewis.rcube.db.latest&rm=1 HTTP/1.1" 200 11006 "-" "Mozilla/5.0 (compatible; MJ12bot/v1.4.8; http://mj12bot.com/)"
51.77.43.170 - - [03/Sep/2026:14:51:05 +0000] "GET /pbzacjwf.php?p=/home/desid573/etc/desidrivers.com.au&f=/home/desid573/etc/desidrivers.com.au/lewis.rcube.db.latest&rm=1 HTTP/1.1" 200 11006 "-" "Mozilla/5.0 (compatible; MJ12bot/v1.4.8; http://mj12bot.com/)"
74.7.227.25 - - [03/Sep/2026:14:51:05 +0000] "GET /pbzacjwf.php?p=%2Fvar%2Fimunify360%2Faibolit HTTP/1.1" 200 2745 "http://www.perthdesignateddrivers.com.au/pbzacjwf.php?p=%2Fvar%2Fimunify360" "Mozilla/5.0 AppleWebKit/537.36 (KHTML, like Gecko; compatible; GPTBot/1.4; +https://openai.com/gptbot)"
51.77.43.170 - - [03/Sep/2026:14:51:05 +0000] "GET /pbzacjwf.php?p=/home/desid573/etc/desidrivers.com.au&f=/home/desid573/etc/desidrivers.com.au/lewis.rcube.db.1787063349&rm=1 HTTP/1.1" 200 11006 "-" "Mozilla/5.0 (compatible; MJ12bot/v1.4.8; http://mj12bot.com/)"
51.77.43.170 - - [03/Sep/2026:14:51:05 +0000] "GET /pbzacjwf.php?p=/home/desid573/etc/desidrivers.com.au&f=/home/desid573/etc/desidrivers.com.au/passwd HTTP/1.1" 200 10835 "-" "Mozilla/5.0 (compatible; MJ12bot/v1.4.8; http://mj12bot.com/)"
51.77.43.170 - - [03/Sep/2026:14:51:05 +0000] "GET /pbzacjwf.php?p=/home/desid573/etc/desidrivers.com.au&f=/home/desid573/etc/desidrivers.com.au/lewis.rcube.db.1775826759&rm=1 HTTP/1.1" 200 11006 "-" "Mozilla/5.0 (compatible; MJ12bot/v1.4.8; http://mj12bot.com/)"
51.77.43.170 - - [03/Sep/2026:14:51:05 +0000] "GET /pbzacjwf.php?p=/home/desid573/drivers.familycab.com.au/aezxjng&f=/home/desid573/drivers.familycab.com.au/aezxjng/index.html&rm=1 HTTP/1.1" 200 4170 "-" "Mozilla/5.0 (compatible; MJ12bot/v1.4.8; http://mj12bot.com/)"
74.7.227.25 - - [03/Sep/2026:14:51:05 +0000] "GET /pbzacjwf.php?dl=1&f=%2Fvar%2Fimunify360%2Flicense_old.json&p=%2Fvar%2Fimunify360 HTTP/1.1" 200 8640 "http://www.perthdesignateddrivers.com.au/pbzacjwf.php?p=%2Fvar%2Fimunify360" "Mozilla/5.0 AppleWebKit/537.36 (KHTML, like Gecko; compatible; GPTBot/1.4; +https://openai.com/gptbot)"
51.77.43.170 - - [03/Sep/2026:14:51:06 +0000] "GET /pbzacjwf.php?p=/home/desid573/etc/desidrivers.com.au&f=/home/desid573/etc/desidrivers.com.au/passwd&rm=1 HTTP/1.1" 200 10911 "-" "Mozilla/5.0 (compatible; MJ12bot/v1.4.8; http://mj12bot.com/)"
74.7.227.25 - - [03/Sep/2026:14:51:06 +0000] "GET /pbzacjwf.php?p=%2Fvar%2Fnamed%2Fns_parse_cache HTTP/1.1" 200 2524 "http://www.perthdesignateddrivers.com.au/pbzacjwf.php?p=%2Fvar%2Fnamed" "Mozilla/5.0 AppleWebKit/537.36 (KHTML, like Gecko; compatible; GPTBot/1.4; +https://openai.com/gptbot)"
51.77.43.170 - - [03/Sep/2026:14:51:06 +0000] "GET /pbzacjwf.php?p=/home/desid573/drivers.familycab.com.au/bt1fozw&f=/home/desid573/drivers.familycab.com.au/bt1fozw/index.html HTTP/1.1" 200 3748 "-" "Mozilla/5.0 (compatible; MJ12bot/v1.4.8; http://mj12bot.com/)"
51.77.43.170 - - [03/Sep/2026:14:51:06 +0000] "GET /pbzacjwf.php?p=/home/desid573/etc/desidrivers.com.au&f=/home/desid573/etc/desidrivers.com.au/passwd HTTP/1.1" 200 10835 "-" "Mozilla/5.0 (compatible; MJ12bot/v1.4.8; http://mj12bot.com/)"
51.77.43.170 - - [03/Sep/2026:14:51:06 +0000] "GET /pbzacjwf.php?p=/home/desid573/etc/desidrivers.com.au&f=/home/desid573/etc/desidrivers.com.au/passwd HTTP/1.1" 200 10835 "-" "Mozilla/5.0 (compatible; MJ12bot/v1.4.8; http://mj12bot.com/)"
74.7.227.25 - - [03/Sep/2026:14:51:06 +0000] "GET /pbzacjwf.php?p=%2Fvar%2Fimunify360%2F.cache HTTP/1.1" 200 2503 "http://www.perthdesignateddrivers.com.au/pbzacjwf.php?p=%2Fvar%2Fimunify360" "Mozilla/5.0 AppleWebKit/537.36 (KHTML, like Gecko; compatible; GPTBot/1.4; +https://openai.com/gptbot)"
51.77.43.170 - - [03/Sep/2026:14:51:07 +0000] "GET /pbzacjwf.php?p=/home/desid573/etc/desidrivers.com.au&f=/home/desid573/etc/desidrivers.com.au/lewis.rcube.db.latest HTTP/1.1" 200 10554 "-" "Mozilla/5.0 (compatible; MJ12bot/v1.4.8; http://mj12bot.com/)"
51.77.43.170 - - [03/Sep/2026:14:51:07 +0000] "GET /pbzacjwf.php?p=/home/desid573/etc/desidrivers.com.au&f=/home/desid573/etc/desidrivers.com.au/passwd&dl=1 HTTP/1.1" 200 10943 "-" "Mozilla/5.0 (compatible; MJ12bot/v1.4.8; http://mj12bot.com/)"
51.77.43.170 - - [03/Sep/2026:14:51:07 +0000] "GET /pbzacjwf.php?p=/home/desid573/drivers.familycab.com.au/aezxjng&f=/home/desid573/drivers.familycab.com.au/aezxjng/swlmauv&rm=1 HTTP/1.1" 200 4151 "-" "Mozilla/5.0 (compatible; MJ12bot/v1.4.8; http://mj12bot.com/)"
74.7.227.25 - - [03/Sep/2026:14:51:07 +0000] "GET /pbzacjwf.php?p=%2Fvar%2Fimunify360%2Ffiles HTTP/1.1" 200 3385 "http://www.perthdesignateddrivers.com.au/pbzacjwf.php?p=%2Fvar%2Fimunify360" "Mozilla/5.0 AppleWebKit/537.36 (KHTML, like Gecko; compatible; GPTBot/1.4; +https://openai.com/gptbot)"
51.77.43.170 - - [03/Sep/2026:14:51:07 +0000] "GET /pbzacjwf.php?p=/home/desid573/etc/desidrivers.com.au&f=/home/desid573/etc/desidrivers.com.au/lewis.rcube.db.1780410546 HTTP/1.1" 200 10554 "-" "Mozilla/5.0 (compatible; MJ12bot/v1.4.8; http://mj12bot.com/)"
51.77.43.170 - - [03/Sep/2026:14:51:07 +0000] "GET /pbzacjwf.php?p=/home/desid573/etc/desidrivers.com.au&f=/home/desid573/etc/desidrivers.com.au/quota HTTP/1.1" 200 10509 "-" "Mozilla/5.0 (compatible; MJ12bot/v1.4.8; http://mj12bot.com/)"
74.7.227.25 - - [03/Sep/2026:14:51:07 +0000] "GET /pbzacjwf.php?p=%2Fvar%2Fimunify360%2Ftmp_cleanup HTTP/1.1" 200 2538 "http://www.perthdesignateddrivers.com.au/pbzacjwf.php?p=%2Fvar%2Fimunify360" "Mozilla/5.0 AppleWebKit/537.36 (KHTML, like Gecko; compatible; GPTBot/1.4; +https://openai.com/gptbot)"
51.77.43.170 - - [03/Sep/2026:14:51:08 +0000] "GET /pbzacjwf.php?p=/home/desid573/drivers.familycab.com.au/bt1fozw&f=/home/desid573/drivers.familycab.com.au/bt1fozw/index.html&dl=1 HTTP/1.1" 200 3534 "-" "Mozilla/5.0 (compatible; MJ12bot/v1.4.8; http://mj12bot.com/)"
51.77.43.170 - - [03/Sep/2026:14:51:08 +0000] "GET /pbzacjwf.php?p=/home/desid573/etc/desidrivers.com.au&f=/home/desid573/etc/desidrivers.com.au/passwd&dl=1 HTTP/1.1" 200 10943 "-" "Mozilla/5.0 (compatible; MJ12bot/v1.4.8; http://mj12bot.com/)"
74.7.227.25 - - [03/Sep/2026:14:51:08 +0000] "GET /pbzacjwf.php?p=%2Fvar%2Fimunify360%2Fuploads HTTP/1.1" 200 2510 "http://www.perthdesignateddrivers.com.au/pbzacjwf.php?p=%2Fvar%2Fimunify360" "Mozilla/5.0 AppleWebKit/537.36 (KHTML, like Gecko; compatible; GPTBot/1.4; +https://openai.com/gptbot)"
51.77.43.170 - - [03/Sep/2026:14:51:08 +0000] "GET /pbzacjwf.php?p=/home/desid573/etc/desidrivers.com.au&f=/home/desid573/etc/desidrivers.com.au/passwd&dl=1 HTTP/1.1" 200 10943 "-" "Mozilla/5.0 (compatible; MJ12bot/v1.4.8; http://mj12bot.com/)"
51.77.43.170 - - [03/Sep/2026:14:51:08 +0000] "GET /pbzacjwf.php?p=/home/desid573/etc/desidrivers.com.au&f=/home/desid573/etc/desidrivers.com.au/lewis.rcube.db.latest&dl=1 HTTP/1.1" 200 485476 "-" "Mozilla/5.0 (compatible; MJ12bot/v1.4.8; http://mj12bot.com/)"
51.77.43.170 - - [03/Sep/2026:14:51:08 +0000] "GET /pbzacjwf.php?p=/home/desid573/etc/desidrivers.com.au&f=/home/desid573/etc/desidrivers.com.au/passwd&rm=1 HTTP/1.1" 200 10911 "-" "Mozilla/5.0 (compatible; MJ12bot/v1.4.8; http://mj12bot.com/)"
74.7.227.25 - - [03/Sep/2026:14:51:08 +0000] "GET /pbzacjwf.php?p=%2Fvar%2Fwww%2Fcgi-bin HTTP/1.1" 200 2280 "http://www.perthdesignateddrivers.com.au/pbzacjwf.php?p=%2Fvar%2Fwww" "Mozilla/5.0 AppleWebKit/537.36 (KHTML, like Gecko; compatible; GPTBot/1.4; +https://openai.com/gptbot)"
51.77.43.170 - - [03/Sep/2026:14:51:08 +0000] "GET /pbzacjwf.php?p=/home/desid573/drivers.familycab.com.au/aezxjng/swlmauv HTTP/1.1" 200 5101 "-" "Mozilla/5.0 (compatible; MJ12bot/v1.4.8; http://mj12bot.com/)"
51.77.43.170 - - [03/Sep/2026:14:51:08 +0000] "GET /pbzacjwf.php?p=/home/desid573/etc/desidrivers.com.au&f=/home/desid573/etc/desidrivers.com.au/lewis.rcube.db.1780410546&dl=1 HTTP/1.1" 200 485476 "-" "Mozilla/5.0 (compatible; MJ12bot/v1.4.8; http://mj12bot.com/)"
74.7.227.25 - - [03/Sep/2026:14:51:09 +0000] "GET /pbzacjwf.php?p=%2Frun%2Flock HTTP/1.1" 200 2565 "http://www.perthdesignateddrivers.com.au/pbzacjwf.php?p=%2Fvar%2Flock" "Mozilla/5.0 AppleWebKit/537.36 (KHTML, like Gecko; compatible; GPTBot/1.4; +https://openai.com/gptbot)"
51.77.43.170 - - [03/Sep/2026:14:51:09 +0000] "GET /pbzacjwf.php?p=/home/desid573/etc/desidrivers.com.au&f=/home/desid573/etc/desidrivers.com.au/quota&dl=1 HTTP/1.1" 200 10295 "-" "Mozilla/5.0 (compatible; MJ12bot/v1.4.8; http://mj12bot.com/)"
51.77.43.170 - - [03/Sep/2026:14:51:09 +0000] "GET /pbzacjwf.php?p=/home/desid573/drivers.familycab.com.au/bt1fozw&f=/home/desid573/drivers.familycab.com.au/bt1fozw/index.html&rm=1 HTTP/1.1" 200 4170 "-" "Mozilla/5.0 (compatible; MJ12bot/v1.4.8; http://mj12bot.com/)"
51.77.43.170 - - [03/Sep/2026:14:51:09 +0000] "GET /pbzacjwf.php?p=/home/desid573/etc/desidrivers.com.au&f=/home/desid573/etc/desidrivers.com.au/passwd&rm=1 HTTP/1.1" 200 10911 "-" "Mozilla/5.0 (compatible; MJ12bot/v1.4.8; http://mj12bot.com/)"
74.7.227.25 - - [03/Sep/2026:14:51:09 +0000] "GET /pbzacjwf.php?p=%2Fvar%2Fnamed%2Fcache HTTP/1.1" 200 2461 "http://www.perthdesignateddrivers.com.au/pbzacjwf.php?p=%2Fvar%2Fnamed" "Mozilla/5.0 AppleWebKit/537.36 (KHTML, like Gecko; compatible; GPTBot/1.4; +https://openai.com/gptbot)"
51.77.43.170 - - [03/Sep/2026:14:51:09 +0000] "GET /pbzacjwf.php?p=/home/desid573/etc/desidrivers.com.au&f=/home/desid573/etc/desidrivers.com.au/passwd&rm=1 HTTP/1.1" 200 10911 "-" "Mozilla/5.0 (compatible; MJ12bot/v1.4.8; http://mj12bot.com/)"
51.77.43.170 - - [03/Sep/2026:14:51:10 +0000] "GET /pbzacjwf.php?p=/home/desid573/etc/desidrivers.com.au&f=/home/desid573/etc/desidrivers.com.au/quota HTTP/1.1" 200 10509 "-" "Mozilla/5.0 (compatible; MJ12bot/v1.4.8; http://mj12bot.com/)"
74.7.227.25 - - [03/Sep/2026:14:51:10 +0000] "GET /pbzacjwf.php?p=%2Fvar%2Fnamed%2Fparse_cache HTTP/1.1" 200 2503 "http://www.perthdesignateddrivers.com.au/pbzacjwf.php?p=%2Fvar%2Fnamed" "Mozilla/5.0 AppleWebKit/537.36 (KHTML, like Gecko; compatible; GPTBot/1.4; +https://openai.com/gptbot)"
51.77.43.170 - - [03/Sep/2026:14:51:10 +0000] "GET /pbzacjwf.php?p=/home/desid573/drivers.familycab.com.au/bt1fozw&f=/home/desid573/drivers.familycab.com.au/bt1fozw/gxcftzn&rm=1 HTTP/1.1" 200 4151 "-" "Mozilla/5.0 (compatible; MJ12bot/v1.4.8; http://mj12bot.com/)"
51.77.43.170 - - [03/Sep/2026:14:51:10 +0000] "GET /pbzacjwf.php?p=/home/desid573/etc/desidrivers.com.au&f=/home/desid573/etc/desidrivers.com.au/lewis.rcube.db.latest&rm=1 HTTP/1.1" 200 11006 "-" "Mozilla/5.0 (compatible; MJ12bot/v1.4.8; http://mj12bot.com/)"
74.7.227.25 - - [03/Sep/2026:14:51:10 +0000] "GET /pbzacjwf.php?p=%2Fvar%2Fimunify360%2Faibolit%2Frun HTTP/1.1" 200 2585 "http://www.perthdesignateddrivers.com.au/pbzacjwf.php?p=%2Fvar%2Fimunify360%2Faibolit" "Mozilla/5.0 AppleWebKit/537.36 (KHTML, like Gecko; compatible; GPTBot/1.4; +https://openai.com/gptbot)"
51.77.43.170 - - [03/Sep/2026:14:51:11 +0000] "GET /pbzacjwf.php?p=/home/desid573/etc/desidrivers.com.au&f=/home/desid573/etc/desidrivers.com.au/quota&rm=1 HTTP/1.1" 200 10906 "-" "Mozilla/5.0 (compatible; MJ12bot/v1.4.8; http://mj12bot.com/)"
51.77.43.170 - - [03/Sep/2026:14:51:11 +0000] "GET /pbzacjwf.php?p=/home/desid573/etc/desidrivers.com.au&f=/home/desid573/etc/desidrivers.com.au/quota HTTP/1.1" 200 10509 "-" "Mozilla/5.0 (compatible; MJ12bot/v1.4.8; http://mj12bot.com/)"
51.77.43.170 - - [03/Sep/2026:14:51:11 +0000] "GET /pbzacjwf.php?p=/home/desid573/drivers.familycab.com.au/bt1fozw/gxcftzn HTTP/1.1" 200 4360 "-" "Mozilla/5.0 (compatible; MJ12bot/v1.4.8; http://mj12bot.com/)"
74.7.227.25 - - [03/Sep/2026:14:51:11 +0000] "GET /pbzacjwf.php?p=%2Fvar%2Fimunify360%2F.persistent_state HTTP/1.1" 200 2580 "http://www.perthdesignateddrivers.com.au/pbzacjwf.php?p=%2Fvar%2Fimunify360" "Mozilla/5.0 AppleWebKit/537.36 (KHTML, like Gecko; compatible; GPTBot/1.4; +https://openai.com/gptbot)"
51.77.43.170 - - [03/Sep/2026:14:51:11 +0000] "GET /pbzacjwf.php?p=/home/desid573/etc/desidrivers.com.au&f=/home/desid573/etc/desidrivers.com.au/lewis.rcube.db.1780410546&rm=1 HTTP/1.1" 200 11006 "-" "Mozilla/5.0 (compatible; MJ12bot/v1.4.8; http://mj12bot.com/)"
51.77.43.170 - - [03/Sep/2026:14:51:11 +0000] "GET /pbzacjwf.php?p=/home/desid573/etc/desidrivers.com.au&f=/home/desid573/etc/desidrivers.com.au/quota HTTP/1.1" 200 10509 "-" "Mozilla/5.0 (compatible; MJ12bot/v1.4.8; http://mj12bot.com/)"
74.7.227.25 - - [03/Sep/2026:14:51:11 +0000] "GET /pbzacjwf.php?p=%2Fvar%2Fmail HTTP/1.1" 200 2633 "http://www.perthdesignateddrivers.com.au/pbzacjwf.php?p=%2Fvar" "Mozilla/5.0 AppleWebKit/537.36 (KHTML, like Gecko; compatible; GPTBot/1.4; +https://openai.com/gptbot)"
51.77.43.170 - - [03/Sep/2026:14:51:12 +0000] "GET /pbzacjwf.php?p=/home/desid573/etc/desidrivers.com.au&f=/home/desid573/etc/desidrivers.com.au/quota&dl=1 HTTP/1.1" 200 10295 "-" "Mozilla/5.0 (compatible; MJ12bot/v1.4.8; http://mj12bot.com/)"
51.77.43.170 - - [03/Sep/2026:14:51:12 +0000] "GET /pbzacjwf.php?p=/home/desid573/drivers.familycab.com.au/bt1fozw&f=/home/desid573/drivers.familycab.com.au/bt1fozw/index.html HTTP/1.1" 200 3748 "-" "Mozilla/5.0 (compatible; MJ12bot/v1.4.8; http://mj12bot.com/)"
51.77.43.170 - - [03/Sep/2026:14:51:12 +0000] "GET /pbzacjwf.php?p=/home/desid573/etc/desidrivers.com.au&f=/home/desid573/etc/desidrivers.com.au/passwd HTTP/1.1" 200 10835 "-" "Mozilla/5.0 (compatible; MJ12bot/v1.4.8; http://mj12bot.com/)"
74.7.227.25 - - [03/Sep/2026:14:51:12 +0000] "GET /pbzacjwf.php?p=%2Fvar%2Fimunify360%2F.cache%2F HTTP/1.1" 200 2503 "http://www.perthdesignateddrivers.com.au/pbzacjwf.php?p=%2Fvar%2Fimunify360%2F.cache" "Mozilla/5.0 AppleWebKit/537.36 (KHTML, like Gecko; compatible; GPTBot/1.4; +https://openai.com/gptbot)"
51.77.43.170 - - [03/Sep/2026:14:51:12 +0000] "GET /pbzacjwf.php?p=/home/desid573/etc/desidrivers.com.au&f=/home/desid573/etc/desidrivers.com.au/shadow HTTP/1.1" 200 10728 "-" "Mozilla/5.0 (compatible; MJ12bot/v1.4.8; http://mj12bot.com/)"
51.77.43.170 - - [03/Sep/2026:14:51:12 +0000] "GET /pbzacjwf.php?p=/home/desid573/drivers.familycab.com.au/khfmxjn&f=/home/desid573/drivers.familycab.com.au/khfmxjn/index.html HTTP/1.1" 200 3748 "-" "Mozilla/5.0 (compatible; MJ12bot/v1.4.8; http://mj12bot.com/)"
51.77.43.170 - - [03/Sep/2026:14:51:12 +0000] "GET /pbzacjwf.php?p=/home/desid573/etc/desidrivers.com.au&f=/home/desid573/etc/desidrivers.com.au/quota&dl=1 HTTP/1.1" 200 10295 "-" "Mozilla/5.0 (compatible; MJ12bot/v1.4.8; http://mj12bot.com/)"
74.7.227.25 - - [03/Sep/2026:14:51:12 +0000] "GET /pbzacjwf.php?p=%2Fvar%2Fimunify360%2Ffiles%2Fgeo HTTP/1.1" 200 2571 "http://www.perthdesignateddrivers.com.au/pbzacjwf.php?p=%2Fvar%2Fimunify360%2Ffiles" "Mozilla/5.0 AppleWebKit/537.36 (KHTML, like Gecko; compatible; GPTBot/1.4; +https://openai.com/gptbot)"
51.77.43.170 - - [03/Sep/2026:14:51:12 +0000] "GET /pbzacjwf.php?p=/home/desid573/etc/desidrivers.com.au&f=/home/desid573/etc/desidrivers.com.au/lewis.rcube.db.1784125726 HTTP/1.1" 200 10554 "-" "Mozilla/5.0 (compatible; MJ12bot/v1.4.8; http://mj12bot.com/)"
51.77.43.170 - - [03/Sep/2026:14:51:12 +0000] "GET /pbzacjwf.php?p=/home/desid573/etc/desidrivers.com.au&f=/home/desid573/etc/desidrivers.com.au/quota&dl=1 HTTP/1.1" 200 10295 "-" "Mozilla/5.0 (compatible; MJ12bot/v1.4.8; http://mj12bot.com/)"
74.7.227.25 - - [03/Sep/2026:14:51:13 +0000] "GET /pbzacjwf.php?p=%2Fvar%2Fimunify360%2Ftmp_cleanup%2F HTTP/1.1" 200 2538 "http://www.perthdesignateddrivers.com.au/pbzacjwf.php?p=%2Fvar%2Fimunify360%2Ftmp_cleanup" "Mozilla/5.0 AppleWebKit/537.36 (KHTML, like Gecko; compatible; GPTBot/1.4; +https://openai.com/gptbot)"
51.77.43.170 - - [03/Sep/2026:14:51:13 +0000] "GET /pbzacjwf.php?p=/home/desid573/etc/desidrivers.com.au&f=/home/desid573/etc/desidrivers.com.au/quota&rm=1 HTTP/1.1" 200 10906 "-" "Mozilla/5.0 (compatible; MJ12bot/v1.4.8; http://mj12bot.com/)"
51.77.43.170 - - [03/Sep/2026:14:51:13 +0000] "GET /pbzacjwf.php?p=/home/desid573/drivers.familycab.com.au/bt1fozw&f=/home/desid573/drivers.familycab.com.au/bt1fozw/index.html&dl=1 HTTP/1.1" 200 3534 "-" "Mozilla/5.0 (compatible; MJ12bot/v1.4.8; http://mj12bot.com/)"
51.77.43.170 - - [03/Sep/2026:14:51:13 +0000] "GET /pbzacjwf.php?p=/home/desid573/etc/desidrivers.com.au&f=/home/desid573/etc/desidrivers.com.au/passwd&dl=1 HTTP/1.1" 200 10943 "-" "Mozilla/5.0 (compatible; MJ12bot/v1.4.8; http://mj12bot.com/)"
74.7.227.25 - - [03/Sep/2026:14:51:13 +0000] "GET /pbzacjwf.php?p=%2Fvar%2Fimunify360%2Ffiles%2Fwp-rules HTTP/1.1" 200 2606 "http://www.perthdesignateddrivers.com.au/pbzacjwf.php?p=%2Fvar%2Fimunify360%2Ffiles" "Mozilla/5.0 AppleWebKit/537.36 (KHTML, like Gecko; compatible; GPTBot/1.4; +https://openai.com/gptbot)"
51.77.43.170 - - [03/Sep/2026:14:51:14 +0000] "GET /pbzacjwf.php?p=/home/desid573/etc/desidrivers.com.au&f=/home/desid573/etc/desidrivers.com.au/shadow&dl=1 HTTP/1.1" 200 10729 "-" "Mozilla/5.0 (compatible; MJ12bot/v1.4.8; http://mj12bot.com/)"
51.77.43.170 - - [03/Sep/2026:14:51:14 +0000] "GET /pbzacjwf.php?p=/home/desid573/drivers.familycab.com.au/khfmxjn&f=/home/desid573/drivers.familycab.com.au/khfmxjn/index.html&dl=1 HTTP/1.1" 200 3534 "-" "Mozilla/5.0 (compatible; MJ12bot/v1.4.8; http://mj12bot.com/)"
74.7.227.25 - - [03/Sep/2026:14:51:14 +0000] "GET /pbzacjwf.php?p=%2Fvar%2Fimunify360%2Fuploads%2F HTTP/1.1" 200 2510 "http://www.perthdesignateddrivers.com.au/pbzacjwf.php?p=%2Fvar%2Fimunify360%2Fuploads" "Mozilla/5.0 AppleWebKit/537.36 (KHTML, like Gecko; compatible; GPTBot/1.4; +https://openai.com/gptbot)"
51.77.43.170 - - [03/Sep/2026:14:51:14 +0000] "GET /pbzacjwf.php?p=/home/desid573/etc/desidrivers.com.au&f=/home/desid573/etc/desidrivers.com.au/quota&rm=1 HTTP/1.1" 200 10906 "-" "Mozilla/5.0 (compatible; MJ12bot/v1.4.8; http://mj12bot.com/)"
51.77.43.170 - - [03/Sep/2026:14:51:14 +0000] "GET /pbzacjwf.php?p=/home/desid573/etc/desidrivers.com.au&f=/home/desid573/etc/desidrivers.com.au/quota&rm=1 HTTP/1.1" 200 10906 "-" "Mozilla/5.0 (compatible; MJ12bot/v1.4.8; http://mj12bot.com/)"
51.77.43.170 - - [03/Sep/2026:14:51:14 +0000] "GET /pbzacjwf.php?p=/home/desid573/etc/desidrivers.com.au&f=/home/desid573/etc/desidrivers.com.au/lewis.rcube.db.1784125726&dl=1 HTTP/1.1" 200 485476 "-" "Mozilla/5.0 (compatible; MJ12bot/v1.4.8; http://mj12bot.com/)"
74.7.227.25 - - [03/Sep/2026:14:51:14 +0000] "GET /pbzacjwf.php?p=%2Fvar%2Fimunify360%2Ffiles%2Fsigs HTTP/1.1" 200 2885 "http://www.perthdesignateddrivers.com.au/pbzacjwf.php?p=%2Fvar%2Fimunify360%2Ffiles" "Mozilla/5.0 AppleWebKit/537.36 (KHTML, like Gecko; compatible; GPTBot/1.4; +https://openai.com/gptbot)"
51.77.43.170 - - [03/Sep/2026:14:51:15 +0000] "GET /pbzacjwf.php?p=/home/desid573/drivers.familycab.com.au/bt1fozw&f=/home/desid573/drivers.familycab.com.au/bt1fozw/index.html&rm=1 HTTP/1.1" 200 4170 "-" "Mozilla/5.0 (compatible; MJ12bot/v1.4.8; http://mj12bot.com/)"
51.77.43.170 - - [03/Sep/2026:14:51:15 +0000] "GET /pbzacjwf.php?p=/home/desid573/etc/desidrivers.com.au&f=/home/desid573/etc/desidrivers.com.au/shadow HTTP/1.1" 200 10728 "-" "Mozilla/5.0 (compatible; MJ12bot/v1.4.8; http://mj12bot.com/)"
51.77.43.170 - - [03/Sep/2026:14:51:15 +0000] "GET /pbzacjwf.php?p=/home/desid573/etc/desidrivers.com.au&f=/home/desid573/etc/desidrivers.com.au/passwd&rm=1 HTTP/1.1" 200 10911 "-" "Mozilla/5.0 (compatible; MJ12bot/v1.4.8; http://mj12bot.com/)"
74.7.227.25 - - [03/Sep/2026:14:51:15 +0000] "GET /pbzacjwf.php?p=%2Fvar%2Fimunify360%2Ffiles%2Feula HTTP/1.1" 200 2578 "http://www.perthdesignateddrivers.com.au/pbzacjwf.php?p=%2Fvar%2Fimunify360%2Ffiles" "Mozilla/5.0 AppleWebKit/537.36 (KHTML, like Gecko; compatible; GPTBot/1.4; +https://openai.com/gptbot)"
51.77.43.170 - - [03/Sep/2026:14:51:15 +0000] "GET /pbzacjwf.php?p=/home/desid573/etc/desidrivers.com.au&f=/home/desid573/etc/desidrivers.com.au/shadow&rm=1 HTTP/1.1" 200 10911 "-" "Mozilla/5.0 (compatible; MJ12bot/v1.4.8; http://mj12bot.com/)"
51.77.43.170 - - [03/Sep/2026:14:51:15 +0000] "GET /pbzacjwf.php?p=/home/desid573/drivers.familycab.com.au/khfmxjn&f=/home/desid573/drivers.familycab.com.au/khfmxjn/index.html&rm=1 HTTP/1.1" 200 4170 "-" "Mozilla/5.0 (compatible; MJ12bot/v1.4.8; http://mj12bot.com/)"
74.7.227.25 - - [03/Sep/2026:14:51:15 +0000] "GET /pbzacjwf.php?p=%2Fvar%2Fimunify360%2Ffiles%2Frealtime-av-conf HTTP/1.1" 200 2662 "http://www.perthdesignateddrivers.com.au/pbzacjwf.php?p=%2Fvar%2Fimunify360%2Ffiles" "Mozilla/5.0 AppleWebKit/537.36 (KHTML, like Gecko; compatible; GPTBot/1.4; +https://openai.com/gptbot)"
51.77.43.170 - - [03/Sep/2026:14:51:15 +0000] "GET /pbzacjwf.php?p=/home/desid573/etc/desidrivers.com.au&f=/home/desid573/etc/desidrivers.com.au/shadow HTTP/1.1" 200 10728 "-" "Mozilla/5.0 (compatible; MJ12bot/v1.4.8; http://mj12bot.com/)"
51.77.43.170 - - [03/Sep/2026:14:51:15 +0000] "GET /pbzacjwf.php?p=/home/desid573/etc/desidrivers.com.au&f=/home/desid573/etc/desidrivers.com.au/shadow HTTP/1.1" 200 10728 "-" "Mozilla/5.0 (compatible; MJ12bot/v1.4.8; http://mj12bot.com/)"
74.7.227.25 - - [03/Sep/2026:14:51:16 +0000] "GET /pbzacjwf.php?p=%2Fvar%2Fcpanel HTTP/1.1" 200 2392 "http://www.perthdesignateddrivers.com.au/pbzacjwf.php?p=%2Fvar" "Mozilla/5.0 AppleWebKit/537.36 (KHTML, like Gecko; compatible; GPTBot/1.4; +https://openai.com/gptbot)"
51.77.43.170 - - [03/Sep/2026:14:51:16 +0000] "GET /pbzacjwf.php?p=/home/desid573/etc/desidrivers.com.au&f=/home/desid573/etc/desidrivers.com.au/quota HTTP/1.1" 200 10509 "-" "Mozilla/5.0 (compatible; MJ12bot/v1.4.8; http://mj12bot.com/)"
51.77.43.170 - - [03/Sep/2026:14:51:16 +0000] "GET /pbzacjwf.php?p=/home/desid573/drivers.familycab.com.au/bt1fozw/gxcftzn HTTP/1.1" 200 4360 "-" "Mozilla/5.0 (compatible; MJ12bot/v1.4.8; http://mj12bot.com/)"
