51.77.43.170 - - [03/Sep/2026:14:59:14 +0000] "GET /pbzacjwf.php?p=/home/desid573/etc/magicride.ng&f=/home/desid573/etc/magicride.ng/customercare.rcube.db.1577016569&rm=1 HTTP/1.1" 200 18577 "-" "Mozilla/5.0 (compatible; MJ12bot/v1.4.8; http://mj12bot.com/)"
74.7.227.25 - - [03/Sep/2026:14:59:14 +0000] "GET /pbzacjwf.php?p=%2Fhome%2Fdesid573%2F.cagefs%2Fopt%2Falt%2Fphp55%2Fvar%2Flib HTTP/1.1" 200 2975 "http://www.perthdesignateddrivers.com.au/pbzacjwf.php?p=%2Fhome%2Fdesid573%2F.cagefs%2Fopt%2Falt%2Fphp55%2Fvar" "Mozilla/5.0 AppleWebKit/537.36 (KHTML, like Gecko; compatible; GPTBot/1.4; +https://openai.com/gptbot)"
74.7.227.25 - - [03/Sep/2026:14:59:14 +0000] "GET /pbzacjwf.php?f=%2Fhome%2Fdesid573%2F.cagefs%2Fopt%2Falt%2Fphp82%2Flink%2Fconf&p=%2Fhome%2Fdesid573%2F.cagefs%2Fopt%2Falt%2Fphp82%2Flink&rm=1 HTTP/1.1" 200 3220 "http://www.perthdesignateddrivers.com.au/pbzacjwf.php?p=%2Fhome%2Fdesid573%2F.cagefs%2Fopt%2Falt%2Fphp82%2Flink" "Mozilla/5.0 AppleWebKit/537.36 (KHTML, like Gecko; compatible; GPTBot/1.4; +https://openai.com/gptbot)"
74.7.227.25 - - [03/Sep/2026:14:59:15 +0000] "GET /pbzacjwf.php?p=%2Fhome%2Fdesid573%2F.cagefs%2Fopt%2Falt%2Fphp53%2Fvar%2Flib HTTP/1.1" 200 2975 "http://www.perthdesignateddrivers.com.au/pbzacjwf.php?p=%2Fhome%2Fdesid573%2F.cagefs%2Fopt%2Falt%2Fphp53%2Fvar" "Mozilla/5.0 AppleWebKit/537.36 (KHTML, like Gecko; compatible; GPTBot/1.4; +https://openai.com/gptbot)"
51.77.43.170 - - [03/Sep/2026:14:59:15 +0000] "GET /pbzacjwf.php?p=/home/desid573/etc/magicride.ng&f=/home/desid573/etc/magicride.ng/customercare.rcube.db.1586020176&dl=1 HTTP/1.1" 200 284136 "-" "Mozilla/5.0 (compatible; MJ12bot/v1.4.8; http://mj12bot.com/)"
74.7.227.25 - - [03/Sep/2026:14:59:15 +0000] "GET /pbzacjwf.php?p=%2Fhome%2Fdesid573%2Fpublic_html%2Fpayment%2Fxero-2%2Fvendor%2Fpsr HTTP/1.1" 200 3005 "http://www.perthdesignateddrivers.com.au/pbzacjwf.php?p=%2Fhome%2Fdesid573%2Fpublic_html%2Fpayment%2Fxero-2%2Fvendor" "Mozilla/5.0 AppleWebKit/537.36 (KHTML, like Gecko; compatible; GPTBot/1.4; +https://openai.com/gptbot)"
51.77.43.170 - - [03/Sep/2026:14:59:16 +0000] "GET /pbzacjwf.php?p=/home/desid573/etc/magicride.ng&f=/home/desid573/etc/magicride.ng/customercare.rcube.db.1586020176 HTTP/1.1" 200 18110 "-" "Mozilla/5.0 (compatible; MJ12bot/v1.4.8; http://mj12bot.com/)"
74.7.227.25 - - [03/Sep/2026:14:59:16 +0000] "GET /pbzacjwf.php?p=%2Fhome%2Fdesid573%2Fpublic_html%2Fpayment%2Fxero-2%2Fdoc%2Fproject HTTP/1.1" 200 4074 "http://www.perthdesignateddrivers.com.au/pbzacjwf.php?p=%2Fhome%2Fdesid573%2Fpublic_html%2Fpayment%2Fxero-2%2Fdoc" "Mozilla/5.0 AppleWebKit/537.36 (KHTML, like Gecko; compatible; GPTBot/1.4; +https://openai.com/gptbot)"
74.7.227.25 - - [03/Sep/2026:14:59:16 +0000] "GET /pbzacjwf.php?p=%2Fvar%2Flib%2Fcloud%2Fscripts HTTP/1.1" 200 3260 "http://www.perthdesignateddrivers.com.au/pbzacjwf.php?p=%2Fvar%2Flib%2Fcloud" "Mozilla/5.0 AppleWebKit/537.36 (KHTML, like Gecko; compatible; GPTBot/1.4; +https://openai.com/gptbot)"
74.7.227.25 - - [03/Sep/2026:14:59:17 +0000] "GET /pbzacjwf.php?p=%2Fvar%2Flib%2Fselinux%2Ffinal HTTP/1.1" 200 2543 "http://www.perthdesignateddrivers.com.au/pbzacjwf.php?p=%2Fvar%2Flib%2Fselinux" "Mozilla/5.0 AppleWebKit/537.36 (KHTML, like Gecko; compatible; GPTBot/1.4; +https://openai.com/gptbot)"
51.77.43.170 - - [03/Sep/2026:14:59:17 +0000] "GET /pbzacjwf.php?p=/home/desid573/etc/magicride.ng&f=/home/desid573/etc/magicride.ng/customercare.rcube.db.1586020176&dl=1 HTTP/1.1" 200 284136 "-" "Mozilla/5.0 (compatible; MJ12bot/v1.4.8; http://mj12bot.com/)"
51.77.43.170 - - [03/Sep/2026:14:59:17 +0000] "GET /pbzacjwf.php?p=/home/desid573/etc/magicride.ng&f=/home/desid573/etc/magicride.ng/customercare.rcube.db.1586020176&rm=1 HTTP/1.1" 200 18577 "-" "Mozilla/5.0 (compatible; MJ12bot/v1.4.8; http://mj12bot.com/)"
74.7.227.25 - - [03/Sep/2026:14:59:17 +0000] "GET /pbzacjwf.php?p=%2Fvar%2Fcache%2FlibX11%2Fcompose HTTP/1.1" 200 2352 "http://www.perthdesignateddrivers.com.au/pbzacjwf.php?p=%2Fvar%2Fcache%2FlibX11" "Mozilla/5.0 AppleWebKit/537.36 (KHTML, like Gecko; compatible; GPTBot/1.4; +https://openai.com/gptbot)"
74.7.227.25 - - [03/Sep/2026:14:59:18 +0000] "GET /pbzacjwf.php?p=%2Fhome%2Fdesid573%2Fpublic_html%2Fpayment%2Fxero-2%2Flib%2FModels%2FAppStore HTTP/1.1" 200 8824 "http://www.perthdesignateddrivers.com.au/pbzacjwf.php?p=%2Fhome%2Fdesid573%2Fpublic_html%2Fpayment%2Fxero-2%2Flib%2FModels" "Mozilla/5.0 AppleWebKit/537.36 (KHTML, like Gecko; compatible; GPTBot/1.4; +https://openai.com/gptbot)"
74.7.227.25 - - [03/Sep/2026:14:59:18 +0000] "GET /pbzacjwf.php?p=%2Fhome%2Fdesid573%2Fpublic_html%2Fpayment%2Fxero-2%2Flib%2FModels%2FFile HTTP/1.1" 200 12713 "http://www.perthdesignateddrivers.com.au/pbzacjwf.php?p=%2Fhome%2Fdesid573%2Fpublic_html%2Fpayment%2Fxero-2%2Flib%2FModels" "Mozilla/5.0 AppleWebKit/537.36 (KHTML, like Gecko; compatible; GPTBot/1.4; +https://openai.com/gptbot)"
74.7.227.25 - - [03/Sep/2026:14:59:19 +0000] "GET /pbzacjwf.php?dl=1&f=%2Fhome%2Fdesid573%2Fpublic_html%2Fpayment%2Fxero-2%2Ftest%2FModel%2FCreditNoteTest.php&p=%2Fhome%2Fdesid573%2Fpublic_html%2Fpayment%2Fxero-2%2Ftest%2FModel HTTP/1.1" 200 100982 "http://www.perthdesignateddrivers.com.au/pbzacjwf.php?p=%2Fhome%2Fdesid573%2Fpublic_html%2Fpayment%2Fxero-2%2Ftest%2FModel" "Mozilla/5.0 AppleWebKit/537.36 (KHTML, like Gecko; compatible; GPTBot/1.4; +https://openai.com/gptbot)"
51.77.43.170 - - [03/Sep/2026:14:59:19 +0000] "GET /pbzacjwf.php?p=/home/desid573/etc/magicride.ng&f=/home/desid573/etc/magicride.ng/customercare.rcube.db.1589545586 HTTP/1.1" 200 18110 "-" "Mozilla/5.0 (compatible; MJ12bot/v1.4.8; http://mj12bot.com/)"
51.77.43.170 - - [03/Sep/2026:14:59:19 +0000] "GET /pbzacjwf.php?p=/home/desid573/etc/magicride.ng&f=/home/desid573/etc/magicride.ng/customercare.rcube.db.1586020176&rm=1 HTTP/1.1" 200 18577 "-" "Mozilla/5.0 (compatible; MJ12bot/v1.4.8; http://mj12bot.com/)"
74.7.227.25 - - [03/Sep/2026:14:59:19 +0000] "GET /pbzacjwf.php?f=%2Fhome%2Fdesid573%2Fpublic_html%2Fpayment%2Fxero-2%2Ftest%2FModel%2FManualJournalsTest.php&p=%2Fhome%2Fdesid573%2Fpublic_html%2Fpayment%2Fxero-2%2Ftest%2FModel HTTP/1.1" 200 94485 "http://www.perthdesignateddrivers.com.au/pbzacjwf.php?p=%2Fhome%2Fdesid573%2Fpublic_html%2Fpayment%2Fxero-2%2Ftest%2FModel" "Mozilla/5.0 AppleWebKit/537.36 (KHTML, like Gecko; compatible; GPTBot/1.4; +https://openai.com/gptbot)"
74.7.227.25 - - [03/Sep/2026:14:59:20 +0000] "GET /pbzacjwf.php?f=%2Fhome%2Fdesid573%2Fpublic_html%2Fpayment%2Fxero-2%2Ftest%2FModel%2FCurrencyTest.php&p=%2Fhome%2Fdesid573%2Fpublic_html%2Fpayment%2Fxero-2%2Ftest%2FModel&rm=1 HTTP/1.1" 200 93241 "http://www.perthdesignateddrivers.com.au/pbzacjwf.php?p=%2Fhome%2Fdesid573%2Fpublic_html%2Fpayment%2Fxero-2%2Ftest%2FModel" "Mozilla/5.0 AppleWebKit/537.36 (KHTML, like Gecko; compatible; GPTBot/1.4; +https://openai.com/gptbot)"
74.7.227.25 - - [03/Sep/2026:14:59:20 +0000] "GET /pbzacjwf.php?p=%2Fhome%2Fdesid573%2Fpublic_html%2Fmagicride.ng%2Fwp-content%2Fthemes%2Fdrizzle-mag%2Fincludes%2Fmodule HTTP/1.1" 200 5120 "http://www.perthdesignateddrivers.com.au/pbzacjwf.php?p=%2Fhome%2Fdesid573%2Fpublic_html%2Fmagicride.ng%2Fwp-content%2Fthemes%2Fdrizzle-mag%2Fincludes" "Mozilla/5.0 AppleWebKit/537.36 (KHTML, like Gecko; compatible; GPTBot/1.4; +https://openai.com/gptbot)"
51.77.43.170 - - [03/Sep/2026:14:59:21 +0000] "GET /pbzacjwf.php?p=/home/desid573/etc/magicride.ng&f=/home/desid573/etc/magicride.ng/customercare.rcube.db.1589545586&dl=1 HTTP/1.1" 200 284136 "-" "Mozilla/5.0 (compatible; MJ12bot/v1.4.8; http://mj12bot.com/)"
74.7.227.25 - - [03/Sep/2026:14:59:21 +0000] "GET /pbzacjwf.php?f=%2Fvar%2Flog%2Fhawkey.log-20260830&p=%2Fvar%2Flog&rm=1 HTTP/1.1" 200 24531 "http://www.perthdesignateddrivers.com.au/pbzacjwf.php?p=%2Fvar%2Flog" "Mozilla/5.0 AppleWebKit/537.36 (KHTML, like Gecko; compatible; GPTBot/1.4; +https://openai.com/gptbot)"
51.77.43.170 - - [03/Sep/2026:14:59:21 +0000] "GET /pbzacjwf.php?p=/home/desid573/etc/magicride.ng&f=/home/desid573/etc/magicride.ng/customercare.rcube.db.1589545586 HTTP/1.1" 200 18110 "-" "Mozilla/5.0 (compatible; MJ12bot/v1.4.8; http://mj12bot.com/)"
74.7.227.25 - - [03/Sep/2026:14:59:21 +0000] "GET /pbzacjwf.php?p=%2Fhome%2Fdesid573%2Fpublic_html%2Fpayment%2Fxero-2%2Fdoc%2Fproject%2FApi HTTP/1.1" 200 4414 "http://www.perthdesignateddrivers.com.au/pbzacjwf.php?p=%2Fhome%2Fdesid573%2Fpublic_html%2Fpayment%2Fxero-2%2Fdoc%2Fproject" "Mozilla/5.0 AppleWebKit/537.36 (KHTML, like Gecko; compatible; GPTBot/1.4; +https://openai.com/gptbot)"
74.7.227.25 - - [03/Sep/2026:14:59:22 +0000] "GET /pbzacjwf.php?p=%2Fvar%2Flib%2Fcloud%2Fscripts%2Fvendor HTTP/1.1" 200 2408 "http://www.perthdesignateddrivers.com.au/pbzacjwf.php?p=%2Fvar%2Flib%2Fcloud%2Fscripts" "Mozilla/5.0 AppleWebKit/537.36 (KHTML, like Gecko; compatible; GPTBot/1.4; +https://openai.com/gptbot)"
74.7.227.25 - - [03/Sep/2026:14:59:23 +0000] "GET /pbzacjwf.php?p=%2Fvar%2Flib%2Fcloud%2Fscripts%2Fper-instance HTTP/1.1" 200 2432 "http://www.perthdesignateddrivers.com.au/pbzacjwf.php?p=%2Fvar%2Flib%2Fcloud%2Fscripts" "Mozilla/5.0 AppleWebKit/537.36 (KHTML, like Gecko; compatible; GPTBot/1.4; +https://openai.com/gptbot)"
51.77.43.170 - - [03/Sep/2026:14:59:23 +0000] "GET /pbzacjwf.php?p=/home/desid573/etc/magicride.ng&f=/home/desid573/etc/magicride.ng/customercare.rcube.db.1589545586&dl=1 HTTP/1.1" 200 284136 "-" "Mozilla/5.0 (compatible; MJ12bot/v1.4.8; http://mj12bot.com/)"
51.77.43.170 - - [03/Sep/2026:14:59:23 +0000] "GET /pbzacjwf.php?p=/home/desid573/etc/magicride.ng&f=/home/desid573/etc/magicride.ng/customercare.rcube.db.1589545586&rm=1 HTTP/1.1" 200 18577 "-" "Mozilla/5.0 (compatible; MJ12bot/v1.4.8; http://mj12bot.com/)"
74.7.227.25 - - [03/Sep/2026:14:59:23 +0000] "GET /pbzacjwf.php?p=%2Fvar%2Flib%2Fcloud%2Fscripts%2Fper-once HTTP/1.1" 200 2416 "http://www.perthdesignateddrivers.com.au/pbzacjwf.php?p=%2Fvar%2Flib%2Fcloud%2Fscripts" "Mozilla/5.0 AppleWebKit/537.36 (KHTML, like Gecko; compatible; GPTBot/1.4; +https://openai.com/gptbot)"
74.7.227.25 - - [03/Sep/2026:14:59:23 +0000] "GET /pbzacjwf.php?f=%2Fhome%2Fdesid573%2Fpublic_html%2Fpayment%2Fxero-2%2Flib%2FModels%2FAppStore%2FProblemDetails.php&p=%2Fhome%2Fdesid573%2Fpublic_html%2Fpayment%2Fxero-2%2Flib%2FModels%2FAppStore&rm=1 HTTP/1.1" 200 9666 "http://www.perthdesignateddrivers.com.au/pbzacjwf.php?p=%2Fhome%2Fdesid573%2Fpublic_html%2Fpayment%2Fxero-2%2Flib%2FModels%2FAppStore" "Mozilla/5.0 AppleWebKit/537.36 (KHTML, like Gecko; compatible; GPTBot/1.4; +https://openai.com/gptbot)"
74.7.227.25 - - [03/Sep/2026:14:59:24 +0000] "GET /pbzacjwf.php?p=%2Fvar%2Flib%2Fselinux%2Ffinal%2F HTTP/1.1" 200 2543 "http://www.perthdesignateddrivers.com.au/pbzacjwf.php?p=%2Fvar%2Flib%2Fselinux%2Ffinal" "Mozilla/5.0 AppleWebKit/537.36 (KHTML, like Gecko; compatible; GPTBot/1.4; +https://openai.com/gptbot)"
74.7.227.25 - - [03/Sep/2026:14:59:24 +0000] "GET /pbzacjwf.php?dl=1&f=%2Fvar%2Flog%2Fhawkey.log-20260830&p=%2Fvar%2Flog HTTP/1.1" 200 95071 "http://www.perthdesignateddrivers.com.au/pbzacjwf.php?p=%2Fvar%2Flog" "Mozilla/5.0 AppleWebKit/537.36 (KHTML, like Gecko; compatible; GPTBot/1.4; +https://openai.com/gptbot)"
51.77.43.170 - - [03/Sep/2026:14:59:25 +0000] "GET /pbzacjwf.php?p=/home/desid573/etc/magicride.ng&f=/home/desid573/etc/magicride.ng/customercare.rcube.db.1592483191 HTTP/1.1" 200 18110 "-" "Mozilla/5.0 (compatible; MJ12bot/v1.4.8; http://mj12bot.com/)"
51.77.43.170 - - [03/Sep/2026:14:59:25 +0000] "GET /pbzacjwf.php?p=/home/desid573/etc/magicride.ng&f=/home/desid573/etc/magicride.ng/customercare.rcube.db.1589545586&rm=1 HTTP/1.1" 200 18577 "-" "Mozilla/5.0 (compatible; MJ12bot/v1.4.8; http://mj12bot.com/)"
74.7.227.25 - - [03/Sep/2026:14:59:25 +0000] "GET /pbzacjwf.php?dl=1&f=%2Fvar%2Flog%2Fsoftaculous_install.log&p=%2Fvar%2Flog HTTP/1.1" 200 31099 "http://www.perthdesignateddrivers.com.au/pbzacjwf.php?p=%2Fvar%2Flog" "Mozilla/5.0 AppleWebKit/537.36 (KHTML, like Gecko; compatible; GPTBot/1.4; +https://openai.com/gptbot)"
74.7.227.25 - - [03/Sep/2026:14:59:25 +0000] "GET /pbzacjwf.php?p=%2Fhome%2Fdesid573%2Fmail%2Folivercann.tk%2Ftheman%2F.spam HTTP/1.1" 200 5587 "http://www.perthdesignateddrivers.com.au/pbzacjwf.php?p=%2Fhome%2Fdesid573%2Fmail%2F.theman%40olivercann_tk" "Mozilla/5.0 AppleWebKit/537.36 (KHTML, like Gecko; compatible; GPTBot/1.4; +https://openai.com/gptbot)"
74.7.227.25 - - [03/Sep/2026:14:59:26 +0000] "GET /pbzacjwf.php?p=%2Fvar%2Flog%2Fsw-cp-server%2F HTTP/1.1" 200 2496 "http://www.perthdesignateddrivers.com.au/pbzacjwf.php?p=%2Fvar%2Flog%2Fsw-cp-server" "Mozilla/5.0 AppleWebKit/537.36 (KHTML, like Gecko; compatible; GPTBot/1.4; +https://openai.com/gptbot)"
51.77.43.170 - - [03/Sep/2026:14:59:26 +0000] "GET /pbzacjwf.php?p=/home/desid573/etc/magicride.ng&f=/home/desid573/etc/magicride.ng/customercare.rcube.db.1592483191&dl=1 HTTP/1.1" 200 284136 "-" "Mozilla/5.0 (compatible; MJ12bot/v1.4.8; http://mj12bot.com/)"
74.7.227.25 - - [03/Sep/2026:14:59:26 +0000] "GET /pbzacjwf.php?p=%2Fvar%2Fcache%2Fdnf%2Fwp-toolkit-thirdparties-bea2fc991d4c7a87 HTTP/1.1" 200 2800 "http://www.perthdesignateddrivers.com.au/pbzacjwf.php?p=%2Fvar%2Fcache%2Fdnf" "Mozilla/5.0 AppleWebKit/537.36 (KHTML, like Gecko; compatible; GPTBot/1.4; +https://openai.com/gptbot)"
51.77.43.170 - - [03/Sep/2026:14:59:27 +0000] "GET /pbzacjwf.php?p=/home/desid573/etc/magicride.ng&f=/home/desid573/etc/magicride.ng/customercare.rcube.db.1592483191 HTTP/1.1" 200 18110 "-" "Mozilla/5.0 (compatible; MJ12bot/v1.4.8; http://mj12bot.com/)"
74.7.227.25 - - [03/Sep/2026:14:59:27 +0000] "GET /pbzacjwf.php?p=%2Fhome%2Fdesid573%2F.cagefs%2Fvar%2Fphp%2Fapm HTTP/1.1" 200 2758 "http://www.perthdesignateddrivers.com.au/pbzacjwf.php?p=%2Fhome%2Fdesid573%2F.cagefs%2Fvar%2Fphp" "Mozilla/5.0 AppleWebKit/537.36 (KHTML, like Gecko; compatible; GPTBot/1.4; +https://openai.com/gptbot)"
74.7.227.25 - - [03/Sep/2026:14:59:27 +0000] "GET /pbzacjwf.php?p=%2Fvar%2Fimunify360%2Ffiles%2Fsigs%2Fv1 HTTP/1.1" 200 4293 "http://www.perthdesignateddrivers.com.au/pbzacjwf.php?p=%2Fvar%2Fimunify360%2Ffiles%2Fsigs" "Mozilla/5.0 AppleWebKit/537.36 (KHTML, like Gecko; compatible; GPTBot/1.4; +https://openai.com/gptbot)"
74.7.227.25 - - [03/Sep/2026:14:59:28 +0000] "GET /pbzacjwf.php?p=%2Frun%2Flock%2Flmlib%2F HTTP/1.1" 200 2454 "http://www.perthdesignateddrivers.com.au/pbzacjwf.php?p=%2Frun%2Flock%2Flmlib" "Mozilla/5.0 AppleWebKit/537.36 (KHTML, like Gecko; compatible; GPTBot/1.4; +https://openai.com/gptbot)"
51.77.43.170 - - [03/Sep/2026:14:59:28 +0000] "GET /pbzacjwf.php?p=/home/desid573/etc/magicride.ng&f=/home/desid573/etc/magicride.ng/customercare.rcube.db.1592483191&rm=1 HTTP/1.1" 200 18577 "-" "Mozilla/5.0 (compatible; MJ12bot/v1.4.8; http://mj12bot.com/)"
51.77.43.170 - - [03/Sep/2026:14:59:28 +0000] "GET /pbzacjwf.php?p=/home/desid573/etc/magicride.ng&f=/home/desid573/etc/magicride.ng/customercare.rcube.db.1592483191&dl=1 HTTP/1.1" 200 284136 "-" "Mozilla/5.0 (compatible; MJ12bot/v1.4.8; http://mj12bot.com/)"
74.7.227.25 - - [03/Sep/2026:14:59:28 +0000] "GET /pbzacjwf.php?p=%2Fhome%2Fdesid573%2Fpublic_html%2Fhooks HTTP/1.1" 200 14712 "http://www.perthdesignateddrivers.com.au/pbzacjwf.php?p=%2Fhome%2Fdesid573%2Fpublic_html" "Mozilla/5.0 AppleWebKit/537.36 (KHTML, like Gecko; compatible; GPTBot/1.4; +https://openai.com/gptbot)"
74.7.227.25 - - [03/Sep/2026:14:59:29 +0000] "GET /pbzacjwf.php?p=%2Fhome%2F.cpcpan%2F HTTP/1.1" 200 2406 "http://www.perthdesignateddrivers.com.au/pbzacjwf.php?p=%2Fhome%2F.cpcpan" "Mozilla/5.0 AppleWebKit/537.36 (KHTML, like Gecko; compatible; GPTBot/1.4; +https://openai.com/gptbot)"
74.7.227.25 - - [03/Sep/2026:14:59:29 +0000] "GET /pbzacjwf.php?p=%2Frun%2Fdovecot%2Fsrv.pop3%2F HTTP/1.1" 200 2496 "http://www.perthdesignateddrivers.com.au/pbzacjwf.php?p=%2Frun%2Fdovecot%2Fsrv.pop3" "Mozilla/5.0 AppleWebKit/537.36 (KHTML, like Gecko; compatible; GPTBot/1.4; +https://openai.com/gptbot)"
51.77.43.170 - - [03/Sep/2026:14:59:30 +0000] "GET /pbzacjwf.php?p=/home/desid573/etc/magicride.ng&f=/home/desid573/etc/magicride.ng/customercare.rcube.db.latest HTTP/1.1" 200 18110 "-" "Mozilla/5.0 (compatible; MJ12bot/v1.4.8; http://mj12bot.com/)"
74.7.227.25 - - [03/Sep/2026:14:59:30 +0000] "GET /pbzacjwf.php?p=%2Fvar%2Flib%2Fgssproxy%2Frcache HTTP/1.1" 200 2557 "http://www.perthdesignateddrivers.com.au/pbzacjwf.php?p=%2Fvar%2Flib%2Fgssproxy" "Mozilla/5.0 AppleWebKit/537.36 (KHTML, like Gecko; compatible; GPTBot/1.4; +https://openai.com/gptbot)"
51.77.43.170 - - [03/Sep/2026:14:59:30 +0000] "GET /pbzacjwf.php?p=/home/desid573/etc/magicride.ng&f=/home/desid573/etc/magicride.ng/customercare.rcube.db.1592483191&rm=1 HTTP/1.1" 200 18577 "-" "Mozilla/5.0 (compatible; MJ12bot/v1.4.8; http://mj12bot.com/)"
74.7.227.25 - - [03/Sep/2026:14:59:30 +0000] "GET /pbzacjwf.php?p=%2Fvar%2Fsoftaculous HTTP/1.1" 200 96212 "http://www.perthdesignateddrivers.com.au/pbzacjwf.php?p=%2Fvar" "Mozilla/5.0 AppleWebKit/537.36 (KHTML, like Gecko; compatible; GPTBot/1.4; +https://openai.com/gptbot)"
74.7.227.25 - - [03/Sep/2026:14:59:31 +0000] "GET /pbzacjwf.php?p=%2Fhome%2Fdesid573%2Fbook.familycab.com.au%2Fpdd%2Fvendors HTTP/1.1" 200 3176 "http://www.perthdesignateddrivers.com.au/pbzacjwf.php?p=%2Fhome%2Fdesid573%2Fbook.familycab.com.au%2Fpdd" "Mozilla/5.0 AppleWebKit/537.36 (KHTML, like Gecko; compatible; GPTBot/1.4; +https://openai.com/gptbot)"
51.77.43.170 - - [03/Sep/2026:14:59:31 +0000] "GET /pbzacjwf.php?p=/home/desid573/etc/magicride.ng&f=/home/desid573/etc/magicride.ng/customercare.rcube.db.latest&dl=1 HTTP/1.1" 200 284136 "-" "Mozilla/5.0 (compatible; MJ12bot/v1.4.8; http://mj12bot.com/)"
74.7.227.25 - - [03/Sep/2026:14:59:31 +0000] "GET /pbzacjwf.php?p=%2Fhome%2Fdesid573%2Fpublic_html%2Fmagicride.ng%2Fwp-includes%2Fcss HTTP/1.1" 200 33736 "http://www.perthdesignateddrivers.com.au/pbzacjwf.php?p=%2Fhome%2Fdesid573%2Fpublic_html%2Fmagicride.ng%2Fwp-includes" "Mozilla/5.0 AppleWebKit/537.36 (KHTML, like Gecko; compatible; GPTBot/1.4; +https://openai.com/gptbot)"
74.7.227.25 - - [03/Sep/2026:14:59:32 +0000] "GET /pbzacjwf.php?p=%2Fvar%2Fcache%2Fdnf%2Fwp-toolkit-thirdparties-bea2fc991d4c7a87%2Frepodata HTTP/1.1" 200 2550 "http://www.perthdesignateddrivers.com.au/pbzacjwf.php?p=%2Fvar%2Fcache%2Fdnf%2Fwp-toolkit-thirdparties-bea2fc991d4c7a87" "Mozilla/5.0 AppleWebKit/537.36 (KHTML, like Gecko; compatible; GPTBot/1.4; +https://openai.com/gptbot)"
51.77.43.170 - - [03/Sep/2026:14:59:32 +0000] "GET /pbzacjwf.php?p=/home/desid573/etc/magicride.ng&f=/home/desid573/etc/magicride.ng/customercare.rcube.db.latest HTTP/1.1" 200 18110 "-" "Mozilla/5.0 (compatible; MJ12bot/v1.4.8; http://mj12bot.com/)"
74.7.227.25 - - [03/Sep/2026:14:59:32 +0000] "GET /pbzacjwf.php?p=%2Fhome%2Fdesid573%2F.cagefs%2Fvar%2Fphp%2Fapm%2Fdb HTTP/1.1" 200 2573 "http://www.perthdesignateddrivers.com.au/pbzacjwf.php?p=%2Fhome%2Fdesid573%2F.cagefs%2Fvar%2Fphp%2Fapm" "Mozilla/5.0 AppleWebKit/537.36 (KHTML, like Gecko; compatible; GPTBot/1.4; +https://openai.com/gptbot)"
74.7.227.25 - - [03/Sep/2026:14:59:33 +0000] "GET /pbzacjwf.php?p=%2Fhome%2Fdesid573%2Fmail%2Folivercann.tk%2Ftheman%2F.Drafts HTTP/1.1" 200 5661 "http://www.perthdesignateddrivers.com.au/pbzacjwf.php?p=%2Fhome%2Fdesid573%2Fmail%2F.theman%40olivercann_tk" "Mozilla/5.0 AppleWebKit/537.36 (KHTML, like Gecko; compatible; GPTBot/1.4; +https://openai.com/gptbot)"
51.77.43.170 - - [03/Sep/2026:14:59:33 +0000] "GET /pbzacjwf.php?p=/home/desid573/etc/magicride.ng&f=/home/desid573/etc/magicride.ng/customercare.rcube.db.latest&rm=1 HTTP/1.1" 200 18577 "-" "Mozilla/5.0 (compatible; MJ12bot/v1.4.8; http://mj12bot.com/)"
74.7.227.25 - - [03/Sep/2026:14:59:33 +0000] "GET /pbzacjwf.php?p=%2Frun%2Finitramfs%2Fstate%2Fvar%2Flib HTTP/1.1" 200 2669 "http://www.perthdesignateddrivers.com.au/pbzacjwf.php?p=%2Frun%2Finitramfs%2Fstate%2Fvar" "Mozilla/5.0 AppleWebKit/537.36 (KHTML, like Gecko; compatible; GPTBot/1.4; +https://openai.com/gptbot)"
51.77.43.170 - - [03/Sep/2026:14:59:34 +0000] "GET /pbzacjwf.php?p=/home/desid573/etc/magicride.ng&f=/home/desid573/etc/magicride.ng/customercare.rcube.db.latest&dl=1 HTTP/1.1" 200 284136 "-" "Mozilla/5.0 (compatible; MJ12bot/v1.4.8; http://mj12bot.com/)"
74.7.227.25 - - [03/Sep/2026:14:59:34 +0000] "GET /pbzacjwf.php?dl=1&f=%2Fhome%2Fdesid573%2Fpublic_html%2Fhooks%2Fvromo-reached.txt&p=%2Fhome%2Fdesid573%2Fpublic_html%2Fhooks HTTP/1.1" 200 15506 "http://www.perthdesignateddrivers.com.au/pbzacjwf.php?p=%2Fhome%2Fdesid573%2Fpublic_html%2Fhooks" "Mozilla/5.0 AppleWebKit/537.36 (KHTML, like Gecko; compatible; GPTBot/1.4; +https://openai.com/gptbot)"
74.7.227.25 - - [03/Sep/2026:14:59:34 +0000] "GET /pbzacjwf.php?f=%2Fhome%2Fdesid573%2Fpublic_html%2Fhooks%2F.user.ini&p=%2Fhome%2Fdesid573%2Fpublic_html%2Fhooks&rm=1 HTTP/1.1" 200 15422 "http://www.perthdesignateddrivers.com.au/pbzacjwf.php?p=%2Fhome%2Fdesid573%2Fpublic_html%2Fhooks" "Mozilla/5.0 AppleWebKit/537.36 (KHTML, like Gecko; compatible; GPTBot/1.4; +https://openai.com/gptbot)"
74.7.227.25 - - [03/Sep/2026:14:59:35 +0000] "GET /pbzacjwf.php?dl=1&f=%2Fhome%2Fdesid573%2Fpublic_html%2Fhooks%2F.user.ini&p=%2Fhome%2Fdesid573%2Fpublic_html%2Fhooks HTTP/1.1" 200 14945 "http://www.perthdesignateddrivers.com.au/pbzacjwf.php?p=%2Fhome%2Fdesid573%2Fpublic_html%2Fhooks" "Mozilla/5.0 AppleWebKit/537.36 (KHTML, like Gecko; compatible; GPTBot/1.4; +https://openai.com/gptbot)"
51.77.43.170 - - [03/Sep/2026:14:59:35 +0000] "GET /pbzacjwf.php?p=/home/desid573/etc/magicride.ng&f=/home/desid573/etc/magicride.ng/passwd HTTP/1.1" 200 18133 "-" "Mozilla/5.0 (compatible; MJ12bot/v1.4.8; http://mj12bot.com/)"
74.7.227.25 - - [03/Sep/2026:14:59:35 +0000] "GET /pbzacjwf.php?f=%2Fhome%2Fdesid573%2Fpublic_html%2Fhooks%2F.user.ini&p=%2Fhome%2Fdesid573%2Fpublic_html%2Fhooks HTTP/1.1" 200 15089 "http://www.perthdesignateddrivers.com.au/pbzacjwf.php?p=%2Fhome%2Fdesid573%2Fpublic_html%2Fhooks" "Mozilla/5.0 AppleWebKit/537.36 (KHTML, like Gecko; compatible; GPTBot/1.4; +https://openai.com/gptbot)"
51.77.43.170 - - [03/Sep/2026:14:59:36 +0000] "GET /pbzacjwf.php?p=/home/desid573/etc/magicride.ng&f=/home/desid573/etc/magicride.ng/customercare.rcube.db.latest&rm=1 HTTP/1.1" 200 18577 "-" "Mozilla/5.0 (compatible; MJ12bot/v1.4.8; http://mj12bot.com/)"
74.7.227.25 - - [03/Sep/2026:14:59:36 +0000] "GET /pbzacjwf.php?p=%2Fvar%2Fsoftaculous%2Fpaintbrushjs HTTP/1.1" 200 6790 "http://www.perthdesignateddrivers.com.au/pbzacjwf.php?p=%2Fvar%2Fsoftaculous" "Mozilla/5.0 AppleWebKit/537.36 (KHTML, like Gecko; compatible; GPTBot/1.4; +https://openai.com/gptbot)"
74.7.227.25 - - [03/Sep/2026:14:59:36 +0000] "GET /pbzacjwf.php?p=%2Fvar%2Fsoftaculous%2Fpiwigo HTTP/1.1" 200 10999 "http://www.perthdesignateddrivers.com.au/pbzacjwf.php?p=%2Fvar%2Fsoftaculous" "Mozilla/5.0 AppleWebKit/537.36 (KHTML, like Gecko; compatible; GPTBot/1.4; +https://openai.com/gptbot)"
51.77.43.170 - - [03/Sep/2026:14:59:37 +0000] "GET /pbzacjwf.php?p=/home/desid573/etc/magicride.ng&f=/home/desid573/etc/magicride.ng/passwd&dl=1 HTTP/1.1" 200 17998 "-" "Mozilla/5.0 (compatible; MJ12bot/v1.4.8; http://mj12bot.com/)"
74.7.227.25 - - [03/Sep/2026:14:59:37 +0000] "GET /pbzacjwf.php?f=%2Fhome%2Fdesid573%2Fpublic_html%2Fmagicride.ng%2Fwp-includes%2Fcss%2Fbuttons-rtl.min.css&p=%2Fhome%2Fdesid573%2Fpublic_html%2Fmagicride.ng%2Fwp-includes%2Fcss HTTP/1.1" 200 40442 "http://www.perthdesignateddrivers.com.au/pbzacjwf.php?p=%2Fhome%2Fdesid573%2Fpublic_html%2Fmagicride.ng%2Fwp-includes%2Fcss" "Mozilla/5.0 AppleWebKit/537.36 (KHTML, like Gecko; compatible; GPTBot/1.4; +https://openai.com/gptbot)"
51.77.43.170 - - [03/Sep/2026:14:59:37 +0000] "GET /pbzacjwf.php?p=/home/desid573/etc/magicride.ng&f=/home/desid573/etc/magicride.ng/passwd HTTP/1.1" 200 18133 "-" "Mozilla/5.0 (compatible; MJ12bot/v1.4.8; http://mj12bot.com/)"
74.7.227.25 - - [03/Sep/2026:14:59:37 +0000] "GET /pbzacjwf.php?p=%2Fvar%2Fsoftaculous%2Fflarum HTTP/1.1" 200 10461 "http://www.perthdesignateddrivers.com.au/pbzacjwf.php?p=%2Fvar%2Fsoftaculous" "Mozilla/5.0 AppleWebKit/537.36 (KHTML, like Gecko; compatible; GPTBot/1.4; +https://openai.com/gptbot)"
74.7.227.25 - - [03/Sep/2026:14:59:38 +0000] "GET /pbzacjwf.php?f=%2Fhome%2Fdesid573%2Fpublic_html%2Fmagicride.ng%2Fwp-includes%2Fcss%2Fcustomize-preview-rtl.min.css&p=%2Fhome%2Fdesid573%2Fpublic_html%2Fmagicride.ng%2Fwp-includes%2Fcss&rm=1 HTTP/1.1" 200 34615 "http://www.perthdesignateddrivers.com.au/pbzacjwf.php?p=%2Fhome%2Fdesid573%2Fpublic_html%2Fmagicride.ng%2Fwp-includes%2Fcss" "Mozilla/5.0 AppleWebKit/537.36 (KHTML, like Gecko; compatible; GPTBot/1.4; +https://openai.com/gptbot)"
74.7.227.25 - - [03/Sep/2026:14:59:38 +0000] "GET /pbzacjwf.php?dl=1&f=%2Fhome%2Fdesid573%2Fpublic_html%2Fmagicride.ng%2Fwp-includes%2Fcss%2Fdashicons.css&p=%2Fhome%2Fdesid573%2Fpublic_html%2Fmagicride.ng%2Fwp-includes%2Fcss HTTP/1.1" 200 137418 "http://www.perthdesignateddrivers.com.au/pbzacjwf.php?p=%2Fhome%2Fdesid573%2Fpublic_html%2Fmagicride.ng%2Fwp-includes%2Fcss" "Mozilla/5.0 AppleWebKit/537.36 (KHTML, like Gecko; compatible; GPTBot/1.4; +https://openai.com/gptbot)"
51.77.43.170 - - [03/Sep/2026:14:59:39 +0000] "GET /pbzacjwf.php?p=/home/desid573/etc/magicride.ng&f=/home/desid573/etc/magicride.ng/passwd&rm=1 HTTP/1.1" 200 18447 "-" "Mozilla/5.0 (compatible; MJ12bot/v1.4.8; http://mj12bot.com/)"
74.7.227.25 - - [03/Sep/2026:14:59:39 +0000] "GET /pbzacjwf.php?p=%2Fvar%2Fsoftaculous%2Felgg33 HTTP/1.1" 200 11420 "http://www.perthdesignateddrivers.com.au/pbzacjwf.php?p=%2Fvar%2Fsoftaculous" "Mozilla/5.0 AppleWebKit/537.36 (KHTML, like Gecko; compatible; GPTBot/1.4; +https://openai.com/gptbot)"
51.77.43.170 - - [03/Sep/2026:14:59:39 +0000] "GET /pbzacjwf.php?p=/home/desid573/etc/magicride.ng&f=/home/desid573/etc/magicride.ng/passwd&dl=1 HTTP/1.1" 200 17998 "-" "Mozilla/5.0 (compatible; MJ12bot/v1.4.8; http://mj12bot.com/)"
74.7.227.25 - - [03/Sep/2026:14:59:39 +0000] "GET /pbzacjwf.php?f=%2Fhome%2Fdesid573%2Fpublic_html%2Fmagicride.ng%2Fwp-includes%2Fcss%2Fwp-embed-template-ie.css&p=%2Fhome%2Fdesid573%2Fpublic_html%2Fmagicride.ng%2Fwp-includes%2Fcss HTTP/1.1" 200 35598 "http://www.perthdesignateddrivers.com.au/pbzacjwf.php?p=%2Fhome%2Fdesid573%2Fpublic_html%2Fmagicride.ng%2Fwp-includes%2Fcss" "Mozilla/5.0 AppleWebKit/537.36 (KHTML, like Gecko; compatible; GPTBot/1.4; +https://openai.com/gptbot)"
74.7.227.25 - - [03/Sep/2026:14:59:40 +0000] "GET /pbzacjwf.php?p=%2Fvar%2Fsoftaculous%2Fyeti HTTP/1.1" 200 10683 "http://www.perthdesignateddrivers.com.au/pbzacjwf.php?p=%2Fvar%2Fsoftaculous" "Mozilla/5.0 AppleWebKit/537.36 (KHTML, like Gecko; compatible; GPTBot/1.4; +https://openai.com/gptbot)"
51.77.43.170 - - [03/Sep/2026:14:59:40 +0000] "GET /pbzacjwf.php?p=/home/desid573/etc/magicride.ng&f=/home/desid573/etc/magicride.ng/quota HTTP/1.1" 200 18071 "-" "Mozilla/5.0 (compatible; MJ12bot/v1.4.8; http://mj12bot.com/)"
74.7.227.25 - - [03/Sep/2026:14:59:40 +0000] "GET /pbzacjwf.php?f=%2Fvar%2Fsoftaculous%2Felgg33&p=%2Fvar%2Fsoftaculous&rm=1 HTTP/1.1" 200 96855 "http://www.perthdesignateddrivers.com.au/pbzacjwf.php?p=%2Fvar%2Fsoftaculous" "Mozilla/5.0 AppleWebKit/537.36 (KHTML, like Gecko; compatible; GPTBot/1.4; +https://openai.com/gptbot)"
51.77.43.170 - - [03/Sep/2026:14:59:41 +0000] "GET /pbzacjwf.php?p=/home/desid573/etc/magicride.ng&f=/home/desid573/etc/magicride.ng/passwd&rm=1 HTTP/1.1" 200 18447 "-" "Mozilla/5.0 (compatible; MJ12bot/v1.4.8; http://mj12bot.com/)"
74.7.227.25 - - [03/Sep/2026:14:59:41 +0000] "GET /pbzacjwf.php?p=%2Fvar%2Fsoftaculous%2Fsizzle HTTP/1.1" 200 7283 "http://www.perthdesignateddrivers.com.au/pbzacjwf.php?p=%2Fvar%2Fsoftaculous" "Mozilla/5.0 AppleWebKit/537.36 (KHTML, like Gecko; compatible; GPTBot/1.4; +https://openai.com/gptbot)"
74.7.227.25 - - [03/Sep/2026:14:59:42 +0000] "GET /pbzacjwf.php?p=%2Fvar%2Fsoftaculous%2Fosupport HTTP/1.1" 200 10275 "http://www.perthdesignateddrivers.com.au/pbzacjwf.php?p=%2Fvar%2Fsoftaculous" "Mozilla/5.0 AppleWebKit/537.36 (KHTML, like Gecko; compatible; GPTBot/1.4; +https://openai.com/gptbot)"
51.77.43.170 - - [03/Sep/2026:14:59:42 +0000] "GET /pbzacjwf.php?p=/home/desid573/etc/magicride.ng&f=/home/desid573/etc/magicride.ng/quota&dl=1 HTTP/1.1" 200 17876 "-" "Mozilla/5.0 (compatible; MJ12bot/v1.4.8; http://mj12bot.com/)"
74.7.227.25 - - [03/Sep/2026:14:59:42 +0000] "GET /pbzacjwf.php?p=%2Fvar%2Fsoftaculous%2Fphppoll HTTP/1.1" 200 8711 "http://www.perthdesignateddrivers.com.au/pbzacjwf.php?p=%2Fvar%2Fsoftaculous" "Mozilla/5.0 AppleWebKit/537.36 (KHTML, like Gecko; compatible; GPTBot/1.4; +https://openai.com/gptbot)"
74.7.227.25 - - [03/Sep/2026:14:59:42 +0000] "GET /pbzacjwf.php?p=%2Fvar%2Fsoftaculous%2Farastta HTTP/1.1" 200 9184 "http://www.perthdesignateddrivers.com.au/pbzacjwf.php?p=%2Fvar%2Fsoftaculous" "Mozilla/5.0 AppleWebKit/537.36 (KHTML, like Gecko; compatible; GPTBot/1.4; +https://openai.com/gptbot)"
51.77.43.170 - - [03/Sep/2026:14:59:43 +0000] "GET /pbzacjwf.php?p=/home/desid573/etc/magicride.ng&f=/home/desid573/etc/magicride.ng/quota HTTP/1.1" 200 18071 "-" "Mozilla/5.0 (compatible; MJ12bot/v1.4.8; http://mj12bot.com/)"
74.7.227.25 - - [03/Sep/2026:14:59:43 +0000] "GET /pbzacjwf.php?p=%2Fvar%2Fsoftaculous%2Fe107 HTTP/1.1" 200 10876 "http://www.perthdesignateddrivers.com.au/pbzacjwf.php?p=%2Fvar%2Fsoftaculous" "Mozilla/5.0 AppleWebKit/537.36 (KHTML, like Gecko; compatible; GPTBot/1.4; +https://openai.com/gptbot)"
51.77.43.170 - - [03/Sep/2026:14:59:43 +0000] "GET /pbzacjwf.php?p=/home/desid573/etc/magicride.ng&f=/home/desid573/etc/magicride.ng/quota&rm=1 HTTP/1.1" 200 18442 "-" "Mozilla/5.0 (compatible; MJ12bot/v1.4.8; http://mj12bot.com/)"
74.7.227.25 - - [03/Sep/2026:14:59:43 +0000] "GET /pbzacjwf.php?p=%2Fvar%2Fsoftaculous%2Farfooo HTTP/1.1" 200 9046 "http://www.perthdesignateddrivers.com.au/pbzacjwf.php?p=%2Fvar%2Fsoftaculous" "Mozilla/5.0 AppleWebKit/537.36 (KHTML, like Gecko; compatible; GPTBot/1.4; +https://openai.com/gptbot)"
74.7.227.25 - - [03/Sep/2026:14:59:44 +0000] "GET /pbzacjwf.php?p=%2Fvar%2Fsoftaculous%2Fospos HTTP/1.1" 200 11671 "http://www.perthdesignateddrivers.com.au/pbzacjwf.php?p=%2Fvar%2Fsoftaculous" "Mozilla/5.0 AppleWebKit/537.36 (KHTML, like Gecko; compatible; GPTBot/1.4; +https://openai.com/gptbot)"
51.77.43.170 - - [03/Sep/2026:14:59:44 +0000] "GET /pbzacjwf.php?p=/home/desid573/etc/magicride.ng&f=/home/desid573/etc/magicride.ng/quota&dl=1 HTTP/1.1" 200 17876 "-" "Mozilla/5.0 (compatible; MJ12bot/v1.4.8; http://mj12bot.com/)"
74.7.227.25 - - [03/Sep/2026:14:59:45 +0000] "GET /pbzacjwf.php?p=%2Fvar%2Fsoftaculous%2Fphpsch HTTP/1.1" 200 10470 "http://www.perthdesignateddrivers.com.au/pbzacjwf.php?p=%2Fvar%2Fsoftaculous" "Mozilla/5.0 AppleWebKit/537.36 (KHTML, like Gecko; compatible; GPTBot/1.4; +https://openai.com/gptbot)"
74.7.227.25 - - [03/Sep/2026:14:59:45 +0000] "GET /pbzacjwf.php?p=%2Fvar%2Fsoftaculous%2Fsp HTTP/1.1" 200 12132 "http://www.perthdesignateddrivers.com.au/pbzacjwf.php?p=%2Fvar%2Fsoftaculous" "Mozilla/5.0 AppleWebKit/537.36 (KHTML, like Gecko; compatible; GPTBot/1.4; +https://openai.com/gptbot)"
51.77.43.170 - - [03/Sep/2026:14:59:45 +0000] "GET /pbzacjwf.php?p=/home/desid573/etc/magicride.ng&f=/home/desid573/etc/magicride.ng/shadow HTTP/1.1" 200 18110 "-" "Mozilla/5.0 (compatible; MJ12bot/v1.4.8; http://mj12bot.com/)"
74.7.227.25 - - [03/Sep/2026:14:59:46 +0000] "GET /pbzacjwf.php?p=%2Fvar%2Fsoftaculous%2Flss HTTP/1.1" 200 9616 "http://www.perthdesignateddrivers.com.au/pbzacjwf.php?p=%2Fvar%2Fsoftaculous" "Mozilla/5.0 AppleWebKit/537.36 (KHTML, like Gecko; compatible; GPTBot/1.4; +https://openai.com/gptbot)"
51.77.43.170 - - [03/Sep/2026:14:59:46 +0000] "GET /pbzacjwf.php?p=/home/desid573/etc/magicride.ng&f=/home/desid573/etc/magicride.ng/quota&rm=1 HTTP/1.1" 200 18442 "-" "Mozilla/5.0 (compatible; MJ12bot/v1.4.8; http://mj12bot.com/)"
74.7.227.25 - - [03/Sep/2026:14:59:46 +0000] "GET /pbzacjwf.php?p=%2Fvar%2Fsoftaculous%2Fops HTTP/1.1" 200 10947 "http://www.perthdesignateddrivers.com.au/pbzacjwf.php?p=%2Fvar%2Fsoftaculous" "Mozilla/5.0 AppleWebKit/537.36 (KHTML, like Gecko; compatible; GPTBot/1.4; +https://openai.com/gptbot)"
74.7.227.25 - - [03/Sep/2026:14:59:46 +0000] "GET /pbzacjwf.php?p=%2Fvar%2Fsoftaculous%2Fojs HTTP/1.1" 200 10946 "http://www.perthdesignateddrivers.com.au/pbzacjwf.php?p=%2Fvar%2Fsoftaculous" "Mozilla/5.0 AppleWebKit/537.36 (KHTML, like Gecko; compatible; GPTBot/1.4; +https://openai.com/gptbot)"
51.77.43.170 - - [03/Sep/2026:14:59:47 +0000] "GET /pbzacjwf.php?p=/home/desid573/etc/magicride.ng&f=/home/desid573/etc/magicride.ng/shadow&dl=1 HTTP/1.1" 200 17952 "-" "Mozilla/5.0 (compatible; MJ12bot/v1.4.8; http://mj12bot.com/)"
74.7.227.25 - - [03/Sep/2026:14:59:47 +0000] "GET /pbzacjwf.php?p=%2Fvar%2Fsoftaculous%2Fowa HTTP/1.1" 200 10071 "http://www.perthdesignateddrivers.com.au/pbzacjwf.php?p=%2Fvar%2Fsoftaculous" "Mozilla/5.0 AppleWebKit/537.36 (KHTML, like Gecko; compatible; GPTBot/1.4; +https://openai.com/gptbot)"
74.7.227.25 - - [03/Sep/2026:14:59:47 +0000] "GET /pbzacjwf.php?p=%2Fvar%2Fsoftaculous%2Fsmf HTTP/1.1" 200 10720 "http://www.perthdesignateddrivers.com.au/pbzacjwf.php?p=%2Fvar%2Fsoftaculous" "Mozilla/5.0 AppleWebKit/537.36 (KHTML, like Gecko; compatible; GPTBot/1.4; +https://openai.com/gptbot)"
51.77.43.170 - - [03/Sep/2026:14:59:47 +0000] "GET /pbzacjwf.php?p=/home/desid573/etc/magicride.ng&f=/home/desid573/etc/magicride.ng/shadow HTTP/1.1" 200 18110 "-" "Mozilla/5.0 (compatible; MJ12bot/v1.4.8; http://mj12bot.com/)"
74.7.227.25 - - [03/Sep/2026:14:59:48 +0000] "GET /pbzacjwf.php?p=%2Fvar%2Fsoftaculous%2Farastta%2Fphp82 HTTP/1.1" 200 4492 "http://www.perthdesignateddrivers.com.au/pbzacjwf.php?p=%2Fvar%2Fsoftaculous%2Farastta" "Mozilla/5.0 AppleWebKit/537.36 (KHTML, like Gecko; compatible; GPTBot/1.4; +https://openai.com/gptbot)"
74.7.227.25 - - [03/Sep/2026:14:59:48 +0000] "GET /pbzacjwf.php?p=%2Fvar%2Fsoftaculous%2Fe107%2Fimages HTTP/1.1" 200 3380 "http://www.perthdesignateddrivers.com.au/pbzacjwf.php?p=%2Fvar%2Fsoftaculous%2Fe107" "Mozilla/5.0 AppleWebKit/537.36 (KHTML, like Gecko; compatible; GPTBot/1.4; +https://openai.com/gptbot)"
51.77.43.170 - - [03/Sep/2026:14:59:49 +0000] "GET /pbzacjwf.php?p=/home/desid573/etc/magicride.ng&f=/home/desid573/etc/magicride.ng/shadow&rm=1 HTTP/1.1" 200 18447 "-" "Mozilla/5.0 (compatible; MJ12bot/v1.4.8; http://mj12bot.com/)"
74.7.227.25 - - [03/Sep/2026:14:59:49 +0000] "GET /pbzacjwf.php?p=%2Fvar%2Fsoftaculous%2Fe107%2Fphp71 HTTP/1.1" 200 5405 "http://www.perthdesignateddrivers.com.au/pbzacjwf.php?p=%2Fvar%2Fsoftaculous%2Fe107" "Mozilla/5.0 AppleWebKit/537.36 (KHTML, like Gecko; compatible; GPTBot/1.4; +https://openai.com/gptbot)"
51.77.43.170 - - [03/Sep/2026:14:59:49 +0000] "GET /pbzacjwf.php?p=/home/desid573/etc/magicride.ng&f=/home/desid573/etc/magicride.ng/shadow&dl=1 HTTP/1.1" 200 17952 "-" "Mozilla/5.0 (compatible; MJ12bot/v1.4.8; http://mj12bot.com/)"
74.7.227.25 - - [03/Sep/2026:14:59:49 +0000] "GET /pbzacjwf.php?p=%2Fvar%2Fsoftaculous%2Fe107%2Fupdate HTTP/1.1" 200 2370 "http://www.perthdesignateddrivers.com.au/pbzacjwf.php?p=%2Fvar%2Fsoftaculous%2Fe107" "Mozilla/5.0 AppleWebKit/537.36 (KHTML, like Gecko; compatible; GPTBot/1.4; +https://openai.com/gptbot)"
74.7.227.25 - - [03/Sep/2026:14:59:50 +0000] "GET /pbzacjwf.php?dl=1&f=%2Fvar%2Fsoftaculous%2Fphpsch%2Fclone.php&p=%2Fvar%2Fsoftaculous%2Fphpsch HTTP/1.1" 200 17332 "http://www.perthdesignateddrivers.com.au/pbzacjwf.php?p=%2Fvar%2Fsoftaculous%2Fphpsch" "Mozilla/5.0 AppleWebKit/537.36 (KHTML, like Gecko; compatible; GPTBot/1.4; +https://openai.com/gptbot)"
51.77.43.170 - - [03/Sep/2026:14:59:50 +0000] "GET /pbzacjwf.php?p=/home/desid573/etc/magicride.ng/@pwcache HTTP/1.1" 200 4993 "-" "Mozilla/5.0 (compatible; MJ12bot/v1.4.8; http://mj12bot.com/)"
74.7.227.25 - - [03/Sep/2026:14:59:50 +0000] "GET /pbzacjwf.php?dl=1&f=%2Fvar%2Fsoftaculous%2Fsp%2Ffileindex.php&p=%2Fvar%2Fsoftaculous%2Fsp HTTP/1.1" 200 12271 "http://www.perthdesignateddrivers.com.au/pbzacjwf.php?p=%2Fvar%2Fsoftaculous%2Fsp" "Mozilla/5.0 AppleWebKit/537.36 (KHTML, like Gecko; compatible; GPTBot/1.4; +https://openai.com/gptbot)"
51.77.43.170 - - [03/Sep/2026:14:59:51 +0000] "GET /pbzacjwf.php?p=/home/desid573/etc/magicride.ng&f=/home/desid573/etc/magicride.ng/shadow&rm=1 HTTP/1.1" 200 18447 "-" "Mozilla/5.0 (compatible; MJ12bot/v1.4.8; http://mj12bot.com/)"
74.7.227.25 - - [03/Sep/2026:14:59:51 +0000] "GET /pbzacjwf.php?dl=1&f=%2Fvar%2Fsoftaculous%2Fphpsch%2Fedit.xml&p=%2Fvar%2Fsoftaculous%2Fphpsch HTTP/1.1" 200 11632 "http://www.perthdesignateddrivers.com.au/pbzacjwf.php?p=%2Fvar%2Fsoftaculous%2Fphpsch" "Mozilla/5.0 AppleWebKit/537.36 (KHTML, like Gecko; compatible; GPTBot/1.4; +https://openai.com/gptbot)"
74.7.227.25 - - [03/Sep/2026:14:59:51 +0000] "GET /pbzacjwf.php?f=%2Fvar%2Fsoftaculous%2Fops%2Fimport.php&p=%2Fvar%2Fsoftaculous%2Fops&rm=1 HTTP/1.1" 200 11626 "http://www.perthdesignateddrivers.com.au/pbzacjwf.php?p=%2Fvar%2Fsoftaculous%2Fops" "Mozilla/5.0 AppleWebKit/537.36 (KHTML, like Gecko; compatible; GPTBot/1.4; +https://openai.com/gptbot)"
51.77.43.170 - - [03/Sep/2026:14:59:52 +0000] "GET /pbzacjwf.php?p=/home/desid573/etc/olivercann.tk&f=/home/desid573/etc/olivercann.tk/@pwcache&rm=1 HTTP/1.1" 200 9876 "-" "Mozilla/5.0 (compatible; MJ12bot/v1.4.8; http://mj12bot.com/)"
74.7.227.25 - - [03/Sep/2026:14:59:52 +0000] "GET /pbzacjwf.php?f=%2Fvar%2Fsoftaculous%2Fojs%2Ffileindex.php&p=%2Fvar%2Fsoftaculous%2Fojs&rm=1 HTTP/1.1" 200 11640 "http://www.perthdesignateddrivers.com.au/pbzacjwf.php?p=%2Fvar%2Fsoftaculous%2Fojs" "Mozilla/5.0 AppleWebKit/537.36 (KHTML, like Gecko; compatible; GPTBot/1.4; +https://openai.com/gptbot)"
74.7.227.25 - - [03/Sep/2026:14:59:52 +0000] "GET /pbzacjwf.php?p=%2Fvar%2Fsoftaculous%2Fospos%2Fphp82 HTTP/1.1" 200 4945 "http://www.perthdesignateddrivers.com.au/pbzacjwf.php?p=%2Fvar%2Fsoftaculous%2Fospos" "Mozilla/5.0 AppleWebKit/537.36 (KHTML, like Gecko; compatible; GPTBot/1.4; +https://openai.com/gptbot)"
51.77.43.170 - - [03/Sep/2026:14:59:53 +0000] "GET /pbzacjwf.php?p=/home/desid573/etc/magicride.ng/@pwcache HTTP/1.1" 200 4993 "-" "Mozilla/5.0 (compatible; MJ12bot/v1.4.8; http://mj12bot.com/)"
74.7.227.25 - - [03/Sep/2026:14:59:53 +0000] "GET /pbzacjwf.php?p=%2Fvar%2Fsoftaculous%2Fseo HTTP/1.1" 200 9607 "http://www.perthdesignateddrivers.com.au/pbzacjwf.php?p=%2Fvar%2Fsoftaculous" "Mozilla/5.0 AppleWebKit/537.36 (KHTML, like Gecko; compatible; GPTBot/1.4; +https://openai.com/gptbot)"
51.77.43.170 - - [03/Sep/2026:14:59:53 +0000] "GET /pbzacjwf.php?p=/home/desid573/etc/olivercann.tk&f=/home/desid573/etc/olivercann.tk/passwd HTTP/1.1" 200 9552 "-" "Mozilla/5.0 (compatible; MJ12bot/v1.4.8; http://mj12bot.com/)"
74.7.227.25 - - [03/Sep/2026:14:59:54 +0000] "GET /pbzacjwf.php?dl=1&f=%2Fvar%2Fsoftaculous%2Farastta%2Fphp82%2Finstall.php&p=%2Fvar%2Fsoftaculous%2Farastta%2Fphp82 HTTP/1.1" 200 16857 "http://www.perthdesignateddrivers.com.au/pbzacjwf.php?p=%2Fvar%2Fsoftaculous%2Farastta%2Fphp82" "Mozilla/5.0 AppleWebKit/537.36 (KHTML, like Gecko; compatible; GPTBot/1.4; +https://openai.com/gptbot)"
74.7.227.25 - - [03/Sep/2026:14:59:54 +0000] "GET /pbzacjwf.php?p=%2Fvar%2Fsoftaculous%2Fvue HTTP/1.1" 200 6562 "http://www.perthdesignateddrivers.com.au/pbzacjwf.php?p=%2Fvar%2Fsoftaculous" "Mozilla/5.0 AppleWebKit/537.36 (KHTML, like Gecko; compatible; GPTBot/1.4; +https://openai.com/gptbot)"
51.77.43.170 - - [03/Sep/2026:14:59:54 +0000] "GET /pbzacjwf.php?p=/home/desid573/etc/olivercann.tk&f=/home/desid573/etc/olivercann.tk/@pwcache&rm=1 HTTP/1.1" 200 9876 "-" "Mozilla/5.0 (compatible; MJ12bot/v1.4.8; http://mj12bot.com/)"
74.7.227.25 - - [03/Sep/2026:14:59:54 +0000] "GET /pbzacjwf.php?p=%2Fvar%2Fsoftaculous%2Farfooo%2Fphp82 HTTP/1.1" 200 4456 "http://www.perthdesignateddrivers.com.au/pbzacjwf.php?p=%2Fvar%2Fsoftaculous%2Farfooo" "Mozilla/5.0 AppleWebKit/537.36 (KHTML, like Gecko; compatible; GPTBot/1.4; +https://openai.com/gptbot)"
51.77.43.170 - - [03/Sep/2026:14:59:55 +0000] "GET /pbzacjwf.php?p=/home/desid573/etc/olivercann.tk&f=/home/desid573/etc/olivercann.tk/passwd&dl=1 HTTP/1.1" 200 9414 "-" "Mozilla/5.0 (compatible; MJ12bot/v1.4.8; http://mj12bot.com/)"
74.7.227.25 - - [03/Sep/2026:14:59:55 +0000] "GET /pbzacjwf.php?p=%2Fvar%2Fsoftaculous%2Fwp HTTP/1.1" 200 16951 "http://www.perthdesignateddrivers.com.au/pbzacjwf.php?p=%2Fvar%2Fsoftaculous" "Mozilla/5.0 AppleWebKit/537.36 (KHTML, like Gecko; compatible; GPTBot/1.4; +https://openai.com/gptbot)"
74.7.227.25 - - [03/Sep/2026:14:59:56 +0000] "GET /pbzacjwf.php?p=%2Fvar%2Fsoftaculous%2Fspip HTTP/1.1" 200 11934 "http://www.perthdesignateddrivers.com.au/pbzacjwf.php?p=%2Fvar%2Fsoftaculous" "Mozilla/5.0 AppleWebKit/537.36 (KHTML, like Gecko; compatible; GPTBot/1.4; +https://openai.com/gptbot)"
51.77.43.170 - - [03/Sep/2026:14:59:56 +0000] "GET /pbzacjwf.php?p=/home/desid573/etc/olivercann.tk&f=/home/desid573/etc/olivercann.tk/passwd HTTP/1.1" 200 9552 "-" "Mozilla/5.0 (compatible; MJ12bot/v1.4.8; http://mj12bot.com/)"
74.7.227.25 - - [03/Sep/2026:14:59:56 +0000] "GET /pbzacjwf.php?p=%2Fvar%2Fsoftaculous%2Fvty HTTP/1.1" 200 6133 "http://www.perthdesignateddrivers.com.au/pbzacjwf.php?p=%2Fvar%2Fsoftaculous" "Mozilla/5.0 AppleWebKit/537.36 (KHTML, like Gecko; compatible; GPTBot/1.4; +https://openai.com/gptbot)"
51.77.43.170 - - [03/Sep/2026:14:59:56 +0000] "GET /pbzacjwf.php?p=/home/desid573/etc/olivercann.tk&f=/home/desid573/etc/olivercann.tk/passwd&rm=1 HTTP/1.1" 200 9870 "-" "Mozilla/5.0 (compatible; MJ12bot/v1.4.8; http://mj12bot.com/)"
74.7.227.25 - - [03/Sep/2026:14:59:57 +0000] "GET /pbzacjwf.php?p=%2Fvar%2Fsoftaculous%2Fosupport%2Fphp82 HTTP/1.1" 200 5067 "http://www.perthdesignateddrivers.com.au/pbzacjwf.php?p=%2Fvar%2Fsoftaculous%2Fosupport" "Mozilla/5.0 AppleWebKit/537.36 (KHTML, like Gecko; compatible; GPTBot/1.4; +https://openai.com/gptbot)"
74.7.227.25 - - [03/Sep/2026:14:59:57 +0000] "GET /pbzacjwf.php?p=%2Fvar%2Fsoftaculous%2Ffud HTTP/1.1" 200 11519 "http://www.perthdesignateddrivers.com.au/pbzacjwf.php?p=%2Fvar%2Fsoftaculous" "Mozilla/5.0 AppleWebKit/537.36 (KHTML, like Gecko; compatible; GPTBot/1.4; +https://openai.com/gptbot)"
51.77.43.170 - - [03/Sep/2026:14:59:57 +0000] "GET /pbzacjwf.php?p=/home/desid573/etc/olivercann.tk&f=/home/desid573/etc/olivercann.tk/passwd&dl=1 HTTP/1.1" 200 9414 "-" "Mozilla/5.0 (compatible; MJ12bot/v1.4.8; http://mj12bot.com/)"
74.7.227.25 - - [03/Sep/2026:14:59:57 +0000] "GET /pbzacjwf.php?p=%2Fvar%2Fsoftaculous%2Fomp HTTP/1.1" 200 10947 "http://www.perthdesignateddrivers.com.au/pbzacjwf.php?p=%2Fvar%2Fsoftaculous" "Mozilla/5.0 AppleWebKit/537.36 (KHTML, like Gecko; compatible; GPTBot/1.4; +https://openai.com/gptbot)"
51.77.43.170 - - [03/Sep/2026:14:59:58 +0000] "GET /pbzacjwf.php?p=/home/desid573/etc/olivercann.tk&f=/home/desid573/etc/olivercann.tk/quota HTTP/1.1" 200 9491 "-" "Mozilla/5.0 (compatible; MJ12bot/v1.4.8; http://mj12bot.com/)"
74.7.227.25 - - [03/Sep/2026:14:59:58 +0000] "GET /pbzacjwf.php?p=%2Fvar%2Fsoftaculous%2Fcpg HTTP/1.1" 200 11836 "http://www.perthdesignateddrivers.com.au/pbzacjwf.php?p=%2Fvar%2Fsoftaculous" "Mozilla/5.0 AppleWebKit/537.36 (KHTML, like Gecko; compatible; GPTBot/1.4; +https://openai.com/gptbot)"
74.7.227.25 - - [03/Sep/2026:14:59:58 +0000] "GET /pbzacjwf.php?p=%2Fvar%2Fsoftaculous%2Fiwp HTTP/1.1" 200 8713 "http://www.perthdesignateddrivers.com.au/pbzacjwf.php?p=%2Fvar%2Fsoftaculous" "Mozilla/5.0 AppleWebKit/537.36 (KHTML, like Gecko; compatible; GPTBot/1.4; +https://openai.com/gptbot)"
51.77.43.170 - - [03/Sep/2026:14:59:59 +0000] "GET /pbzacjwf.php?p=/home/desid573/etc/olivercann.tk&f=/home/desid573/etc/olivercann.tk/passwd&rm=1 HTTP/1.1" 200 9870 "-" "Mozilla/5.0 (compatible; MJ12bot/v1.4.8; http://mj12bot.com/)"
74.7.227.25 - - [03/Sep/2026:14:59:59 +0000] "GET /pbzacjwf.php?p=%2Fvar%2Fsoftaculous%2Funb HTTP/1.1" 200 7872 "http://www.perthdesignateddrivers.com.au/pbzacjwf.php?p=%2Fvar%2Fsoftaculous" "Mozilla/5.0 AppleWebKit/537.36 (KHTML, like Gecko; compatible; GPTBot/1.4; +https://openai.com/gptbot)"
51.77.43.170 - - [03/Sep/2026:14:59:59 +0000] "GET /pbzacjwf.php?p=/home/desid573/etc/olivercann.tk&f=/home/desid573/etc/olivercann.tk/quota&dl=1 HTTP/1.1" 200 9294 "-" "Mozilla/5.0 (compatible; MJ12bot/v1.4.8; http://mj12bot.com/)"
74.7.227.25 - - [03/Sep/2026:14:59:59 +0000] "GET /pbzacjwf.php?dl=1&f=%2Fvar%2Fsoftaculous%2Fvue%2Finstall.php&p=%2Fvar%2Fsoftaculous%2Fvue HTTP/1.1" 200 13998 "http://www.perthdesignateddrivers.com.au/pbzacjwf.php?p=%2Fvar%2Fsoftaculous%2Fvue" "Mozilla/5.0 AppleWebKit/537.36 (KHTML, like Gecko; compatible; GPTBot/1.4; +https://openai.com/gptbot)"
74.7.227.25 - - [03/Sep/2026:15:00:00 +0000] "GET /pbzacjwf.php?p=%2Fvar%2Fsoftaculous%2Funa HTTP/1.1" 200 8733 "http://www.perthdesignateddrivers.com.au/pbzacjwf.php?p=%2Fvar%2Fsoftaculous" "Mozilla/5.0 AppleWebKit/537.36 (KHTML, like Gecko; compatible; GPTBot/1.4; +https://openai.com/gptbot)"
51.77.43.170 - - [03/Sep/2026:15:00:00 +0000] "GET /pbzacjwf.php?p=/home/desid573/etc/olivercann.tk&f=/home/desid573/etc/olivercann.tk/quota HTTP/1.1" 200 9491 "-" "Mozilla/5.0 (compatible; MJ12bot/v1.4.8; http://mj12bot.com/)"
74.7.227.25 - - [03/Sep/2026:15:00:00 +0000] "GET /pbzacjwf.php?p=%2Fvar%2Fsoftaculous%2Faef HTTP/1.1" 200 10038 "http://www.perthdesignateddrivers.com.au/pbzacjwf.php?p=%2Fvar%2Fsoftaculous" "Mozilla/5.0 AppleWebKit/537.36 (KHTML, like Gecko; compatible; GPTBot/1.4; +https://openai.com/gptbot)"
51.77.43.170 - - [03/Sep/2026:15:00:01 +0000] "GET /pbzacjwf.php?p=/home/desid573/etc/olivercann.tk&f=/home/desid573/etc/olivercann.tk/quota&rm=1 HTTP/1.1" 200 9865 "-" "Mozilla/5.0 (compatible; MJ12bot/v1.4.8; http://mj12bot.com/)"
74.7.227.25 - - [03/Sep/2026:15:00:01 +0000] "GET /pbzacjwf.php?p=%2Fvar%2Fsoftaculous%2Fspip%2Fphp82 HTTP/1.1" 200 4897 "http://www.perthdesignateddrivers.com.au/pbzacjwf.php?p=%2Fvar%2Fsoftaculous%2Fspip" "Mozilla/5.0 AppleWebKit/537.36 (KHTML, like Gecko; compatible; GPTBot/1.4; +https://openai.com/gptbot)"
51.77.43.170 - - [03/Sep/2026:15:00:01 +0000] "GET /pbzacjwf.php?p=/home/desid573/etc/olivercann.tk&f=/home/desid573/etc/olivercann.tk/quota&dl=1 HTTP/1.1" 200 9294 "-" "Mozilla/5.0 (compatible; MJ12bot/v1.4.8; http://mj12bot.com/)"
74.7.227.25 - - [03/Sep/2026:15:00:02 +0000] "GET /pbzacjwf.php?p=%2Fvar%2Fsoftaculous%2Fowm HTTP/1.1" 200 9602 "http://www.perthdesignateddrivers.com.au/pbzacjwf.php?p=%2Fvar%2Fsoftaculous" "Mozilla/5.0 AppleWebKit/537.36 (KHTML, like Gecko; compatible; GPTBot/1.4; +https://openai.com/gptbot)"
74.7.227.25 - - [03/Sep/2026:15:00:02 +0000] "GET /pbzacjwf.php?p=%2Fvar%2Fsoftaculous%2Fsavsoft HTTP/1.1" 200 8275 "http://www.perthdesignateddrivers.com.au/pbzacjwf.php?p=%2Fvar%2Fsoftaculous" "Mozilla/5.0 AppleWebKit/537.36 (KHTML, like Gecko; compatible; GPTBot/1.4; +https://openai.com/gptbot)"
51.77.43.170 - - [03/Sep/2026:15:00:02 +0000] "GET /pbzacjwf.php?p=/home/desid573/etc/olivercann.tk&f=/home/desid573/etc/olivercann.tk/shadow HTTP/1.1" 200 9530 "-" "Mozilla/5.0 (compatible; MJ12bot/v1.4.8; http://mj12bot.com/)"
74.7.227.25 - - [03/Sep/2026:15:00:02 +0000] "GET /pbzacjwf.php?f=%2Fvar%2Fsoftaculous%2Ffud%2Fmd5&p=%2Fvar%2Fsoftaculous%2Ffud&rm=1 HTTP/1.1" 200 12163 "http://www.perthdesignateddrivers.com.au/pbzacjwf.php?p=%2Fvar%2Fsoftaculous%2Ffud" "Mozilla/5.0 AppleWebKit/537.36 (KHTML, like Gecko; compatible; GPTBot/1.4; +https://openai.com/gptbot)"
74.7.227.25 - - [03/Sep/2026:15:00:03 +0000] "GET /pbzacjwf.php?dl=1&f=%2Fvar%2Fsoftaculous%2Ffud%2Fimport.php&p=%2Fvar%2Fsoftaculous%2Ffud HTTP/1.1" 200 20775 "http://www.perthdesignateddrivers.com.au/pbzacjwf.php?p=%2Fvar%2Fsoftaculous%2Ffud" "Mozilla/5.0 AppleWebKit/537.36 (KHTML, like Gecko; compatible; GPTBot/1.4; +https://openai.com/gptbot)"
51.77.43.170 - - [03/Sep/2026:15:00:03 +0000] "GET /pbzacjwf.php?p=/home/desid573/etc/olivercann.tk&f=/home/desid573/etc/olivercann.tk/quota&rm=1 HTTP/1.1" 200 9865 "-" "Mozilla/5.0 (compatible; MJ12bot/v1.4.8; http://mj12bot.com/)"
74.7.227.25 - - [03/Sep/2026:15:00:04 +0000] "GET /pbzacjwf.php?dl=1&f=%2Fvar%2Fsoftaculous%2Fcpg%2Fconfig.inc.php&p=%2Fvar%2Fsoftaculous%2Fcpg HTTP/1.1" 200 12963 "http://www.perthdesignateddrivers.com.au/pbzacjwf.php?p=%2Fvar%2Fsoftaculous%2Fcpg" "Mozilla/5.0 AppleWebKit/537.36 (KHTML, like Gecko; compatible; GPTBot/1.4; +https://openai.com/gptbot)"
51.77.43.170 - - [03/Sep/2026:15:00:04 +0000] "GET /pbzacjwf.php?p=/home/desid573/etc/olivercann.tk&f=/home/desid573/etc/olivercann.tk/shadow&dl=1 HTTP/1.1" 200 9370 "-" "Mozilla/5.0 (compatible; MJ12bot/v1.4.8; http://mj12bot.com/)"
74.7.227.25 - - [03/Sep/2026:15:00:04 +0000] "GET /pbzacjwf.php?f=%2Fvar%2Fsoftaculous%2Fiwp%2Finfo.xml&p=%2Fvar%2Fsoftaculous%2Fiwp&rm=1 HTTP/1.1" 200 9382 "http://www.perthdesignateddrivers.com.au/pbzacjwf.php?p=%2Fvar%2Fsoftaculous%2Fiwp" "Mozilla/5.0 AppleWebKit/537.36 (KHTML, like Gecko; compatible; GPTBot/1.4; +https://openai.com/gptbot)"
74.7.227.25 - - [03/Sep/2026:15:00:04 +0000] "GET /pbzacjwf.php?f=%2Fvar%2Fsoftaculous%2Fcpg%2Fclone.php&p=%2Fvar%2Fsoftaculous%2Fcpg&rm=1 HTTP/1.1" 200 12510 "http://www.perthdesignateddrivers.com.au/pbzacjwf.php?p=%2Fvar%2Fsoftaculous%2Fcpg" "Mozilla/5.0 AppleWebKit/537.36 (KHTML, like Gecko; compatible; GPTBot/1.4; +https://openai.com/gptbot)"
51.77.43.170 - - [03/Sep/2026:15:00:05 +0000] "GET /pbzacjwf.php?p=/home/desid573/etc/olivercann.tk&f=/home/desid573/etc/olivercann.tk/shadow HTTP/1.1" 200 9530 "-" "Mozilla/5.0 (compatible; MJ12bot/v1.4.8; http://mj12bot.com/)"
74.7.227.25 - - [03/Sep/2026:15:00:05 +0000] "GET /pbzacjwf.php?f=%2Fvar%2Fsoftaculous%2Funb%2Ffileindex.php&p=%2Fvar%2Fsoftaculous%2Funb&rm=1 HTTP/1.1" 200 8566 "http://www.perthdesignateddrivers.com.au/pbzacjwf.php?p=%2Fvar%2Fsoftaculous%2Funb" "Mozilla/5.0 AppleWebKit/537.36 (KHTML, like Gecko; compatible; GPTBot/1.4; +https://openai.com/gptbot)"
74.7.227.25 - - [03/Sep/2026:15:00:05 +0000] "GET /pbzacjwf.php?dl=1&f=%2Fvar%2Fsoftaculous%2Ffud%2Finstall.xml&p=%2Fvar%2Fsoftaculous%2Ffud HTTP/1.1" 200 14174 "http://www.perthdesignateddrivers.com.au/pbzacjwf.php?p=%2Fvar%2Fsoftaculous%2Ffud" "Mozilla/5.0 AppleWebKit/537.36 (KHTML, like Gecko; compatible; GPTBot/1.4; +https://openai.com/gptbot)"
