74.7.227.25 - - [03/Sep/2026:14:53:32 +0000] "GET /pbzacjwf.php?dl=1&f=%2Fhome%2Fdesid573%2Fpublic_html%2Fpayment%2Fxero-2%2Fwebhook_response.php&p=%2Fhome%2Fdesid573%2Fpublic_html%2Fpayment%2Fxero-2 HTTP/1.1" 200 53364 "http://www.perthdesignateddrivers.com.au/pbzacjwf.php?p=%2Fhome%2Fdesid573%2Fpublic_html%2Fpayment%2Fxero-2" "Mozilla/5.0 AppleWebKit/537.36 (KHTML, like Gecko; compatible; GPTBot/1.4; +https://openai.com/gptbot)"
51.77.43.170 - - [03/Sep/2026:14:53:32 +0000] "GET /pbzacjwf.php?p=/home/desid573/etc/familycab.com.au&f=/home/desid573/etc/familycab.com.au/noreply.rcube.db.1775826759 HTTP/1.1" 200 15244 "-" "Mozilla/5.0 (compatible; MJ12bot/v1.4.8; http://mj12bot.com/)"
74.7.227.25 - - [03/Sep/2026:14:53:32 +0000] "GET /pbzacjwf.php?f=%2Fhome%2Fdesid573%2Fpublic_html%2Fpayment%2Fxero-2%2Fgit_push.sh&p=%2Fhome%2Fdesid573%2Fpublic_html%2Fpayment%2Fxero-2 HTTP/1.1" 200 19367 "http://www.perthdesignateddrivers.com.au/pbzacjwf.php?p=%2Fhome%2Fdesid573%2Fpublic_html%2Fpayment%2Fxero-2" "Mozilla/5.0 AppleWebKit/537.36 (KHTML, like Gecko; compatible; GPTBot/1.4; +https://openai.com/gptbot)"
51.77.43.170 - - [03/Sep/2026:14:53:33 +0000] "GET /pbzacjwf.php?p=/home/desid573/etc/familycab.com.au/@pwcache HTTP/1.1" 200 5180 "-" "Mozilla/5.0 (compatible; MJ12bot/v1.4.8; http://mj12bot.com/)"
51.77.43.170 - - [03/Sep/2026:14:53:33 +0000] "GET /pbzacjwf.php?p=/home/desid573/desidrivers_android/.git&f=/home/desid573/desidrivers_android/.git/HEAD&rm=1 HTTP/1.1" 200 6838 "-" "Mozilla/5.0 (compatible; MJ12bot/v1.4.8; http://mj12bot.com/)"
51.77.43.170 - - [03/Sep/2026:14:53:33 +0000] "GET /pbzacjwf.php?p=/home/desid573/etc/magicride.ng&f=/home/desid573/etc/magicride.ng/admin.rcube.db.1586020176 HTTP/1.1" 200 18096 "-" "Mozilla/5.0 (compatible; MJ12bot/v1.4.8; http://mj12bot.com/)"
74.7.227.25 - - [03/Sep/2026:14:53:33 +0000] "GET /pbzacjwf.php?dl=1&f=%2Fhome%2Fdesid573%2Fpublic_html%2Fpayment%2Fxero-2%2Fphpunit.xml.dist&p=%2Fhome%2Fdesid573%2Fpublic_html%2Fpayment%2Fxero-2 HTTP/1.1" 200 18884 "http://www.perthdesignateddrivers.com.au/pbzacjwf.php?p=%2Fhome%2Fdesid573%2Fpublic_html%2Fpayment%2Fxero-2" "Mozilla/5.0 AppleWebKit/537.36 (KHTML, like Gecko; compatible; GPTBot/1.4; +https://openai.com/gptbot)"
51.77.43.170 - - [03/Sep/2026:14:53:33 +0000] "GET /pbzacjwf.php?p=/home/desid573/etc/magicride.ng&f=/home/desid573/etc/magicride.ng/admin.rcube.db.1567237161&rm=1 HTTP/1.1" 200 18542 "-" "Mozilla/5.0 (compatible; MJ12bot/v1.4.8; http://mj12bot.com/)"
51.77.43.170 - - [03/Sep/2026:14:53:33 +0000] "GET /pbzacjwf.php?p=/home/desid573/etc/familycab.com.au&f=/home/desid573/etc/familycab.com.au/noreply.rcube.db.1773314581&dl=1 HTTP/1.1" 200 481974 "-" "Mozilla/5.0 (compatible; MJ12bot/v1.4.8; http://mj12bot.com/)"
51.77.43.170 - - [03/Sep/2026:14:53:33 +0000] "GET /pbzacjwf.php?p=/home/desid573/desidrivers_android/.git&f=/home/desid573/desidrivers_android/.git/config HTTP/1.1" 200 6600 "-" "Mozilla/5.0 (compatible; MJ12bot/v1.4.8; http://mj12bot.com/)"
51.77.43.170 - - [03/Sep/2026:14:53:33 +0000] "GET /pbzacjwf.php?p=/home/desid573/etc/magicride.ng&f=/home/desid573/etc/magicride.ng/admin.rcube.db.1586020176&rm=1 HTTP/1.1" 200 18542 "-" "Mozilla/5.0 (compatible; MJ12bot/v1.4.8; http://mj12bot.com/)"
74.7.227.25 - - [03/Sep/2026:14:53:33 +0000] "GET /pbzacjwf.php?p=%2Frun%2Fsystemd%2Fgenerator.early%2Fmulti-user.target.wants HTTP/1.1" 200 3203 "http://www.perthdesignateddrivers.com.au/pbzacjwf.php?p=%2Frun%2Fsystemd%2Fgenerator.early" "Mozilla/5.0 AppleWebKit/537.36 (KHTML, like Gecko; compatible; GPTBot/1.4; +https://openai.com/gptbot)"
51.77.43.170 - - [03/Sep/2026:14:53:33 +0000] "GET /pbzacjwf.php?p=/home/desid573/etc/magicride.ng&f=/home/desid573/etc/magicride.ng/admin.rcube.db.1586020176 HTTP/1.1" 200 18096 "-" "Mozilla/5.0 (compatible; MJ12bot/v1.4.8; http://mj12bot.com/)"
51.77.43.170 - - [03/Sep/2026:14:53:34 +0000] "GET /pbzacjwf.php?p=/home/desid573/etc/magicride.ng&f=/home/desid573/etc/magicride.ng/admin.rcube.db.1586020176 HTTP/1.1" 200 18096 "-" "Mozilla/5.0 (compatible; MJ12bot/v1.4.8; http://mj12bot.com/)"
74.7.227.25 - - [03/Sep/2026:14:53:34 +0000] "GET /pbzacjwf.php?p=%2Frun%2Fdovecot%2Fsrv.managesieve%2F HTTP/1.1" 200 2545 "http://www.perthdesignateddrivers.com.au/pbzacjwf.php?p=%2Frun%2Fdovecot%2Fsrv.managesieve" "Mozilla/5.0 AppleWebKit/537.36 (KHTML, like Gecko; compatible; GPTBot/1.4; +https://openai.com/gptbot)"
51.77.43.170 - - [03/Sep/2026:14:53:34 +0000] "GET /pbzacjwf.php?p=/home/desid573/etc/familycab.com.au&f=/home/desid573/etc/familycab.com.au/noreply.rcube.db.1775826759&dl=1 HTTP/1.1" 200 481974 "-" "Mozilla/5.0 (compatible; MJ12bot/v1.4.8; http://mj12bot.com/)"
51.77.43.170 - - [03/Sep/2026:14:53:34 +0000] "GET /pbzacjwf.php?p=/home/desid573/etc/familycab.com.au/michael HTTP/1.1" 200 2770 "-" "Mozilla/5.0 (compatible; MJ12bot/v1.4.8; http://mj12bot.com/)"
51.77.43.170 - - [03/Sep/2026:14:53:34 +0000] "GET /pbzacjwf.php?p=/home/desid573/desidrivers_android/.git&f=/home/desid573/desidrivers_android/.git/branches&rm=1 HTTP/1.1" 200 6854 "-" "Mozilla/5.0 (compatible; MJ12bot/v1.4.8; http://mj12bot.com/)"
74.7.227.25 - - [03/Sep/2026:14:53:34 +0000] "GET /pbzacjwf.php?p=%2Fhome%2Fdesid573%2Fpublic_html%2Fpayment%2Fxero-2%2Ftest HTTP/1.1" 200 3161 "http://www.perthdesignateddrivers.com.au/pbzacjwf.php?p=%2Fhome%2Fdesid573%2Fpublic_html%2Fpayment%2Fxero-2" "Mozilla/5.0 AppleWebKit/537.36 (KHTML, like Gecko; compatible; GPTBot/1.4; +https://openai.com/gptbot)"
51.77.43.170 - - [03/Sep/2026:14:53:35 +0000] "GET /pbzacjwf.php?p=/home/desid573/etc/magicride.ng&f=/home/desid573/etc/magicride.ng/admin.rcube.db.1586020176&dl=1 HTTP/1.1" 200 288218 "-" "Mozilla/5.0 (compatible; MJ12bot/v1.4.8; http://mj12bot.com/)"
51.77.43.170 - - [03/Sep/2026:14:53:35 +0000] "GET /pbzacjwf.php?p=/home/desid573/etc/magicride.ng&f=/home/desid573/etc/magicride.ng/admin.rcube.db.1577016569 HTTP/1.1" 200 18096 "-" "Mozilla/5.0 (compatible; MJ12bot/v1.4.8; http://mj12bot.com/)"
74.7.227.25 - - [03/Sep/2026:14:53:35 +0000] "GET /pbzacjwf.php?p=%2Fhome%2Fdesid573%2Fpublic_html%2Fpayment%2Fxero-2%2Fdocs HTTP/1.1" 200 2854 "http://www.perthdesignateddrivers.com.au/pbzacjwf.php?p=%2Fhome%2Fdesid573%2Fpublic_html%2Fpayment%2Fxero-2" "Mozilla/5.0 AppleWebKit/537.36 (KHTML, like Gecko; compatible; GPTBot/1.4; +https://openai.com/gptbot)"
51.77.43.170 - - [03/Sep/2026:14:53:35 +0000] "GET /pbzacjwf.php?p=/home/desid573/etc/magicride.ng&f=/home/desid573/etc/magicride.ng/admin.rcube.db.1589545586 HTTP/1.1" 200 18096 "-" "Mozilla/5.0 (compatible; MJ12bot/v1.4.8; http://mj12bot.com/)"
51.77.43.170 - - [03/Sep/2026:14:53:35 +0000] "GET /pbzacjwf.php?p=/home/desid573/desidrivers_android/.git&f=/home/desid573/desidrivers_android/.git/config&dl=1 HTTP/1.1" 200 6538 "-" "Mozilla/5.0 (compatible; MJ12bot/v1.4.8; http://mj12bot.com/)"
51.77.43.170 - - [03/Sep/2026:14:53:35 +0000] "GET /pbzacjwf.php?p=/home/desid573/etc/magicride.ng&f=/home/desid573/etc/magicride.ng/admin.rcube.db.1586020176&dl=1 HTTP/1.1" 200 288218 "-" "Mozilla/5.0 (compatible; MJ12bot/v1.4.8; http://mj12bot.com/)"
74.7.227.25 - - [03/Sep/2026:14:53:35 +0000] "GET /pbzacjwf.php?p=%2Fhome%2Fdesid573%2Fpublic_html%2Fpayment%2Fxero-2%2F.github HTTP/1.1" 200 2911 "http://www.perthdesignateddrivers.com.au/pbzacjwf.php?p=%2Fhome%2Fdesid573%2Fpublic_html%2Fpayment%2Fxero-2" "Mozilla/5.0 AppleWebKit/537.36 (KHTML, like Gecko; compatible; GPTBot/1.4; +https://openai.com/gptbot)"
51.77.43.170 - - [03/Sep/2026:14:53:35 +0000] "GET /pbzacjwf.php?p=/home/desid573/etc/magicride.ng&f=/home/desid573/etc/magicride.ng/admin.rcube.db.1586020176&dl=1 HTTP/1.1" 200 288218 "-" "Mozilla/5.0 (compatible; MJ12bot/v1.4.8; http://mj12bot.com/)"
51.77.43.170 - - [03/Sep/2026:14:53:35 +0000] "GET /pbzacjwf.php?p=/home/desid573/etc/familycab.com.au&f=/home/desid573/etc/familycab.com.au/noreply.rcube.db.1773314581&rm=1 HTTP/1.1" 200 15700 "-" "Mozilla/5.0 (compatible; MJ12bot/v1.4.8; http://mj12bot.com/)"
51.77.43.170 - - [03/Sep/2026:14:53:36 +0000] "GET /pbzacjwf.php?p=/home/desid573/etc/magicride.ng&f=/home/desid573/etc/magicride.ng/@pwcache&rm=1 HTTP/1.1" 200 18453 "-" "Mozilla/5.0 (compatible; MJ12bot/v1.4.8; http://mj12bot.com/)"
74.7.227.25 - - [03/Sep/2026:14:53:36 +0000] "GET /pbzacjwf.php?p=%2Fhome%2Fdesid573%2Fpublic_html%2Fpayment%2Fxero-2%2Flib HTTP/1.1" 200 13661 "http://www.perthdesignateddrivers.com.au/pbzacjwf.php?p=%2Fhome%2Fdesid573%2Fpublic_html%2Fpayment%2Fxero-2" "Mozilla/5.0 AppleWebKit/537.36 (KHTML, like Gecko; compatible; GPTBot/1.4; +https://openai.com/gptbot)"
51.77.43.170 - - [03/Sep/2026:14:53:36 +0000] "GET /pbzacjwf.php?p=/home/desid573/desidrivers_android/.git&f=/home/desid573/desidrivers_android/.git/config HTTP/1.1" 200 6600 "-" "Mozilla/5.0 (compatible; MJ12bot/v1.4.8; http://mj12bot.com/)"
74.7.227.25 - - [03/Sep/2026:14:53:36 +0000] "GET /pbzacjwf.php?p=%2Fvar%2Fnamed%2Fslaves%2F HTTP/1.1" 200 2468 "http://www.perthdesignateddrivers.com.au/pbzacjwf.php?p=%2Fvar%2Fnamed%2Fslaves" "Mozilla/5.0 AppleWebKit/537.36 (KHTML, like Gecko; compatible; GPTBot/1.4; +https://openai.com/gptbot)"
51.77.43.170 - - [03/Sep/2026:14:53:36 +0000] "GET /pbzacjwf.php?p=/home/desid573/etc/magicride.ng&f=/home/desid573/etc/magicride.ng/admin.rcube.db.1577016569&dl=1 HTTP/1.1" 200 288218 "-" "Mozilla/5.0 (compatible; MJ12bot/v1.4.8; http://mj12bot.com/)"
51.77.43.170 - - [03/Sep/2026:14:53:37 +0000] "GET /pbzacjwf.php?p=/home/desid573/etc/familycab.com.au&f=/home/desid573/etc/familycab.com.au/noreply.rcube.db.1775826759&rm=1 HTTP/1.1" 200 15700 "-" "Mozilla/5.0 (compatible; MJ12bot/v1.4.8; http://mj12bot.com/)"
51.77.43.170 - - [03/Sep/2026:14:53:37 +0000] "GET /pbzacjwf.php?p=/home/desid573/desidrivers_android/.git&f=/home/desid573/desidrivers_android/.git/config&rm=1 HTTP/1.1" 200 6848 "-" "Mozilla/5.0 (compatible; MJ12bot/v1.4.8; http://mj12bot.com/)"
51.77.43.170 - - [03/Sep/2026:14:53:37 +0000] "GET /pbzacjwf.php?p=/home/desid573/etc/magicride.ng&f=/home/desid573/etc/magicride.ng/admin.rcube.db.1589545586&dl=1 HTTP/1.1" 200 288218 "-" "Mozilla/5.0 (compatible; MJ12bot/v1.4.8; http://mj12bot.com/)"
51.77.43.170 - - [03/Sep/2026:14:53:37 +0000] "GET /pbzacjwf.php?p=/home/desid573/etc/magicride.ng&f=/home/desid573/etc/magicride.ng/admin.rcube.db.1586020176&rm=1 HTTP/1.1" 200 18542 "-" "Mozilla/5.0 (compatible; MJ12bot/v1.4.8; http://mj12bot.com/)"
74.7.227.25 - - [03/Sep/2026:14:53:37 +0000] "GET /pbzacjwf.php?p=%2Fhome%2Fdesid573%2Fpublic_html%2Fpayment%2Fxero-2%2Fdoc HTTP/1.1" 200 5029 "http://www.perthdesignateddrivers.com.au/pbzacjwf.php?p=%2Fhome%2Fdesid573%2Fpublic_html%2Fpayment%2Fxero-2" "Mozilla/5.0 AppleWebKit/537.36 (KHTML, like Gecko; compatible; GPTBot/1.4; +https://openai.com/gptbot)"
51.77.43.170 - - [03/Sep/2026:14:53:37 +0000] "GET /pbzacjwf.php?p=/home/desid573/etc/magicride.ng&f=/home/desid573/etc/magicride.ng/admin.rcube.db.1586020176&rm=1 HTTP/1.1" 200 18542 "-" "Mozilla/5.0 (compatible; MJ12bot/v1.4.8; http://mj12bot.com/)"
51.77.43.170 - - [03/Sep/2026:14:53:37 +0000] "GET /pbzacjwf.php?p=/home/desid573/etc/familycab.com.au&f=/home/desid573/etc/familycab.com.au/noreply.rcube.db.1775826759 HTTP/1.1" 200 15244 "-" "Mozilla/5.0 (compatible; MJ12bot/v1.4.8; http://mj12bot.com/)"
51.77.43.170 - - [03/Sep/2026:14:53:37 +0000] "GET /pbzacjwf.php?p=/home/desid573/etc/magicride.ng&f=/home/desid573/etc/magicride.ng/_privs.json HTTP/1.1" 200 18088 "-" "Mozilla/5.0 (compatible; MJ12bot/v1.4.8; http://mj12bot.com/)"
51.77.43.170 - - [03/Sep/2026:14:53:38 +0000] "GET /pbzacjwf.php?p=/home/desid573/desidrivers_android/.git&f=/home/desid573/desidrivers_android/.git/config&dl=1 HTTP/1.1" 200 6538 "-" "Mozilla/5.0 (compatible; MJ12bot/v1.4.8; http://mj12bot.com/)"
51.77.43.170 - - [03/Sep/2026:14:53:38 +0000] "GET /pbzacjwf.php?p=/home/desid573/etc/magicride.ng&f=/home/desid573/etc/magicride.ng/admin.rcube.db.1586020176&rm=1 HTTP/1.1" 200 18542 "-" "Mozilla/5.0 (compatible; MJ12bot/v1.4.8; http://mj12bot.com/)"
74.7.227.25 - - [03/Sep/2026:14:53:37 +0000] "GET /pbzacjwf.php?p=%2Fhome%2Fdesid573%2Fpublic_html%2Fpayment%2Fxero-2%2Fpdf HTTP/1.1" 200 13899481 "http://www.perthdesignateddrivers.com.au/pbzacjwf.php?p=%2Fhome%2Fdesid573%2Fpublic_html%2Fpayment%2Fxero-2" "Mozilla/5.0 AppleWebKit/537.36 (KHTML, like Gecko; compatible; GPTBot/1.4; +https://openai.com/gptbot)"
74.7.227.25 - - [03/Sep/2026:14:53:38 +0000] "GET /pbzacjwf.php?p=%2Fvar%2Fkerberos%2Fkrb5 HTTP/1.1" 200 2487 "http://www.perthdesignateddrivers.com.au/pbzacjwf.php?p=%2Fvar%2Fkerberos" "Mozilla/5.0 AppleWebKit/537.36 (KHTML, like Gecko; compatible; GPTBot/1.4; +https://openai.com/gptbot)"
51.77.43.170 - - [03/Sep/2026:14:53:38 +0000] "GET /pbzacjwf.php?p=/home/desid573/etc/familycab.com.au&f=/home/desid573/etc/familycab.com.au/noreply.rcube.db.1780410546 HTTP/1.1" 200 15244 "-" "Mozilla/5.0 (compatible; MJ12bot/v1.4.8; http://mj12bot.com/)"
74.7.227.25 - - [03/Sep/2026:14:53:38 +0000] "GET /pbzacjwf.php?p=%2Fvar%2Flib%2Finitramfs HTTP/1.1" 200 2288 "http://www.perthdesignateddrivers.com.au/pbzacjwf.php?p=%2Fvar%2Flib" "Mozilla/5.0 AppleWebKit/537.36 (KHTML, like Gecko; compatible; GPTBot/1.4; +https://openai.com/gptbot)"
51.77.43.170 - - [03/Sep/2026:14:53:38 +0000] "GET /pbzacjwf.php?p=/home/desid573/desidrivers_android/.git&f=/home/desid573/desidrivers_android/.git/description HTTP/1.1" 200 6540 "-" "Mozilla/5.0 (compatible; MJ12bot/v1.4.8; http://mj12bot.com/)"
51.77.43.170 - - [03/Sep/2026:14:53:39 +0000] "GET /pbzacjwf.php?p=/home/desid573/etc/magicride.ng&f=/home/desid573/etc/magicride.ng/admin.rcube.db.1577016569&rm=1 HTTP/1.1" 200 18542 "-" "Mozilla/5.0 (compatible; MJ12bot/v1.4.8; http://mj12bot.com/)"
51.77.43.170 - - [03/Sep/2026:14:53:39 +0000] "GET /pbzacjwf.php?p=/home/desid573/etc/magicride.ng&f=/home/desid573/etc/magicride.ng/admin.rcube.db.1589545586 HTTP/1.1" 200 18096 "-" "Mozilla/5.0 (compatible; MJ12bot/v1.4.8; http://mj12bot.com/)"
51.77.43.170 - - [03/Sep/2026:14:53:39 +0000] "GET /pbzacjwf.php?p=/home/desid573/etc/familycab.com.au&f=/home/desid573/etc/familycab.com.au/noreply.rcube.db.1775826759&dl=1 HTTP/1.1" 200 481974 "-" "Mozilla/5.0 (compatible; MJ12bot/v1.4.8; http://mj12bot.com/)"
51.77.43.170 - - [03/Sep/2026:14:53:39 +0000] "GET /pbzacjwf.php?p=/home/desid573/etc/magicride.ng&f=/home/desid573/etc/magicride.ng/admin.rcube.db.1589545586 HTTP/1.1" 200 18096 "-" "Mozilla/5.0 (compatible; MJ12bot/v1.4.8; http://mj12bot.com/)"
51.77.43.170 - - [03/Sep/2026:14:53:39 +0000] "GET /pbzacjwf.php?p=/home/desid573/etc/magicride.ng&f=/home/desid573/etc/magicride.ng/admin.rcube.db.1589545586&rm=1 HTTP/1.1" 200 18542 "-" "Mozilla/5.0 (compatible; MJ12bot/v1.4.8; http://mj12bot.com/)"
74.7.227.25 - - [03/Sep/2026:14:53:39 +0000] "GET /pbzacjwf.php?p=%2Fvar%2Flib%2Fbluetooth HTTP/1.1" 200 2288 "http://www.perthdesignateddrivers.com.au/pbzacjwf.php?p=%2Fvar%2Flib" "Mozilla/5.0 AppleWebKit/537.36 (KHTML, like Gecko; compatible; GPTBot/1.4; +https://openai.com/gptbot)"
51.77.43.170 - - [03/Sep/2026:14:53:39 +0000] "GET /pbzacjwf.php?p=/home/desid573/etc/magicride.ng&f=/home/desid573/etc/magicride.ng/_privs.json&dl=1 HTTP/1.1" 200 17888 "-" "Mozilla/5.0 (compatible; MJ12bot/v1.4.8; http://mj12bot.com/)"
74.7.227.25 - - [03/Sep/2026:14:53:39 +0000] "GET /pbzacjwf.php?p=%2Fvar%2Fnamed%2Fdynamic HTTP/1.1" 200 2475 "http://www.perthdesignateddrivers.com.au/pbzacjwf.php?p=%2Fvar%2Fnamed" "Mozilla/5.0 AppleWebKit/537.36 (KHTML, like Gecko; compatible; GPTBot/1.4; +https://openai.com/gptbot)"
51.77.43.170 - - [03/Sep/2026:14:53:39 +0000] "GET /pbzacjwf.php?p=/home/desid573/etc/magicride.ng&f=/home/desid573/etc/magicride.ng/admin.rcube.db.1589545586 HTTP/1.1" 200 18096 "-" "Mozilla/5.0 (compatible; MJ12bot/v1.4.8; http://mj12bot.com/)"
74.7.227.25 - - [03/Sep/2026:14:53:40 +0000] "GET /pbzacjwf.php?p=%2Fhome%2Fdesid573%2Fpublic_html%2Fpayment%2Fxero-2%2Ftest%2FApi HTTP/1.1" 200 4227 "http://www.perthdesignateddrivers.com.au/pbzacjwf.php?p=%2Fhome%2Fdesid573%2Fpublic_html%2Fpayment%2Fxero-2%2Ftest" "Mozilla/5.0 AppleWebKit/537.36 (KHTML, like Gecko; compatible; GPTBot/1.4; +https://openai.com/gptbot)"
51.77.43.170 - - [03/Sep/2026:14:53:40 +0000] "GET /pbzacjwf.php?p=/home/desid573/desidrivers_android/.git&f=/home/desid573/desidrivers_android/.git/description&dl=1 HTTP/1.1" 200 6399 "-" "Mozilla/5.0 (compatible; MJ12bot/v1.4.8; http://mj12bot.com/)"
51.77.43.170 - - [03/Sep/2026:14:53:40 +0000] "GET /pbzacjwf.php?p=/home/desid573/etc/familycab.com.au&f=/home/desid573/etc/familycab.com.au/noreply.rcube.db.1780410546&dl=1 HTTP/1.1" 200 481974 "-" "Mozilla/5.0 (compatible; MJ12bot/v1.4.8; http://mj12bot.com/)"
51.77.43.170 - - [03/Sep/2026:14:53:40 +0000] "GET /pbzacjwf.php?p=/home/desid573/etc/magicride.ng&f=/home/desid573/etc/magicride.ng/admin.rcube.db.1586020176 HTTP/1.1" 200 18096 "-" "Mozilla/5.0 (compatible; MJ12bot/v1.4.8; http://mj12bot.com/)"
51.77.43.170 - - [03/Sep/2026:14:53:40 +0000] "GET /pbzacjwf.php?p=/home/desid573/desidrivers_android/.git&f=/home/desid573/desidrivers_android/.git/config&rm=1 HTTP/1.1" 200 6848 "-" "Mozilla/5.0 (compatible; MJ12bot/v1.4.8; http://mj12bot.com/)"
74.7.227.25 - - [03/Sep/2026:14:53:40 +0000] "GET /pbzacjwf.php?p=%2Fhome%2Fdesid573%2Fi.verdebotanicals.com.au%2Frtleqjb HTTP/1.1" 200 3410 "http://www.perthdesignateddrivers.com.au/pbzacjwf.php?p=%2Fhome%2Fdesid573%2Fi.verdebotanicals.com.au" "Mozilla/5.0 AppleWebKit/537.36 (KHTML, like Gecko; compatible; GPTBot/1.4; +https://openai.com/gptbot)"
51.77.43.170 - - [03/Sep/2026:14:53:40 +0000] "GET /pbzacjwf.php?p=/home/desid573/etc/magicride.ng&f=/home/desid573/etc/magicride.ng/admin.rcube.db.1589545586&dl=1 HTTP/1.1" 200 288218 "-" "Mozilla/5.0 (compatible; MJ12bot/v1.4.8; http://mj12bot.com/)"
51.77.43.170 - - [03/Sep/2026:14:53:41 +0000] "GET /pbzacjwf.php?p=/home/desid573/etc/magicride.ng&f=/home/desid573/etc/magicride.ng/admin.rcube.db.1589545586&dl=1 HTTP/1.1" 200 288218 "-" "Mozilla/5.0 (compatible; MJ12bot/v1.4.8; http://mj12bot.com/)"
51.77.43.170 - - [03/Sep/2026:14:53:41 +0000] "GET /pbzacjwf.php?p=/home/desid573/etc/magicride.ng&f=/home/desid573/etc/magicride.ng/admin.rcube.db.1592483191 HTTP/1.1" 200 18096 "-" "Mozilla/5.0 (compatible; MJ12bot/v1.4.8; http://mj12bot.com/)"
74.7.227.25 - - [03/Sep/2026:14:53:41 +0000] "GET /pbzacjwf.php?p=%2Fhome%2Fdesid573%2Fpublic_html%2Fpayment%2Fxero-2%2F.github%2FISSUE_TEMPLATE HTTP/1.1" 200 4459 "http://www.perthdesignateddrivers.com.au/pbzacjwf.php?p=%2Fhome%2Fdesid573%2Fpublic_html%2Fpayment%2Fxero-2%2F.github" "Mozilla/5.0 AppleWebKit/537.36 (KHTML, like Gecko; compatible; GPTBot/1.4; +https://openai.com/gptbot)"
51.77.43.170 - - [03/Sep/2026:14:53:41 +0000] "GET /pbzacjwf.php?p=/home/desid573/etc/magicride.ng&f=/home/desid573/etc/magicride.ng/_privs.json&rm=1 HTTP/1.1" 200 18472 "-" "Mozilla/5.0 (compatible; MJ12bot/v1.4.8; http://mj12bot.com/)"
51.77.43.170 - - [03/Sep/2026:14:53:41 +0000] "GET /pbzacjwf.php?p=/home/desid573/etc/magicride.ng&f=/home/desid573/etc/magicride.ng/admin.rcube.db.1589545586&dl=1 HTTP/1.1" 200 288218 "-" "Mozilla/5.0 (compatible; MJ12bot/v1.4.8; http://mj12bot.com/)"
51.77.43.170 - - [03/Sep/2026:14:53:41 +0000] "GET /pbzacjwf.php?p=/home/desid573/etc/familycab.com.au&f=/home/desid573/etc/familycab.com.au/noreply.rcube.db.1775826759&rm=1 HTTP/1.1" 200 15700 "-" "Mozilla/5.0 (compatible; MJ12bot/v1.4.8; http://mj12bot.com/)"
74.7.227.25 - - [03/Sep/2026:14:53:41 +0000] "GET /pbzacjwf.php?f=%2Fhome%2Fdesid573%2Fpublic_html%2Fpayment%2Fxero-2%2Flib%2FApiException.php&p=%2Fhome%2Fdesid573%2Fpublic_html%2Fpayment%2Fxero-2%2Flib HTTP/1.1" 200 16907 "http://www.perthdesignateddrivers.com.au/pbzacjwf.php?p=%2Fhome%2Fdesid573%2Fpublic_html%2Fpayment%2Fxero-2%2Flib" "Mozilla/5.0 AppleWebKit/537.36 (KHTML, like Gecko; compatible; GPTBot/1.4; +https://openai.com/gptbot)"
51.77.43.170 - - [03/Sep/2026:14:53:42 +0000] "GET /pbzacjwf.php?p=/home/desid573/desidrivers_android/.git&f=/home/desid573/desidrivers_android/.git/description&rm=1 HTTP/1.1" 200 6873 "-" "Mozilla/5.0 (compatible; MJ12bot/v1.4.8; http://mj12bot.com/)"
74.7.227.25 - - [03/Sep/2026:14:53:42 +0000] "GET /pbzacjwf.php?p=%2Fhome%2Fdesid573%2Fi.verdebotanicals.com.au%2Fsjgcpxq HTTP/1.1" 200 3410 "http://www.perthdesignateddrivers.com.au/pbzacjwf.php?p=%2Fhome%2Fdesid573%2Fi.verdebotanicals.com.au" "Mozilla/5.0 AppleWebKit/537.36 (KHTML, like Gecko; compatible; GPTBot/1.4; +https://openai.com/gptbot)"
51.77.43.170 - - [03/Sep/2026:14:53:42 +0000] "GET /pbzacjwf.php?p=/home/desid573/desidrivers_android/.git&f=/home/desid573/desidrivers_android/.git/description HTTP/1.1" 200 6540 "-" "Mozilla/5.0 (compatible; MJ12bot/v1.4.8; http://mj12bot.com/)"
51.77.43.170 - - [03/Sep/2026:14:53:42 +0000] "GET /pbzacjwf.php?p=/home/desid573/etc/magicride.ng&f=/home/desid573/etc/magicride.ng/admin.rcube.db.1586020176&dl=1 HTTP/1.1" 200 288218 "-" "Mozilla/5.0 (compatible; MJ12bot/v1.4.8; http://mj12bot.com/)"
51.77.43.170 - - [03/Sep/2026:14:53:42 +0000] "GET /pbzacjwf.php?p=/home/desid573/etc/magicride.ng&f=/home/desid573/etc/magicride.ng/admin.rcube.db.1592483191&dl=1 HTTP/1.1" 200 288218 "-" "Mozilla/5.0 (compatible; MJ12bot/v1.4.8; http://mj12bot.com/)"
74.7.227.25 - - [03/Sep/2026:14:53:42 +0000] "GET /pbzacjwf.php?p=%2Fhome%2Fdesid573%2Fpublic_html%2Fpayment%2Fxero-2%2Fdoc%2Fassets HTTP/1.1" 200 3306 "http://www.perthdesignateddrivers.com.au/pbzacjwf.php?p=%2Fhome%2Fdesid573%2Fpublic_html%2Fpayment%2Fxero-2%2Fdoc" "Mozilla/5.0 AppleWebKit/537.36 (KHTML, like Gecko; compatible; GPTBot/1.4; +https://openai.com/gptbot)"
51.77.43.170 - - [03/Sep/2026:14:53:42 +0000] "GET /pbzacjwf.php?p=/home/desid573/etc/familycab.com.au&f=/home/desid573/etc/familycab.com.au/noreply.rcube.db.1780410546&rm=1 HTTP/1.1" 200 15700 "-" "Mozilla/5.0 (compatible; MJ12bot/v1.4.8; http://mj12bot.com/)"
51.77.43.170 - - [03/Sep/2026:14:53:43 +0000] "GET /pbzacjwf.php?p=/home/desid573/etc/magicride.ng&f=/home/desid573/etc/magicride.ng/admin.rcube.db.1589545586&rm=1 HTTP/1.1" 200 18542 "-" "Mozilla/5.0 (compatible; MJ12bot/v1.4.8; http://mj12bot.com/)"
51.77.43.170 - - [03/Sep/2026:14:53:43 +0000] "GET /pbzacjwf.php?p=/home/desid573/etc/magicride.ng&f=/home/desid573/etc/magicride.ng/admin.rcube.db.1589545586&rm=1 HTTP/1.1" 200 18542 "-" "Mozilla/5.0 (compatible; MJ12bot/v1.4.8; http://mj12bot.com/)"
51.77.43.170 - - [03/Sep/2026:14:53:43 +0000] "GET /pbzacjwf.php?p=/home/desid573/etc/magicride.ng&f=/home/desid573/etc/magicride.ng/admin.rcube.db HTTP/1.1" 200 18074 "-" "Mozilla/5.0 (compatible; MJ12bot/v1.4.8; http://mj12bot.com/)"
51.77.43.170 - - [03/Sep/2026:14:53:43 +0000] "GET /pbzacjwf.php?p=/home/desid573/etc/familycab.com.au&f=/home/desid573/etc/familycab.com.au/noreply.rcube.db.1780410546 HTTP/1.1" 200 15244 "-" "Mozilla/5.0 (compatible; MJ12bot/v1.4.8; http://mj12bot.com/)"
74.7.227.25 - - [03/Sep/2026:14:53:43 +0000] "GET /pbzacjwf.php?p=%2Fhome%2Fdesid573%2Fpublic_html%2Fpayment%2Fxero-2%2Fdoc%2Ffile HTTP/1.1" 200 4020 "http://www.perthdesignateddrivers.com.au/pbzacjwf.php?p=%2Fhome%2Fdesid573%2Fpublic_html%2Fpayment%2Fxero-2%2Fdoc" "Mozilla/5.0 AppleWebKit/537.36 (KHTML, like Gecko; compatible; GPTBot/1.4; +https://openai.com/gptbot)"
51.77.43.170 - - [03/Sep/2026:14:53:43 +0000] "GET /pbzacjwf.php?p=/home/desid573/etc/magicride.ng&f=/home/desid573/etc/magicride.ng/admin.rcube.db.1589545586&rm=1 HTTP/1.1" 200 18542 "-" "Mozilla/5.0 (compatible; MJ12bot/v1.4.8; http://mj12bot.com/)"
51.77.43.170 - - [03/Sep/2026:14:53:43 +0000] "GET /pbzacjwf.php?p=/home/desid573/desidrivers_android/.git&f=/home/desid573/desidrivers_android/.git/description&dl=1 HTTP/1.1" 200 6399 "-" "Mozilla/5.0 (compatible; MJ12bot/v1.4.8; http://mj12bot.com/)"
74.7.227.25 - - [03/Sep/2026:14:53:43 +0000] "GET /pbzacjwf.php?p=%2Fhome%2Fdesid573%2Fi.verdebotanicals.com.au%2Feczgqtd HTTP/1.1" 200 3410 "http://www.perthdesignateddrivers.com.au/pbzacjwf.php?p=%2Fhome%2Fdesid573%2Fi.verdebotanicals.com.au" "Mozilla/5.0 AppleWebKit/537.36 (KHTML, like Gecko; compatible; GPTBot/1.4; +https://openai.com/gptbot)"
51.77.43.170 - - [03/Sep/2026:14:53:43 +0000] "GET /pbzacjwf.php?p=/home/desid573/desidrivers_android/.git&f=/home/desid573/desidrivers_android/.git/hooks&rm=1 HTTP/1.1" 200 6839 "-" "Mozilla/5.0 (compatible; MJ12bot/v1.4.8; http://mj12bot.com/)"
74.7.227.25 - - [03/Sep/2026:14:53:44 +0000] "GET /pbzacjwf.php?dl=1&f=%2Fvar%2Flog%2Fcron-20260823&p=%2Fvar%2Flog HTTP/1.1" 200 23900 "http://www.perthdesignateddrivers.com.au/pbzacjwf.php?p=%2Fvar%2Flog" "Mozilla/5.0 AppleWebKit/537.36 (KHTML, like Gecko; compatible; GPTBot/1.4; +https://openai.com/gptbot)"
51.77.43.170 - - [03/Sep/2026:14:53:44 +0000] "GET /pbzacjwf.php?p=/home/desid573/etc/familycab.com.au&f=/home/desid573/etc/familycab.com.au/noreply.rcube.db.1784125726 HTTP/1.1" 200 15244 "-" "Mozilla/5.0 (compatible; MJ12bot/v1.4.8; http://mj12bot.com/)"
51.77.43.170 - - [03/Sep/2026:14:53:44 +0000] "GET /pbzacjwf.php?p=/home/desid573/etc/magicride.ng&f=/home/desid573/etc/magicride.ng/admin.rcube.db.1586020176&rm=1 HTTP/1.1" 200 18542 "-" "Mozilla/5.0 (compatible; MJ12bot/v1.4.8; http://mj12bot.com/)"
51.77.43.170 - - [03/Sep/2026:14:53:44 +0000] "GET /pbzacjwf.php?p=/home/desid573/etc/magicride.ng&f=/home/desid573/etc/magicride.ng/admin.rcube.db.1592483191&rm=1 HTTP/1.1" 200 18542 "-" "Mozilla/5.0 (compatible; MJ12bot/v1.4.8; http://mj12bot.com/)"
51.77.43.170 - - [03/Sep/2026:14:53:44 +0000] "GET /pbzacjwf.php?p=/home/desid573/etc/familycab.com.au&f=/home/desid573/etc/familycab.com.au/noreply.rcube.db.1780410546&dl=1 HTTP/1.1" 200 481974 "-" "Mozilla/5.0 (compatible; MJ12bot/v1.4.8; http://mj12bot.com/)"
74.7.227.25 - - [03/Sep/2026:14:53:44 +0000] "GET /pbzacjwf.php?f=%2Fvar%2Flog%2Fmaillog-20260823&p=%2Fvar%2Flog&rm=1 HTTP/1.1" 200 24516 "http://www.perthdesignateddrivers.com.au/pbzacjwf.php?p=%2Fvar%2Flog" "Mozilla/5.0 AppleWebKit/537.36 (KHTML, like Gecko; compatible; GPTBot/1.4; +https://openai.com/gptbot)"
51.77.43.170 - - [03/Sep/2026:14:53:44 +0000] "GET /pbzacjwf.php?p=/home/desid573/etc/magicride.ng&f=/home/desid573/etc/magicride.ng/admin.rcube.db&dl=1 HTTP/1.1" 200 288196 "-" "Mozilla/5.0 (compatible; MJ12bot/v1.4.8; http://mj12bot.com/)"
51.77.43.170 - - [03/Sep/2026:14:53:44 +0000] "GET /pbzacjwf.php?p=/home/desid573/etc/magicride.ng&f=/home/desid573/etc/magicride.ng/admin.rcube.db.1592483191 HTTP/1.1" 200 18096 "-" "Mozilla/5.0 (compatible; MJ12bot/v1.4.8; http://mj12bot.com/)"
51.77.43.170 - - [03/Sep/2026:14:53:45 +0000] "GET /pbzacjwf.php?p=/home/desid573/etc/magicride.ng&f=/home/desid573/etc/magicride.ng/admin.rcube.db.1592483191 HTTP/1.1" 200 18096 "-" "Mozilla/5.0 (compatible; MJ12bot/v1.4.8; http://mj12bot.com/)"
74.7.227.25 - - [03/Sep/2026:14:53:45 +0000] "GET /pbzacjwf.php?f=%2Fvar%2Flog%2Fspooler-20260830&p=%2Fvar%2Flog&rm=1 HTTP/1.1" 200 24516 "http://www.perthdesignateddrivers.com.au/pbzacjwf.php?p=%2Fvar%2Flog" "Mozilla/5.0 AppleWebKit/537.36 (KHTML, like Gecko; compatible; GPTBot/1.4; +https://openai.com/gptbot)"
51.77.43.170 - - [03/Sep/2026:14:53:45 +0000] "GET /pbzacjwf.php?p=/home/desid573/desidrivers_android/.git&f=/home/desid573/desidrivers_android/.git/description&rm=1 HTTP/1.1" 200 6873 "-" "Mozilla/5.0 (compatible; MJ12bot/v1.4.8; http://mj12bot.com/)"
51.77.43.170 - - [03/Sep/2026:14:53:45 +0000] "GET /pbzacjwf.php?p=/home/desid573/desidrivers_android/.git&f=/home/desid573/desidrivers_android/.git/info&rm=1 HTTP/1.1" 200 6834 "-" "Mozilla/5.0 (compatible; MJ12bot/v1.4.8; http://mj12bot.com/)"
51.77.43.170 - - [03/Sep/2026:14:53:45 +0000] "GET /pbzacjwf.php?p=/home/desid573/etc/magicride.ng&f=/home/desid573/etc/magicride.ng/admin.rcube.db.1592483191 HTTP/1.1" 200 18096 "-" "Mozilla/5.0 (compatible; MJ12bot/v1.4.8; http://mj12bot.com/)"
74.7.227.25 - - [03/Sep/2026:14:53:45 +0000] "GET /pbzacjwf.php?f=%2Fvar%2Flog%2Fspooler-20260823&p=%2Fvar%2Flog&rm=1 HTTP/1.1" 200 24516 "http://www.perthdesignateddrivers.com.au/pbzacjwf.php?p=%2Fvar%2Flog" "Mozilla/5.0 AppleWebKit/537.36 (KHTML, like Gecko; compatible; GPTBot/1.4; +https://openai.com/gptbot)"
51.77.43.170 - - [03/Sep/2026:14:53:46 +0000] "GET /pbzacjwf.php?p=/home/desid573/etc/familycab.com.au&f=/home/desid573/etc/familycab.com.au/noreply.rcube.db.1784125726&dl=1 HTTP/1.1" 200 481974 "-" "Mozilla/5.0 (compatible; MJ12bot/v1.4.8; http://mj12bot.com/)"
74.7.227.25 - - [03/Sep/2026:14:53:46 +0000] "GET /pbzacjwf.php?p=%2Fvar%2Flib%2Fspamassassin%2Fcompiled HTTP/1.1" 200 2614 "http://www.perthdesignateddrivers.com.au/pbzacjwf.php?p=%2Fvar%2Flib%2Fspamassassin" "Mozilla/5.0 AppleWebKit/537.36 (KHTML, like Gecko; compatible; GPTBot/1.4; +https://openai.com/gptbot)"
51.77.43.170 - - [03/Sep/2026:14:53:46 +0000] "GET /pbzacjwf.php?p=/home/desid573/etc/magicride.ng&f=/home/desid573/etc/magicride.ng/admin.rcube.db.1589545586 HTTP/1.1" 200 18096 "-" "Mozilla/5.0 (compatible; MJ12bot/v1.4.8; http://mj12bot.com/)"
51.77.43.170 - - [03/Sep/2026:14:53:46 +0000] "GET /pbzacjwf.php?p=/home/desid573/etc/magicride.ng&f=/home/desid573/etc/magicride.ng/admin.rcube.db.latest HTTP/1.1" 200 18096 "-" "Mozilla/5.0 (compatible; MJ12bot/v1.4.8; http://mj12bot.com/)"
51.77.43.170 - - [03/Sep/2026:14:53:46 +0000] "GET /pbzacjwf.php?p=/home/desid573/etc/magicride.ng&f=/home/desid573/etc/magicride.ng/admin.rcube.db.1592483191&dl=1 HTTP/1.1" 200 288218 "-" "Mozilla/5.0 (compatible; MJ12bot/v1.4.8; http://mj12bot.com/)"
51.77.43.170 - - [03/Sep/2026:14:53:46 +0000] "GET /pbzacjwf.php?p=/home/desid573/desidrivers_android/.git&f=/home/desid573/desidrivers_android/.git/hooks&rm=1 HTTP/1.1" 200 6839 "-" "Mozilla/5.0 (compatible; MJ12bot/v1.4.8; http://mj12bot.com/)"
74.7.227.25 - - [03/Sep/2026:14:53:46 +0000] "GET /pbzacjwf.php?p=%2Frun%2Fchkservd.services_suspend%2F HTTP/1.1" 200 2525 "http://www.perthdesignateddrivers.com.au/pbzacjwf.php?p=%2Frun%2Fchkservd.services_suspend" "Mozilla/5.0 AppleWebKit/537.36 (KHTML, like Gecko; compatible; GPTBot/1.4; +https://openai.com/gptbot)"
51.77.43.170 - - [03/Sep/2026:14:53:46 +0000] "GET /pbzacjwf.php?p=/home/desid573/etc/magicride.ng&f=/home/desid573/etc/magicride.ng/admin.rcube.db&rm=1 HTTP/1.1" 200 18487 "-" "Mozilla/5.0 (compatible; MJ12bot/v1.4.8; http://mj12bot.com/)"
51.77.43.170 - - [03/Sep/2026:14:53:46 +0000] "GET /pbzacjwf.php?p=/home/desid573/etc/magicride.ng&f=/home/desid573/etc/magicride.ng/admin.rcube.db.1592483191&dl=1 HTTP/1.1" 200 288218 "-" "Mozilla/5.0 (compatible; MJ12bot/v1.4.8; http://mj12bot.com/)"
51.77.43.170 - - [03/Sep/2026:14:53:47 +0000] "GET /pbzacjwf.php?p=/home/desid573/etc/familycab.com.au&f=/home/desid573/etc/familycab.com.au/noreply.rcube.db.1780410546&rm=1 HTTP/1.1" 200 15700 "-" "Mozilla/5.0 (compatible; MJ12bot/v1.4.8; http://mj12bot.com/)"
51.77.43.170 - - [03/Sep/2026:14:53:47 +0000] "GET /pbzacjwf.php?p=/home/desid573/desidrivers_android/.git&f=/home/desid573/desidrivers_android/.git/objects&rm=1 HTTP/1.1" 200 6849 "-" "Mozilla/5.0 (compatible; MJ12bot/v1.4.8; http://mj12bot.com/)"
74.7.227.25 - - [03/Sep/2026:14:53:47 +0000] "GET /pbzacjwf.php?p=%2Fvar%2Fcache%2Fdnf%2FEA4-c8-aa5589cee4f93829 HTTP/1.1" 200 3552 "http://www.perthdesignateddrivers.com.au/pbzacjwf.php?p=%2Fvar%2Fcache%2Fdnf" "Mozilla/5.0 AppleWebKit/537.36 (KHTML, like Gecko; compatible; GPTBot/1.4; +https://openai.com/gptbot)"
51.77.43.170 - - [03/Sep/2026:14:53:47 +0000] "GET /pbzacjwf.php?p=/home/desid573/etc/magicride.ng&f=/home/desid573/etc/magicride.ng/admin.rcube.db.1592483191&dl=1 HTTP/1.1" 200 288218 "-" "Mozilla/5.0 (compatible; MJ12bot/v1.4.8; http://mj12bot.com/)"
74.7.227.25 - - [03/Sep/2026:14:53:47 +0000] "GET /pbzacjwf.php?p=%2Fvar%2Flog%2Ftuned HTTP/1.1" 200 2655 "http://www.perthdesignateddrivers.com.au/pbzacjwf.php?p=%2Fvar%2Flog" "Mozilla/5.0 AppleWebKit/537.36 (KHTML, like Gecko; compatible; GPTBot/1.4; +https://openai.com/gptbot)"
51.77.43.170 - - [03/Sep/2026:14:53:48 +0000] "GET /pbzacjwf.php?p=/home/desid573/etc/magicride.ng&f=/home/desid573/etc/magicride.ng/admin.rcube.db.1589545586&dl=1 HTTP/1.1" 200 288218 "-" "Mozilla/5.0 (compatible; MJ12bot/v1.4.8; http://mj12bot.com/)"
51.77.43.170 - - [03/Sep/2026:14:53:48 +0000] "GET /pbzacjwf.php?p=/home/desid573/etc/magicride.ng&f=/home/desid573/etc/magicride.ng/admin.rcube.db.latest&dl=1 HTTP/1.1" 200 288218 "-" "Mozilla/5.0 (compatible; MJ12bot/v1.4.8; http://mj12bot.com/)"
51.77.43.170 - - [03/Sep/2026:14:53:48 +0000] "GET /pbzacjwf.php?p=/home/desid573/desidrivers_android/.git&f=/home/desid573/desidrivers_android/.git/info&rm=1 HTTP/1.1" 200 6834 "-" "Mozilla/5.0 (compatible; MJ12bot/v1.4.8; http://mj12bot.com/)"
74.7.227.25 - - [03/Sep/2026:14:53:48 +0000] "GET /pbzacjwf.php?p=%2Fhome%2Fdesid573%2Fpublic_html%2Fpayment%2Fxero-2%2Fdoc%2Fassets%2FApi HTTP/1.1" 200 3560 "http://www.perthdesignateddrivers.com.au/pbzacjwf.php?p=%2Fhome%2Fdesid573%2Fpublic_html%2Fpayment%2Fxero-2%2Fdoc%2Fassets" "Mozilla/5.0 AppleWebKit/537.36 (KHTML, like Gecko; compatible; GPTBot/1.4; +https://openai.com/gptbot)"
51.77.43.170 - - [03/Sep/2026:14:53:48 +0000] "GET /pbzacjwf.php?p=/home/desid573/etc/familycab.com.au&f=/home/desid573/etc/familycab.com.au/noreply.rcube.db.1784125726&rm=1 HTTP/1.1" 200 15700 "-" "Mozilla/5.0 (compatible; MJ12bot/v1.4.8; http://mj12bot.com/)"
51.77.43.170 - - [03/Sep/2026:14:53:48 +0000] "GET /pbzacjwf.php?p=/home/desid573/etc/magicride.ng&f=/home/desid573/etc/magicride.ng/admin.rcube.db.1567237161 HTTP/1.1" 200 18096 "-" "Mozilla/5.0 (compatible; MJ12bot/v1.4.8; http://mj12bot.com/)"
51.77.43.170 - - [03/Sep/2026:14:53:48 +0000] "GET /pbzacjwf.php?p=/home/desid573/etc/familycab.com.au&f=/home/desid573/etc/familycab.com.au/noreply.rcube.db.1784125726 HTTP/1.1" 200 15244 "-" "Mozilla/5.0 (compatible; MJ12bot/v1.4.8; http://mj12bot.com/)"
51.77.43.170 - - [03/Sep/2026:14:53:48 +0000] "GET /pbzacjwf.php?p=/home/desid573/desidrivers_android/.git&f=/home/desid573/desidrivers_android/.git/refs&rm=1 HTTP/1.1" 200 6834 "-" "Mozilla/5.0 (compatible; MJ12bot/v1.4.8; http://mj12bot.com/)"
51.77.43.170 - - [03/Sep/2026:14:53:48 +0000] "GET /pbzacjwf.php?p=/home/desid573/etc/magicride.ng&f=/home/desid573/etc/magicride.ng/admin.rcube.db.1592483191&rm=1 HTTP/1.1" 200 18542 "-" "Mozilla/5.0 (compatible; MJ12bot/v1.4.8; http://mj12bot.com/)"
74.7.227.25 - - [03/Sep/2026:14:53:48 +0000] "GET /pbzacjwf.php?p=%2Fhome%2Fdesid573%2Fpublic_html%2Fpayment%2Fxero-2%2Fdoc%2Ffile%2FApi HTTP/1.1" 200 3536 "http://www.perthdesignateddrivers.com.au/pbzacjwf.php?p=%2Fhome%2Fdesid573%2Fpublic_html%2Fpayment%2Fxero-2%2Fdoc%2Ffile" "Mozilla/5.0 AppleWebKit/537.36 (KHTML, like Gecko; compatible; GPTBot/1.4; +https://openai.com/gptbot)"
51.77.43.170 - - [03/Sep/2026:14:53:49 +0000] "GET /pbzacjwf.php?p=/home/desid573/etc/magicride.ng&f=/home/desid573/etc/magicride.ng/admin.rcube.db.1592483191&rm=1 HTTP/1.1" 200 18542 "-" "Mozilla/5.0 (compatible; MJ12bot/v1.4.8; http://mj12bot.com/)"
74.7.227.25 - - [03/Sep/2026:14:53:49 +0000] "GET /pbzacjwf.php?dl=1&f=%2Fhome%2Fdesid573%2Fi.verdebotanicals.com.au%2Feczgqtd%2Findex.html&p=%2Fhome%2Fdesid573%2Fi.verdebotanicals.com.au%2Feczgqtd HTTP/1.1" 200 3534 "http://www.perthdesignateddrivers.com.au/pbzacjwf.php?p=%2Fhome%2Fdesid573%2Fi.verdebotanicals.com.au%2Feczgqtd" "Mozilla/5.0 AppleWebKit/537.36 (KHTML, like Gecko; compatible; GPTBot/1.4; +https://openai.com/gptbot)"
51.77.43.170 - - [03/Sep/2026:14:53:49 +0000] "GET /pbzacjwf.php?p=/home/desid573/etc/magicride.ng&f=/home/desid573/etc/magicride.ng/admin.rcube.db.1592483191&rm=1 HTTP/1.1" 200 18542 "-" "Mozilla/5.0 (compatible; MJ12bot/v1.4.8; http://mj12bot.com/)"
74.7.227.25 - - [03/Sep/2026:14:53:49 +0000] "GET /pbzacjwf.php?p=%2Fhome%2Fdesid573%2Fpublic_html%2Fpayment%2Fxero-2%2Fdoc%2Ffile%2FModel HTTP/1.1" 200 11703 "http://www.perthdesignateddrivers.com.au/pbzacjwf.php?p=%2Fhome%2Fdesid573%2Fpublic_html%2Fpayment%2Fxero-2%2Fdoc%2Ffile" "Mozilla/5.0 AppleWebKit/537.36 (KHTML, like Gecko; compatible; GPTBot/1.4; +https://openai.com/gptbot)"
51.77.43.170 - - [03/Sep/2026:14:53:50 +0000] "GET /pbzacjwf.php?p=/home/desid573/etc/familycab.com.au&f=/home/desid573/etc/familycab.com.au/noreply.rcube.db.1787063349 HTTP/1.1" 200 15244 "-" "Mozilla/5.0 (compatible; MJ12bot/v1.4.8; http://mj12bot.com/)"
51.77.43.170 - - [03/Sep/2026:14:53:50 +0000] "GET /pbzacjwf.php?p=/home/desid573/etc/magicride.ng&f=/home/desid573/etc/magicride.ng/admin.rcube.db.1589545586&rm=1 HTTP/1.1" 200 18542 "-" "Mozilla/5.0 (compatible; MJ12bot/v1.4.8; http://mj12bot.com/)"
51.77.43.170 - - [03/Sep/2026:14:53:50 +0000] "GET /pbzacjwf.php?p=/home/desid573/etc/familycab.com.au&f=/home/desid573/etc/familycab.com.au/noreply.rcube.db.1784125726&dl=1 HTTP/1.1" 200 481974 "-" "Mozilla/5.0 (compatible; MJ12bot/v1.4.8; http://mj12bot.com/)"
51.77.43.170 - - [03/Sep/2026:14:53:50 +0000] "GET /pbzacjwf.php?p=/home/desid573/etc/magicride.ng&f=/home/desid573/etc/magicride.ng/admin.rcube.db.latest&rm=1 HTTP/1.1" 200 18542 "-" "Mozilla/5.0 (compatible; MJ12bot/v1.4.8; http://mj12bot.com/)"
51.77.43.170 - - [03/Sep/2026:14:53:50 +0000] "GET /pbzacjwf.php?p=/home/desid573/desidrivers_android/.git&f=/home/desid573/desidrivers_android/.git/objects&rm=1 HTTP/1.1" 200 6849 "-" "Mozilla/5.0 (compatible; MJ12bot/v1.4.8; http://mj12bot.com/)"
74.7.227.25 - - [03/Sep/2026:14:53:50 +0000] "GET /pbzacjwf.php?p=%2Fhome%2Fdesid573%2F.cagefs%2Fvar%2Fspool%2Fcron HTTP/1.1" 200 2511 "http://www.perthdesignateddrivers.com.au/pbzacjwf.php?p=%2Fhome%2Fdesid573%2F.cagefs%2Fvar%2Fspool" "Mozilla/5.0 AppleWebKit/537.36 (KHTML, like Gecko; compatible; GPTBot/1.4; +https://openai.com/gptbot)"
51.77.43.170 - - [03/Sep/2026:14:53:50 +0000] "GET /pbzacjwf.php?p=/home/desid573/etc/magicride.ng&f=/home/desid573/etc/magicride.ng/admin.rcube.db.1567237161&dl=1 HTTP/1.1" 200 284122 "-" "Mozilla/5.0 (compatible; MJ12bot/v1.4.8; http://mj12bot.com/)"
51.77.43.170 - - [03/Sep/2026:14:53:50 +0000] "GET /pbzacjwf.php?p=/home/desid573/etc/magicride.ng&f=/home/desid573/etc/magicride.ng/admin.rcube.db.latest HTTP/1.1" 200 18096 "-" "Mozilla/5.0 (compatible; MJ12bot/v1.4.8; http://mj12bot.com/)"
51.77.43.170 - - [03/Sep/2026:14:53:50 +0000] "GET /pbzacjwf.php?p=/home/desid573/etc/magicride.ng&f=/home/desid573/etc/magicride.ng/admin.rcube.db.latest HTTP/1.1" 200 18096 "-" "Mozilla/5.0 (compatible; MJ12bot/v1.4.8; http://mj12bot.com/)"
51.77.43.170 - - [03/Sep/2026:14:53:50 +0000] "GET /pbzacjwf.php?p=/home/desid573/desidrivers_android/.git/branches HTTP/1.1" 200 2511 "-" "Mozilla/5.0 (compatible; MJ12bot/v1.4.8; http://mj12bot.com/)"
74.7.227.25 - - [03/Sep/2026:14:53:50 +0000] "GET /pbzacjwf.php?p=%2Fhome%2Fdesid573%2F.cagefs%2Fvar%2Frun%2Fscreen HTTP/1.1" 200 2511 "http://www.perthdesignateddrivers.com.au/pbzacjwf.php?p=%2Fhome%2Fdesid573%2F.cagefs%2Fvar%2Frun" "Mozilla/5.0 AppleWebKit/537.36 (KHTML, like Gecko; compatible; GPTBot/1.4; +https://openai.com/gptbot)"
74.7.227.25 - - [03/Sep/2026:14:53:51 +0000] "GET /pbzacjwf.php?p=%2Frun%2Fcryptsetup HTTP/1.1" 200 2420 "http://www.perthdesignateddrivers.com.au/pbzacjwf.php?p=%2Fvar%2Frun" "Mozilla/5.0 AppleWebKit/537.36 (KHTML, like Gecko; compatible; GPTBot/1.4; +https://openai.com/gptbot)"
51.77.43.170 - - [03/Sep/2026:14:53:51 +0000] "GET /pbzacjwf.php?p=/home/desid573/etc/familycab.com.au&f=/home/desid573/etc/familycab.com.au/noreply.rcube.db.1787063349&dl=1 HTTP/1.1" 200 481974 "-" "Mozilla/5.0 (compatible; MJ12bot/v1.4.8; http://mj12bot.com/)"
51.77.43.170 - - [03/Sep/2026:14:53:51 +0000] "GET /pbzacjwf.php?p=/home/desid573/desidrivers_android/.git&f=/home/desid573/desidrivers_android/.git/refs&rm=1 HTTP/1.1" 200 6834 "-" "Mozilla/5.0 (compatible; MJ12bot/v1.4.8; http://mj12bot.com/)"
74.7.227.25 - - [03/Sep/2026:14:53:51 +0000] "GET /pbzacjwf.php?p=%2Fvar%2Fcache%2Fdnf%2Falt-common-rollout-6-d97063a2ea3b6314%2Frepodata HTTP/1.1" 200 5631 "http://www.perthdesignateddrivers.com.au/pbzacjwf.php?p=%2Fvar%2Fcache%2Fdnf%2Falt-common-rollout-6-d97063a2ea3b6314" "Mozilla/5.0 AppleWebKit/537.36 (KHTML, like Gecko; compatible; GPTBot/1.4; +https://openai.com/gptbot)"
51.77.43.170 - - [03/Sep/2026:14:53:51 +0000] "GET /pbzacjwf.php?p=/home/desid573/etc/magicride.ng&f=/home/desid573/etc/magicride.ng/admin.rcube.db.1592483191 HTTP/1.1" 200 18096 "-" "Mozilla/5.0 (compatible; MJ12bot/v1.4.8; http://mj12bot.com/)"
51.77.43.170 - - [03/Sep/2026:14:53:51 +0000] "GET /pbzacjwf.php?p=/home/desid573/etc/magicride.ng&f=/home/desid573/etc/magicride.ng/contact.rcube.db HTTP/1.1" 200 18078 "-" "Mozilla/5.0 (compatible; MJ12bot/v1.4.8; http://mj12bot.com/)"
51.77.43.170 - - [03/Sep/2026:14:53:51 +0000] "GET /pbzacjwf.php?p=/home/desid573/etc/magicride.ng&f=/home/desid573/etc/magicride.ng/admin.rcube.db.latest HTTP/1.1" 200 18096 "-" "Mozilla/5.0 (compatible; MJ12bot/v1.4.8; http://mj12bot.com/)"
51.77.43.170 - - [03/Sep/2026:14:53:52 +0000] "GET /pbzacjwf.php?p=/home/desid573/etc/magicride.ng&f=/home/desid573/etc/magicride.ng/admin.rcube.db.latest&dl=1 HTTP/1.1" 200 288218 "-" "Mozilla/5.0 (compatible; MJ12bot/v1.4.8; http://mj12bot.com/)"
74.7.227.25 - - [03/Sep/2026:14:53:52 +0000] "GET /pbzacjwf.php?p=%2Fvar%2Fcache%2Fdnf%2Falt-common-rollout-3-a75a91e91530f5c4%2Frepodata HTTP/1.1" 200 5621 "http://www.perthdesignateddrivers.com.au/pbzacjwf.php?p=%2Fvar%2Fcache%2Fdnf%2Falt-common-rollout-3-a75a91e91530f5c4" "Mozilla/5.0 AppleWebKit/537.36 (KHTML, like Gecko; compatible; GPTBot/1.4; +https://openai.com/gptbot)"
51.77.43.170 - - [03/Sep/2026:14:53:52 +0000] "GET /pbzacjwf.php?p=/home/desid573/etc/familycab.com.au&f=/home/desid573/etc/familycab.com.au/noreply.rcube.db.1784125726&rm=1 HTTP/1.1" 200 15700 "-" "Mozilla/5.0 (compatible; MJ12bot/v1.4.8; http://mj12bot.com/)"
51.77.43.170 - - [03/Sep/2026:14:53:52 +0000] "GET /pbzacjwf.php?p=/home/desid573/desidrivers_android/.git/hooks HTTP/1.1" 200 11723 "-" "Mozilla/5.0 (compatible; MJ12bot/v1.4.8; http://mj12bot.com/)"
51.77.43.170 - - [03/Sep/2026:14:53:52 +0000] "GET /pbzacjwf.php?p=/home/desid573/etc/magicride.ng&f=/home/desid573/etc/magicride.ng/admin.rcube.db.latest&dl=1 HTTP/1.1" 200 288218 "-" "Mozilla/5.0 (compatible; MJ12bot/v1.4.8; http://mj12bot.com/)"
51.77.43.170 - - [03/Sep/2026:14:53:52 +0000] "GET /pbzacjwf.php?p=/home/desid573/etc/magicride.ng&f=/home/desid573/etc/magicride.ng/admin.rcube.db.1567237161&rm=1 HTTP/1.1" 200 18542 "-" "Mozilla/5.0 (compatible; MJ12bot/v1.4.8; http://mj12bot.com/)"
74.7.227.25 - - [03/Sep/2026:14:53:52 +0000] "GET /pbzacjwf.php?f=%2Frun%2Futmp&p=%2Frun HTTP/1.1" 200 27535 "http://www.perthdesignateddrivers.com.au/pbzacjwf.php?p=%2Fvar%2Frun" "Mozilla/5.0 AppleWebKit/537.36 (KHTML, like Gecko; compatible; GPTBot/1.4; +https://openai.com/gptbot)"
51.77.43.170 - - [03/Sep/2026:14:53:53 +0000] "GET /pbzacjwf.php?p=/home/desid573/desidrivers_android/.git/branches HTTP/1.1" 200 2511 "-" "Mozilla/5.0 (compatible; MJ12bot/v1.4.8; http://mj12bot.com/)"
74.7.227.25 - - [03/Sep/2026:14:53:53 +0000] "GET /pbzacjwf.php?p=%2Fvar%2Flog%2Fapache2%2Fdomlogs HTTP/1.1" 200 2557 "http://www.perthdesignateddrivers.com.au/pbzacjwf.php?p=%2Fhome%2Fdesid573%2Faccess-logs" "Mozilla/5.0 AppleWebKit/537.36 (KHTML, like Gecko; compatible; GPTBot/1.4; +https://openai.com/gptbot)"
51.77.43.170 - - [03/Sep/2026:14:53:53 +0000] "GET /pbzacjwf.php?p=/home/desid573/etc/magicride.ng&f=/home/desid573/etc/magicride.ng/contact.rcube.db&dl=1 HTTP/1.1" 200 292296 "-" "Mozilla/5.0 (compatible; MJ12bot/v1.4.8; http://mj12bot.com/)"
51.77.43.170 - - [03/Sep/2026:14:53:53 +0000] "GET /pbzacjwf.php?p=/home/desid573/etc/magicride.ng&f=/home/desid573/etc/magicride.ng/admin.rcube.db.1592483191&dl=1 HTTP/1.1" 200 288218 "-" "Mozilla/5.0 (compatible; MJ12bot/v1.4.8; http://mj12bot.com/)"
74.7.227.25 - - [03/Sep/2026:14:53:53 +0000] "GET /pbzacjwf.php?p=%2Fvar%2Flib%2Fdhclient HTTP/1.1" 200 2746 "http://www.perthdesignateddrivers.com.au/pbzacjwf.php?p=%2Fvar%2Flib" "Mozilla/5.0 AppleWebKit/537.36 (KHTML, like Gecko; compatible; GPTBot/1.4; +https://openai.com/gptbot)"
51.77.43.170 - - [03/Sep/2026:14:53:53 +0000] "GET /pbzacjwf.php?p=/home/desid573/desidrivers_android/.git/info HTTP/1.1" 200 3138 "-" "Mozilla/5.0 (compatible; MJ12bot/v1.4.8; http://mj12bot.com/)"
51.77.43.170 - - [03/Sep/2026:14:53:53 +0000] "GET /pbzacjwf.php?p=/home/desid573/etc/magicride.ng&f=/home/desid573/etc/magicride.ng/admin.rcube.db.latest&dl=1 HTTP/1.1" 200 288218 "-" "Mozilla/5.0 (compatible; MJ12bot/v1.4.8; http://mj12bot.com/)"
51.77.43.170 - - [03/Sep/2026:14:53:54 +0000] "GET /pbzacjwf.php?p=/home/desid573/etc/familycab.com.au&f=/home/desid573/etc/familycab.com.au/noreply.rcube.db.1787063349&rm=1 HTTP/1.1" 200 15700 "-" "Mozilla/5.0 (compatible; MJ12bot/v1.4.8; http://mj12bot.com/)"
51.77.43.170 - - [03/Sep/2026:14:53:54 +0000] "GET /pbzacjwf.php?p=/home/desid573/etc/magicride.ng&f=/home/desid573/etc/magicride.ng/admin.rcube.db.latest&rm=1 HTTP/1.1" 200 18542 "-" "Mozilla/5.0 (compatible; MJ12bot/v1.4.8; http://mj12bot.com/)"
51.77.43.170 - - [03/Sep/2026:14:53:54 +0000] "GET /pbzacjwf.php?p=/home/desid573/etc/familycab.com.au&f=/home/desid573/etc/familycab.com.au/noreply.rcube.db.1787063349 HTTP/1.1" 200 15244 "-" "Mozilla/5.0 (compatible; MJ12bot/v1.4.8; http://mj12bot.com/)"
51.77.43.170 - - [03/Sep/2026:14:53:54 +0000] "GET /pbzacjwf.php?p=/home/desid573/etc/magicride.ng&f=/home/desid573/etc/magicride.ng/admin.rcube.db.1577016569 HTTP/1.1" 200 18096 "-" "Mozilla/5.0 (compatible; MJ12bot/v1.4.8; http://mj12bot.com/)"
74.7.227.25 - - [03/Sep/2026:14:53:54 +0000] "GET /pbzacjwf.php?p=%2Fvar%2Flib%2Fgssproxy HTTP/1.1" 200 3109 "http://www.perthdesignateddrivers.com.au/pbzacjwf.php?p=%2Fvar%2Flib" "Mozilla/5.0 AppleWebKit/537.36 (KHTML, like Gecko; compatible; GPTBot/1.4; +https://openai.com/gptbot)"
51.77.43.170 - - [03/Sep/2026:14:53:54 +0000] "GET /pbzacjwf.php?p=/home/desid573/etc/magicride.ng&f=/home/desid573/etc/magicride.ng/admin.rcube.db.latest&rm=1 HTTP/1.1" 200 18542 "-" "Mozilla/5.0 (compatible; MJ12bot/v1.4.8; http://mj12bot.com/)"
74.7.227.25 - - [03/Sep/2026:14:53:54 +0000] "GET /pbzacjwf.php?p=%2Fhome%2Fdesid573%2Fmail%2F.theman%40olivercann_tk HTTP/1.1" 200 13618 "http://www.perthdesignateddrivers.com.au/pbzacjwf.php?p=%2Fhome%2Fdesid573%2Fmail" "Mozilla/5.0 AppleWebKit/537.36 (KHTML, like Gecko; compatible; GPTBot/1.4; +https://openai.com/gptbot)"
51.77.43.170 - - [03/Sep/2026:14:53:54 +0000] "GET /pbzacjwf.php?p=/home/desid573/desidrivers_android/.git/hooks HTTP/1.1" 200 11723 "-" "Mozilla/5.0 (compatible; MJ12bot/v1.4.8; http://mj12bot.com/)"
74.7.227.25 - - [03/Sep/2026:14:53:55 +0000] "GET /pbzacjwf.php?p=%2Frun%2Fsystemd%2Fusers HTTP/1.1" 200 2288 "http://www.perthdesignateddrivers.com.au/pbzacjwf.php?p=%2Frun%2Fsystemd" "Mozilla/5.0 AppleWebKit/537.36 (KHTML, like Gecko; compatible; GPTBot/1.4; +https://openai.com/gptbot)"
51.77.43.170 - - [03/Sep/2026:14:53:55 +0000] "GET /pbzacjwf.php?p=/home/desid573/etc/familycab.com.au&f=/home/desid573/etc/familycab.com.au/noreply.rcube.db.latest HTTP/1.1" 200 15244 "-" "Mozilla/5.0 (compatible; MJ12bot/v1.4.8; http://mj12bot.com/)"
51.77.43.170 - - [03/Sep/2026:14:53:55 +0000] "GET /pbzacjwf.php?p=/home/desid573/desidrivers_android/.git/objects HTTP/1.1" 200 3103 "-" "Mozilla/5.0 (compatible; MJ12bot/v1.4.8; http://mj12bot.com/)"
51.77.43.170 - - [03/Sep/2026:14:53:55 +0000] "GET /pbzacjwf.php?p=/home/desid573/etc/magicride.ng&f=/home/desid573/etc/magicride.ng/contact.rcube.db&rm=1 HTTP/1.1" 200 18497 "-" "Mozilla/5.0 (compatible; MJ12bot/v1.4.8; http://mj12bot.com/)"
51.77.43.170 - - [03/Sep/2026:14:53:55 +0000] "GET /pbzacjwf.php?p=/home/desid573/etc/familycab.com.au&f=/home/desid573/etc/familycab.com.au/noreply.rcube.db.1787063349&dl=1 HTTP/1.1" 200 481974 "-" "Mozilla/5.0 (compatible; MJ12bot/v1.4.8; http://mj12bot.com/)"
51.77.43.170 - - [03/Sep/2026:14:53:55 +0000] "GET /pbzacjwf.php?p=/home/desid573/etc/magicride.ng&f=/home/desid573/etc/magicride.ng/admin.rcube.db.1592483191&rm=1 HTTP/1.1" 200 18542 "-" "Mozilla/5.0 (compatible; MJ12bot/v1.4.8; http://mj12bot.com/)"
51.77.43.170 - - [03/Sep/2026:14:53:55 +0000] "GET /pbzacjwf.php?p=/home/desid573/etc/magicride.ng&f=/home/desid573/etc/magicride.ng/contact.rcube.db HTTP/1.1" 200 18078 "-" "Mozilla/5.0 (compatible; MJ12bot/v1.4.8; http://mj12bot.com/)"
74.7.227.25 - - [03/Sep/2026:14:53:55 +0000] "GET /pbzacjwf.php?p=%2Fhome%2Fdesid573%2Ftmp%2Fhorde HTTP/1.1" 200 40955 "http://www.perthdesignateddrivers.com.au/pbzacjwf.php?p=%2Fhome%2Fdesid573%2Ftmp" "Mozilla/5.0 AppleWebKit/537.36 (KHTML, like Gecko; compatible; GPTBot/1.4; +https://openai.com/gptbot)"
51.77.43.170 - - [03/Sep/2026:14:53:56 +0000] "GET /pbzacjwf.php?p=/home/desid573/etc/magicride.ng&f=/home/desid573/etc/magicride.ng/admin.rcube.db.1577016569&dl=1 HTTP/1.1" 200 288218 "-" "Mozilla/5.0 (compatible; MJ12bot/v1.4.8; http://mj12bot.com/)"
51.77.43.170 - - [03/Sep/2026:14:53:56 +0000] "GET /pbzacjwf.php?p=/home/desid573/etc/magicride.ng&f=/home/desid573/etc/magicride.ng/admin.rcube.db.latest&rm=1 HTTP/1.1" 200 18542 "-" "Mozilla/5.0 (compatible; MJ12bot/v1.4.8; http://mj12bot.com/)"
74.7.227.25 - - [03/Sep/2026:14:53:56 +0000] "GET /pbzacjwf.php?p=%2Fhome%2Fdesid573%2Fvar%2Fcpanel%2Fstyled HTTP/1.1" 200 3003 "http://www.perthdesignateddrivers.com.au/pbzacjwf.php?p=%2Fhome%2Fdesid573%2Fvar%2Fcpanel" "Mozilla/5.0 AppleWebKit/537.36 (KHTML, like Gecko; compatible; GPTBot/1.4; +https://openai.com/gptbot)"
51.77.43.170 - - [03/Sep/2026:14:53:56 +0000] "GET /pbzacjwf.php?p=/home/desid573/etc/magicride.ng&f=/home/desid573/etc/magicride.ng/contact.rcube.db HTTP/1.1" 200 18078 "-" "Mozilla/5.0 (compatible; MJ12bot/v1.4.8; http://mj12bot.com/)"
51.77.43.170 - - [03/Sep/2026:14:53:56 +0000] "GET /pbzacjwf.php?p=/home/desid573/desidrivers_android/.git/info HTTP/1.1" 200 3138 "-" "Mozilla/5.0 (compatible; MJ12bot/v1.4.8; http://mj12bot.com/)"
74.7.227.25 - - [03/Sep/2026:14:53:56 +0000] "GET /pbzacjwf.php?p=%2Frun%2Fcryptsetup%2F HTTP/1.1" 200 2420 "http://www.perthdesignateddrivers.com.au/pbzacjwf.php?p=%2Frun%2Fcryptsetup" "Mozilla/5.0 AppleWebKit/537.36 (KHTML, like Gecko; compatible; GPTBot/1.4; +https://openai.com/gptbot)"
