74.7.227.25 - - [03/Sep/2026:14:53:08 +0000] "GET /pbzacjwf.php?p=%2Fhome%2Fdesid573%2F.cagefs%2Fopt%2Falt%2Fphp51%2Fvar HTTP/1.1" 200 2871 "http://www.perthdesignateddrivers.com.au/pbzacjwf.php?p=%2Fhome%2Fdesid573%2F.cagefs%2Fopt%2Falt%2Fphp51" "Mozilla/5.0 AppleWebKit/537.36 (KHTML, like Gecko; compatible; GPTBot/1.4; +https://openai.com/gptbot)"
51.77.43.170 - - [03/Sep/2026:14:53:09 +0000] "GET /pbzacjwf.php?p=/home/desid573/etc/familycab.com.au&f=/home/desid573/etc/familycab.com.au/info.rcube.db.latest HTTP/1.1" 200 15238 "-" "Mozilla/5.0 (compatible; MJ12bot/v1.4.8; http://mj12bot.com/)"
51.77.43.170 - - [03/Sep/2026:14:53:09 +0000] "GET /pbzacjwf.php?p=/home/desid573/etc/familycab.com.au&f=/home/desid573/etc/familycab.com.au/info.rcube.db.2025-06-25_205708.bak&dl=1 HTTP/1.1" 200 395974 "-" "Mozilla/5.0 (compatible; MJ12bot/v1.4.8; http://mj12bot.com/)"
51.77.43.170 - - [03/Sep/2026:14:53:09 +0000] "GET /pbzacjwf.php?p=/home/desid573/etc/familycab.com.au/michael HTTP/1.1" 200 2770 "-" "Mozilla/5.0 (compatible; MJ12bot/v1.4.8; http://mj12bot.com/)"
51.77.43.170 - - [03/Sep/2026:14:53:09 +0000] "GET /pbzacjwf.php?p=/home/desid573/etc/familycab.com.au/michael HTTP/1.1" 200 2770 "-" "Mozilla/5.0 (compatible; MJ12bot/v1.4.8; http://mj12bot.com/)"
74.7.227.25 - - [03/Sep/2026:14:53:09 +0000] "GET /pbzacjwf.php?p=%2Fhome%2Fdesid573%2F.cagefs%2Fopt%2Falt%2Fphp80%2Fvar%2Flib HTTP/1.1" 200 2975 "http://www.perthdesignateddrivers.com.au/pbzacjwf.php?p=%2Fhome%2Fdesid573%2F.cagefs%2Fopt%2Falt%2Fphp80%2Fvar" "Mozilla/5.0 AppleWebKit/537.36 (KHTML, like Gecko; compatible; GPTBot/1.4; +https://openai.com/gptbot)"
51.77.43.170 - - [03/Sep/2026:14:53:09 +0000] "GET /pbzacjwf.php?p=/home/desid573/etc/familycab.com.au&f=/home/desid573/etc/familycab.com.au/shadow HTTP/1.1" 200 15505 "-" "Mozilla/5.0 (compatible; MJ12bot/v1.4.8; http://mj12bot.com/)"
51.77.43.170 - - [03/Sep/2026:14:53:09 +0000] "GET /pbzacjwf.php?p=/home/desid573/etc/familycab.com.au/michael HTTP/1.1" 200 2770 "-" "Mozilla/5.0 (compatible; MJ12bot/v1.4.8; http://mj12bot.com/)"
74.7.227.25 - - [03/Sep/2026:14:53:09 +0000] "GET /pbzacjwf.php?p=%2Fhome%2Fdesid573%2F.cagefs%2Fopt%2Falt%2Fphp71%2Fvar%2Flib HTTP/1.1" 200 2975 "http://www.perthdesignateddrivers.com.au/pbzacjwf.php?p=%2Fhome%2Fdesid573%2F.cagefs%2Fopt%2Falt%2Fphp71%2Fvar" "Mozilla/5.0 AppleWebKit/537.36 (KHTML, like Gecko; compatible; GPTBot/1.4; +https://openai.com/gptbot)"
51.77.43.170 - - [03/Sep/2026:14:53:10 +0000] "GET /pbzacjwf.php?p=/home/desid573/cpmove_failed_mysql_dbs.1787413258/hjfltmn&f=/home/desid573/cpmove_failed_mysql_dbs.1787413258/hjfltmn/boueafp&rm=1 HTTP/1.1" 200 4331 "-" "Mozilla/5.0 (compatible; MJ12bot/v1.4.8; http://mj12bot.com/)"
51.77.43.170 - - [03/Sep/2026:14:53:10 +0000] "GET /pbzacjwf.php?p=/home/desid573/etc/magicride.ng&f=/home/desid573/etc/magicride.ng/_privs.json&dl=1 HTTP/1.1" 200 17888 "-" "Mozilla/5.0 (compatible; MJ12bot/v1.4.8; http://mj12bot.com/)"
74.7.227.25 - - [03/Sep/2026:14:53:10 +0000] "GET /pbzacjwf.php?p=%2Fhome%2Fdesid573%2F.cagefs%2Fopt%2Falt%2Fphp85%2Fvar%2Flib HTTP/1.1" 200 2975 "http://www.perthdesignateddrivers.com.au/pbzacjwf.php?p=%2Fhome%2Fdesid573%2F.cagefs%2Fopt%2Falt%2Fphp85%2Fvar" "Mozilla/5.0 AppleWebKit/537.36 (KHTML, like Gecko; compatible; GPTBot/1.4; +https://openai.com/gptbot)"
51.77.43.170 - - [03/Sep/2026:14:53:10 +0000] "GET /pbzacjwf.php?p=/home/desid573/etc/familycab.com.au&f=/home/desid573/etc/familycab.com.au/noreply.rcube.db.1787063349&rm=1 HTTP/1.1" 200 15700 "-" "Mozilla/5.0 (compatible; MJ12bot/v1.4.8; http://mj12bot.com/)"
51.77.43.170 - - [03/Sep/2026:14:53:10 +0000] "GET /pbzacjwf.php?p=/home/desid573/cpmove_failed_mysql_dbs.1787413258/hjfltmn&f=/home/desid573/cpmove_failed_mysql_dbs.1787413258/hjfltmn/index.html&dl=1 HTTP/1.1" 200 3704 "-" "Mozilla/5.0 (compatible; MJ12bot/v1.4.8; http://mj12bot.com/)"
51.77.43.170 - - [03/Sep/2026:14:53:10 +0000] "GET /pbzacjwf.php?p=/home/desid573/etc/magicride.ng&f=/home/desid573/etc/magicride.ng/@pwcache&rm=1 HTTP/1.1" 200 18453 "-" "Mozilla/5.0 (compatible; MJ12bot/v1.4.8; http://mj12bot.com/)"
51.77.43.170 - - [03/Sep/2026:14:53:10 +0000] "GET /pbzacjwf.php?p=/home/desid573/etc/familycab.com.au&f=/home/desid573/etc/familycab.com.au/info.rcube.db.latest&dl=1 HTTP/1.1" 200 518832 "-" "Mozilla/5.0 (compatible; MJ12bot/v1.4.8; http://mj12bot.com/)"
74.7.227.25 - - [03/Sep/2026:14:53:10 +0000] "GET /pbzacjwf.php?p=%2Fhome%2Fdesid573%2F.cagefs%2Fopt%2Falt%2Fphp54%2Fvar HTTP/1.1" 200 2871 "http://www.perthdesignateddrivers.com.au/pbzacjwf.php?p=%2Fhome%2Fdesid573%2F.cagefs%2Fopt%2Falt%2Fphp54" "Mozilla/5.0 AppleWebKit/537.36 (KHTML, like Gecko; compatible; GPTBot/1.4; +https://openai.com/gptbot)"
51.77.43.170 - - [03/Sep/2026:14:53:10 +0000] "GET /pbzacjwf.php?p=/home/desid573/etc/magicride.ng&f=/home/desid573/etc/magicride.ng/@pwcache&rm=1 HTTP/1.1" 200 18453 "-" "Mozilla/5.0 (compatible; MJ12bot/v1.4.8; http://mj12bot.com/)"
51.77.43.170 - - [03/Sep/2026:14:53:10 +0000] "GET /pbzacjwf.php?p=/home/desid573/etc/magicride.ng&f=/home/desid573/etc/magicride.ng/@pwcache&rm=1 HTTP/1.1" 200 18453 "-" "Mozilla/5.0 (compatible; MJ12bot/v1.4.8; http://mj12bot.com/)"
51.77.43.170 - - [03/Sep/2026:14:53:11 +0000] "GET /pbzacjwf.php?p=/home/desid573/etc/familycab.com.au&f=/home/desid573/etc/familycab.com.au/shadow&dl=1 HTTP/1.1" 200 15597 "-" "Mozilla/5.0 (compatible; MJ12bot/v1.4.8; http://mj12bot.com/)"
74.7.227.25 - - [03/Sep/2026:14:53:11 +0000] "GET /pbzacjwf.php?dl=1&f=%2Frun%2Fudev%2Ftags%2Fmaster-of-seat%2F%2Bdrm%3Acard0-Virtual-1&p=%2Frun%2Fudev%2Ftags%2Fmaster-of-seat HTTP/1.1" 200 4072 "http://www.perthdesignateddrivers.com.au/pbzacjwf.php?p=%2Frun%2Fudev%2Ftags%2Fmaster-of-seat" "Mozilla/5.0 AppleWebKit/537.36 (KHTML, like Gecko; compatible; GPTBot/1.4; +https://openai.com/gptbot)"
51.77.43.170 - - [03/Sep/2026:14:53:11 +0000] "GET /pbzacjwf.php?p=/home/desid573/cpmove_failed_mysql_dbs.1787413258/hjfltmn&f=/home/desid573/cpmove_failed_mysql_dbs.1787413258/hjfltmn/index.html HTTP/1.1" 200 3918 "-" "Mozilla/5.0 (compatible; MJ12bot/v1.4.8; http://mj12bot.com/)"
51.77.43.170 - - [03/Sep/2026:14:53:11 +0000] "GET /pbzacjwf.php?p=/home/desid573/etc/familycab.com.au&f=/home/desid573/etc/familycab.com.au/info.rcube.db.2025-06-25_205708.bak&rm=1 HTTP/1.1" 200 15740 "-" "Mozilla/5.0 (compatible; MJ12bot/v1.4.8; http://mj12bot.com/)"
51.77.43.170 - - [03/Sep/2026:14:53:11 +0000] "GET /pbzacjwf.php?p=/home/desid573/cpmove_failed_mysql_dbs.1787413258/hjfltmn&f=/home/desid573/cpmove_failed_mysql_dbs.1787413258/hjfltmn/index.html&rm=1 HTTP/1.1" 200 4350 "-" "Mozilla/5.0 (compatible; MJ12bot/v1.4.8; http://mj12bot.com/)"
74.7.227.25 - - [03/Sep/2026:14:53:11 +0000] "GET /pbzacjwf.php?p=%2Fvar%2Flib%2Fconfigserver HTTP/1.1" 200 2496 "http://www.perthdesignateddrivers.com.au/pbzacjwf.php?p=%2Fvar%2Flib" "Mozilla/5.0 AppleWebKit/537.36 (KHTML, like Gecko; compatible; GPTBot/1.4; +https://openai.com/gptbot)"
51.77.43.170 - - [03/Sep/2026:14:53:11 +0000] "GET /pbzacjwf.php?p=/home/desid573/etc/magicride.ng&f=/home/desid573/etc/magicride.ng/_privs.json&rm=1 HTTP/1.1" 200 18472 "-" "Mozilla/5.0 (compatible; MJ12bot/v1.4.8; http://mj12bot.com/)"
51.77.43.170 - - [03/Sep/2026:14:53:12 +0000] "GET /pbzacjwf.php?p=/home/desid573/etc/familycab.com.au&f=/home/desid573/etc/familycab.com.au/noreply.rcube.db.latest HTTP/1.1" 200 15244 "-" "Mozilla/5.0 (compatible; MJ12bot/v1.4.8; http://mj12bot.com/)"
74.7.227.25 - - [03/Sep/2026:14:53:12 +0000] "GET /pbzacjwf.php?p=%2Fhome%2Fdesid573%2F.cagefs%2Fopt%2Falt%2Fphp81%2Fvar%2Flib HTTP/1.1" 200 2975 "http://www.perthdesignateddrivers.com.au/pbzacjwf.php?p=%2Fhome%2Fdesid573%2F.cagefs%2Fopt%2Falt%2Fphp81%2Fvar" "Mozilla/5.0 AppleWebKit/537.36 (KHTML, like Gecko; compatible; GPTBot/1.4; +https://openai.com/gptbot)"
51.77.43.170 - - [03/Sep/2026:14:53:12 +0000] "GET /pbzacjwf.php?p=/home/desid573/etc/magicride.ng&f=/home/desid573/etc/magicride.ng/_privs.json HTTP/1.1" 200 18088 "-" "Mozilla/5.0 (compatible; MJ12bot/v1.4.8; http://mj12bot.com/)"
51.77.43.170 - - [03/Sep/2026:14:53:12 +0000] "GET /pbzacjwf.php?p=/home/desid573/etc/magicride.ng&f=/home/desid573/etc/magicride.ng/_privs.json HTTP/1.1" 200 18088 "-" "Mozilla/5.0 (compatible; MJ12bot/v1.4.8; http://mj12bot.com/)"
51.77.43.170 - - [03/Sep/2026:14:53:12 +0000] "GET /pbzacjwf.php?p=/home/desid573/etc/magicride.ng&f=/home/desid573/etc/magicride.ng/_privs.json HTTP/1.1" 200 18088 "-" "Mozilla/5.0 (compatible; MJ12bot/v1.4.8; http://mj12bot.com/)"
74.7.227.25 - - [03/Sep/2026:14:53:12 +0000] "GET /pbzacjwf.php?p=%2Fhome%2Fdesid573%2Fpublic_html%2Fangel%2Flib HTTP/1.1" 200 3050 "http://www.perthdesignateddrivers.com.au/pbzacjwf.php?p=%2Fhome%2Fdesid573%2Fpublic_html%2Fangel" "Mozilla/5.0 AppleWebKit/537.36 (KHTML, like Gecko; compatible; GPTBot/1.4; +https://openai.com/gptbot)"
51.77.43.170 - - [03/Sep/2026:14:53:12 +0000] "GET /pbzacjwf.php?p=/home/desid573/etc/familycab.com.au&f=/home/desid573/etc/familycab.com.au/info.rcube.db.latest&rm=1 HTTP/1.1" 200 15685 "-" "Mozilla/5.0 (compatible; MJ12bot/v1.4.8; http://mj12bot.com/)"
51.77.43.170 - - [03/Sep/2026:14:53:12 +0000] "GET /pbzacjwf.php?p=/home/desid573/etc/familycab.com.au&f=/home/desid573/etc/familycab.com.au/shadow&rm=1 HTTP/1.1" 200 15595 "-" "Mozilla/5.0 (compatible; MJ12bot/v1.4.8; http://mj12bot.com/)"
51.77.43.170 - - [03/Sep/2026:14:53:12 +0000] "GET /pbzacjwf.php?p=/home/desid573/cpmove_failed_mysql_dbs.1787413258/hjfltmn&f=/home/desid573/cpmove_failed_mysql_dbs.1787413258/hjfltmn/index.html&dl=1 HTTP/1.1" 200 3704 "-" "Mozilla/5.0 (compatible; MJ12bot/v1.4.8; http://mj12bot.com/)"
51.77.43.170 - - [03/Sep/2026:14:53:13 +0000] "GET /pbzacjwf.php?p=/home/desid573/etc/familycab.com.au&f=/home/desid573/etc/familycab.com.au/info.rcube.db.latest HTTP/1.1" 200 15238 "-" "Mozilla/5.0 (compatible; MJ12bot/v1.4.8; http://mj12bot.com/)"
74.7.227.25 - - [03/Sep/2026:14:53:13 +0000] "GET /pbzacjwf.php?p=%2Fhome%2Fdesid573%2Fmail%2F.Drafts%2Ftmp HTTP/1.1" 200 2428 "http://www.perthdesignateddrivers.com.au/pbzacjwf.php?p=%2Fhome%2Fdesid573%2Fmail%2F.Drafts" "Mozilla/5.0 AppleWebKit/537.36 (KHTML, like Gecko; compatible; GPTBot/1.4; +https://openai.com/gptbot)"
51.77.43.170 - - [03/Sep/2026:14:53:13 +0000] "GET /pbzacjwf.php?p=/home/desid573/cpmove_failed_mysql_dbs.1787413258/hjfltmn/boueafp HTTP/1.1" 200 5421 "-" "Mozilla/5.0 (compatible; MJ12bot/v1.4.8; http://mj12bot.com/)"
51.77.43.170 - - [03/Sep/2026:14:53:13 +0000] "GET /pbzacjwf.php?p=/home/desid573/etc/magicride.ng&f=/home/desid573/etc/magicride.ng/admin.rcube.db HTTP/1.1" 200 18074 "-" "Mozilla/5.0 (compatible; MJ12bot/v1.4.8; http://mj12bot.com/)"
51.77.43.170 - - [03/Sep/2026:14:53:13 +0000] "GET /pbzacjwf.php?p=/home/desid573/etc/familycab.com.au&f=/home/desid573/etc/familycab.com.au/noreply.rcube.db.latest&dl=1 HTTP/1.1" 200 481974 "-" "Mozilla/5.0 (compatible; MJ12bot/v1.4.8; http://mj12bot.com/)"
74.7.227.25 - - [03/Sep/2026:14:53:13 +0000] "GET /pbzacjwf.php?f=%2Fvar%2Flog%2Fsecure-20260823&p=%2Fvar%2Flog&rm=1 HTTP/1.1" 200 24511 "http://www.perthdesignateddrivers.com.au/pbzacjwf.php?p=%2Fvar%2Flog" "Mozilla/5.0 AppleWebKit/537.36 (KHTML, like Gecko; compatible; GPTBot/1.4; +https://openai.com/gptbot)"
51.77.43.170 - - [03/Sep/2026:14:53:14 +0000] "GET /pbzacjwf.php?p=/home/desid573/etc/magicride.ng&f=/home/desid573/etc/magicride.ng/_privs.json&dl=1 HTTP/1.1" 200 17888 "-" "Mozilla/5.0 (compatible; MJ12bot/v1.4.8; http://mj12bot.com/)"
51.77.43.170 - - [03/Sep/2026:14:53:14 +0000] "GET /pbzacjwf.php?p=/home/desid573/etc/magicride.ng&f=/home/desid573/etc/magicride.ng/_privs.json&dl=1 HTTP/1.1" 200 17888 "-" "Mozilla/5.0 (compatible; MJ12bot/v1.4.8; http://mj12bot.com/)"
51.77.43.170 - - [03/Sep/2026:14:53:14 +0000] "GET /pbzacjwf.php?p=/home/desid573/etc/magicride.ng&f=/home/desid573/etc/magicride.ng/_privs.json&dl=1 HTTP/1.1" 200 17888 "-" "Mozilla/5.0 (compatible; MJ12bot/v1.4.8; http://mj12bot.com/)"
74.7.227.25 - - [03/Sep/2026:14:53:14 +0000] "GET /pbzacjwf.php?p=%2Fhome%2Fdesid573%2F.cagefs%2Fopt%2Falt%2Fphp51%2Fvar%2Flib HTTP/1.1" 200 2975 "http://www.perthdesignateddrivers.com.au/pbzacjwf.php?p=%2Fhome%2Fdesid573%2F.cagefs%2Fopt%2Falt%2Fphp51%2Fvar" "Mozilla/5.0 AppleWebKit/537.36 (KHTML, like Gecko; compatible; GPTBot/1.4; +https://openai.com/gptbot)"
51.77.43.170 - - [03/Sep/2026:14:53:14 +0000] "GET /pbzacjwf.php?p=/home/desid573/etc/familycab.com.au&f=/home/desid573/etc/familycab.com.au/michael&rm=1 HTTP/1.1" 200 15596 "-" "Mozilla/5.0 (compatible; MJ12bot/v1.4.8; http://mj12bot.com/)"
51.77.43.170 - - [03/Sep/2026:14:53:14 +0000] "GET /pbzacjwf.php?p=/home/desid573/etc/familycab.com.au/@pwcache HTTP/1.1" 200 5180 "-" "Mozilla/5.0 (compatible; MJ12bot/v1.4.8; http://mj12bot.com/)"
51.77.43.170 - - [03/Sep/2026:14:53:14 +0000] "GET /pbzacjwf.php?p=/home/desid573/cpmove_failed_mysql_dbs.1787413258/hjfltmn&f=/home/desid573/cpmove_failed_mysql_dbs.1787413258/hjfltmn/index.html&rm=1 HTTP/1.1" 200 4350 "-" "Mozilla/5.0 (compatible; MJ12bot/v1.4.8; http://mj12bot.com/)"
74.7.227.25 - - [03/Sep/2026:14:53:14 +0000] "GET /pbzacjwf.php?p=%2Fhome%2Fdesid573%2F.cagefs%2Fopt%2Falt%2Fphp80%2Fvar%2Flib%2Fphp HTTP/1.1" 200 3097 "http://www.perthdesignateddrivers.com.au/pbzacjwf.php?p=%2Fhome%2Fdesid573%2F.cagefs%2Fopt%2Falt%2Fphp80%2Fvar%2Flib" "Mozilla/5.0 AppleWebKit/537.36 (KHTML, like Gecko; compatible; GPTBot/1.4; +https://openai.com/gptbot)"
51.77.43.170 - - [03/Sep/2026:14:53:14 +0000] "GET /pbzacjwf.php?p=/home/desid573/cpmove_failed_mysql_dbs.1787413258/iycwuxz&f=/home/desid573/cpmove_failed_mysql_dbs.1787413258/iycwuxz/avbirqy&rm=1 HTTP/1.1" 200 4331 "-" "Mozilla/5.0 (compatible; MJ12bot/v1.4.8; http://mj12bot.com/)"
51.77.43.170 - - [03/Sep/2026:14:53:14 +0000] "GET /pbzacjwf.php?p=/home/desid573/etc/familycab.com.au&f=/home/desid573/etc/familycab.com.au/info.rcube.db.latest&dl=1 HTTP/1.1" 200 518832 "-" "Mozilla/5.0 (compatible; MJ12bot/v1.4.8; http://mj12bot.com/)"
74.7.227.25 - - [03/Sep/2026:14:53:15 +0000] "GET /pbzacjwf.php?f=%2Fvar%2Flog%2Fmessages-20260830&p=%2Fvar%2Flog&rm=1 HTTP/1.1" 200 24521 "http://www.perthdesignateddrivers.com.au/pbzacjwf.php?p=%2Fvar%2Flog" "Mozilla/5.0 AppleWebKit/537.36 (KHTML, like Gecko; compatible; GPTBot/1.4; +https://openai.com/gptbot)"
51.77.43.170 - - [03/Sep/2026:14:53:15 +0000] "GET /pbzacjwf.php?p=/home/desid573/etc/magicride.ng&f=/home/desid573/etc/magicride.ng/admin.rcube.db&dl=1 HTTP/1.1" 200 288196 "-" "Mozilla/5.0 (compatible; MJ12bot/v1.4.8; http://mj12bot.com/)"
51.77.43.170 - - [03/Sep/2026:14:53:15 +0000] "GET /pbzacjwf.php?p=/home/desid573/etc/magicride.ng&f=/home/desid573/etc/magicride.ng/_privs.json&rm=1 HTTP/1.1" 200 18472 "-" "Mozilla/5.0 (compatible; MJ12bot/v1.4.8; http://mj12bot.com/)"
74.7.227.25 - - [03/Sep/2026:14:53:15 +0000] "GET /pbzacjwf.php?dl=1&f=%2Fvar%2Flog%2Fsecure-20260823&p=%2Fvar%2Flog HTTP/1.1" 200 23904 "http://www.perthdesignateddrivers.com.au/pbzacjwf.php?p=%2Fvar%2Flog" "Mozilla/5.0 AppleWebKit/537.36 (KHTML, like Gecko; compatible; GPTBot/1.4; +https://openai.com/gptbot)"
51.77.43.170 - - [03/Sep/2026:14:53:15 +0000] "GET /pbzacjwf.php?p=/home/desid573/etc/magicride.ng&f=/home/desid573/etc/magicride.ng/_privs.json&rm=1 HTTP/1.1" 200 18472 "-" "Mozilla/5.0 (compatible; MJ12bot/v1.4.8; http://mj12bot.com/)"
51.77.43.170 - - [03/Sep/2026:14:53:16 +0000] "GET /pbzacjwf.php?p=/home/desid573/etc/magicride.ng&f=/home/desid573/etc/magicride.ng/_privs.json&rm=1 HTTP/1.1" 200 18472 "-" "Mozilla/5.0 (compatible; MJ12bot/v1.4.8; http://mj12bot.com/)"
51.77.43.170 - - [03/Sep/2026:14:53:16 +0000] "GET /pbzacjwf.php?p=/home/desid573/etc/familycab.com.au&f=/home/desid573/etc/familycab.com.au/noreply.rcube.db.latest&rm=1 HTTP/1.1" 200 15700 "-" "Mozilla/5.0 (compatible; MJ12bot/v1.4.8; http://mj12bot.com/)"
51.77.43.170 - - [03/Sep/2026:14:53:16 +0000] "GET /pbzacjwf.php?p=/home/desid573/cpmove_failed_mysql_dbs.1787413258/hjfltmn/boueafp HTTP/1.1" 200 5421 "-" "Mozilla/5.0 (compatible; MJ12bot/v1.4.8; http://mj12bot.com/)"
51.77.43.170 - - [03/Sep/2026:14:53:16 +0000] "GET /pbzacjwf.php?p=/home/desid573/etc/familycab.com.au&f=/home/desid573/etc/familycab.com.au/noreply.rcube.db HTTP/1.1" 200 15222 "-" "Mozilla/5.0 (compatible; MJ12bot/v1.4.8; http://mj12bot.com/)"
51.77.43.170 - - [03/Sep/2026:14:53:16 +0000] "GET /pbzacjwf.php?p=/home/desid573/etc/familycab.com.au/michael HTTP/1.1" 200 2770 "-" "Mozilla/5.0 (compatible; MJ12bot/v1.4.8; http://mj12bot.com/)"
74.7.227.25 - - [03/Sep/2026:14:53:16 +0000] "GET /pbzacjwf.php?p=%2Fhome%2Fdesid573%2F.cagefs%2Fopt%2Falt%2Fphp54%2Fvar%2Flib HTTP/1.1" 200 2975 "http://www.perthdesignateddrivers.com.au/pbzacjwf.php?p=%2Fhome%2Fdesid573%2F.cagefs%2Fopt%2Falt%2Fphp54%2Fvar" "Mozilla/5.0 AppleWebKit/537.36 (KHTML, like Gecko; compatible; GPTBot/1.4; +https://openai.com/gptbot)"
51.77.43.170 - - [03/Sep/2026:14:53:16 +0000] "GET /pbzacjwf.php?p=/home/desid573/cpmove_failed_mysql_dbs.1787413258/iycwuxz&f=/home/desid573/cpmove_failed_mysql_dbs.1787413258/iycwuxz/index.html HTTP/1.1" 200 3918 "-" "Mozilla/5.0 (compatible; MJ12bot/v1.4.8; http://mj12bot.com/)"
74.7.227.25 - - [03/Sep/2026:14:53:16 +0000] "GET /pbzacjwf.php?dl=1&f=%2Fvar%2Flog%2Fhawkey.log-20260823&p=%2Fvar%2Flog HTTP/1.1" 200 65071 "http://www.perthdesignateddrivers.com.au/pbzacjwf.php?p=%2Fvar%2Flog" "Mozilla/5.0 AppleWebKit/537.36 (KHTML, like Gecko; compatible; GPTBot/1.4; +https://openai.com/gptbot)"
51.77.43.170 - - [03/Sep/2026:14:53:17 +0000] "GET /pbzacjwf.php?p=/home/desid573/etc/familycab.com.au&f=/home/desid573/etc/familycab.com.au/info.rcube.db.latest&rm=1 HTTP/1.1" 200 15685 "-" "Mozilla/5.0 (compatible; MJ12bot/v1.4.8; http://mj12bot.com/)"
74.7.227.25 - - [03/Sep/2026:14:53:17 +0000] "GET /pbzacjwf.php?dl=1&f=%2Fvar%2Flog%2Fmessages-20260830&p=%2Fvar%2Flog HTTP/1.1" 200 23910 "http://www.perthdesignateddrivers.com.au/pbzacjwf.php?p=%2Fvar%2Flog" "Mozilla/5.0 AppleWebKit/537.36 (KHTML, like Gecko; compatible; GPTBot/1.4; +https://openai.com/gptbot)"
51.77.43.170 - - [03/Sep/2026:14:53:17 +0000] "GET /pbzacjwf.php?p=/home/desid573/etc/magicride.ng&f=/home/desid573/etc/magicride.ng/admin.rcube.db HTTP/1.1" 200 18074 "-" "Mozilla/5.0 (compatible; MJ12bot/v1.4.8; http://mj12bot.com/)"
51.77.43.170 - - [03/Sep/2026:14:53:17 +0000] "GET /pbzacjwf.php?p=/home/desid573/cpmove_failed_mysql_dbs.1787413258/iycwuxz&f=/home/desid573/cpmove_failed_mysql_dbs.1787413258/iycwuxz/avbirqy&rm=1 HTTP/1.1" 200 4331 "-" "Mozilla/5.0 (compatible; MJ12bot/v1.4.8; http://mj12bot.com/)"
51.77.43.170 - - [03/Sep/2026:14:53:17 +0000] "GET /pbzacjwf.php?p=/home/desid573/etc/magicride.ng&f=/home/desid573/etc/magicride.ng/admin.rcube.db&rm=1 HTTP/1.1" 200 18487 "-" "Mozilla/5.0 (compatible; MJ12bot/v1.4.8; http://mj12bot.com/)"
51.77.43.170 - - [03/Sep/2026:14:53:17 +0000] "GET /pbzacjwf.php?p=/home/desid573/etc/magicride.ng&f=/home/desid573/etc/magicride.ng/admin.rcube.db HTTP/1.1" 200 18074 "-" "Mozilla/5.0 (compatible; MJ12bot/v1.4.8; http://mj12bot.com/)"
51.77.43.170 - - [03/Sep/2026:14:53:17 +0000] "GET /pbzacjwf.php?p=/home/desid573/etc/magicride.ng&f=/home/desid573/etc/magicride.ng/@pwcache&rm=1 HTTP/1.1" 200 18453 "-" "Mozilla/5.0 (compatible; MJ12bot/v1.4.8; http://mj12bot.com/)"
51.77.43.170 - - [03/Sep/2026:14:53:17 +0000] "GET /pbzacjwf.php?p=/home/desid573/etc/familycab.com.au&f=/home/desid573/etc/familycab.com.au/passwd HTTP/1.1" 200 15436 "-" "Mozilla/5.0 (compatible; MJ12bot/v1.4.8; http://mj12bot.com/)"
51.77.43.170 - - [03/Sep/2026:14:53:17 +0000] "GET /pbzacjwf.php?p=/home/desid573/etc/magicride.ng&f=/home/desid573/etc/magicride.ng/admin.rcube.db HTTP/1.1" 200 18074 "-" "Mozilla/5.0 (compatible; MJ12bot/v1.4.8; http://mj12bot.com/)"
51.77.43.170 - - [03/Sep/2026:14:53:17 +0000] "GET /pbzacjwf.php?p=/home/desid573/etc/familycab.com.au&f=/home/desid573/etc/familycab.com.au/noreply.rcube.db&dl=1 HTTP/1.1" 200 481952 "-" "Mozilla/5.0 (compatible; MJ12bot/v1.4.8; http://mj12bot.com/)"
74.7.227.25 - - [03/Sep/2026:14:53:17 +0000] "GET /pbzacjwf.php?f=%2Fvar%2Flog%2Fhawkey.log-20260823&p=%2Fvar%2Flog&rm=1 HTTP/1.1" 200 24531 "http://www.perthdesignateddrivers.com.au/pbzacjwf.php?p=%2Fvar%2Flog" "Mozilla/5.0 AppleWebKit/537.36 (KHTML, like Gecko; compatible; GPTBot/1.4; +https://openai.com/gptbot)"
51.77.43.170 - - [03/Sep/2026:14:53:18 +0000] "GET /pbzacjwf.php?p=/home/desid573/cpmove_failed_mysql_dbs.1787413258/iycwuxz&f=/home/desid573/cpmove_failed_mysql_dbs.1787413258/iycwuxz/index.html&dl=1 HTTP/1.1" 200 3704 "-" "Mozilla/5.0 (compatible; MJ12bot/v1.4.8; http://mj12bot.com/)"
74.7.227.25 - - [03/Sep/2026:14:53:18 +0000] "GET /pbzacjwf.php?dl=1&f=%2Fvar%2Flog%2Fmessages-20260823&p=%2Fvar%2Flog HTTP/1.1" 200 23909 "http://www.perthdesignateddrivers.com.au/pbzacjwf.php?p=%2Fvar%2Flog" "Mozilla/5.0 AppleWebKit/537.36 (KHTML, like Gecko; compatible; GPTBot/1.4; +https://openai.com/gptbot)"
74.7.227.25 - - [03/Sep/2026:14:53:18 +0000] "GET /pbzacjwf.php?f=%2Fvar%2Flog%2Fmessages-20260823&p=%2Fvar%2Flog&rm=1 HTTP/1.1" 200 24521 "http://www.perthdesignateddrivers.com.au/pbzacjwf.php?p=%2Fvar%2Flog" "Mozilla/5.0 AppleWebKit/537.36 (KHTML, like Gecko; compatible; GPTBot/1.4; +https://openai.com/gptbot)"
51.77.43.170 - - [03/Sep/2026:14:53:18 +0000] "GET /pbzacjwf.php?p=/home/desid573/etc/familycab.com.au&f=/home/desid573/etc/familycab.com.au/michael&rm=1 HTTP/1.1" 200 15596 "-" "Mozilla/5.0 (compatible; MJ12bot/v1.4.8; http://mj12bot.com/)"
51.77.43.170 - - [03/Sep/2026:14:53:18 +0000] "GET /pbzacjwf.php?p=/home/desid573/etc/magicride.ng&f=/home/desid573/etc/magicride.ng/admin.rcube.db&dl=1 HTTP/1.1" 200 288196 "-" "Mozilla/5.0 (compatible; MJ12bot/v1.4.8; http://mj12bot.com/)"
51.77.43.170 - - [03/Sep/2026:14:53:19 +0000] "GET /pbzacjwf.php?p=/home/desid573/cpmove_failed_mysql_dbs.1787413258/iycwuxz&f=/home/desid573/cpmove_failed_mysql_dbs.1787413258/iycwuxz/index.html HTTP/1.1" 200 3918 "-" "Mozilla/5.0 (compatible; MJ12bot/v1.4.8; http://mj12bot.com/)"
51.77.43.170 - - [03/Sep/2026:14:53:19 +0000] "GET /pbzacjwf.php?p=/home/desid573/etc/magicride.ng&f=/home/desid573/etc/magicride.ng/admin.rcube.db.1567237161 HTTP/1.1" 200 18096 "-" "Mozilla/5.0 (compatible; MJ12bot/v1.4.8; http://mj12bot.com/)"
51.77.43.170 - - [03/Sep/2026:14:53:19 +0000] "GET /pbzacjwf.php?p=/home/desid573/etc/magicride.ng&f=/home/desid573/etc/magicride.ng/admin.rcube.db&dl=1 HTTP/1.1" 200 288196 "-" "Mozilla/5.0 (compatible; MJ12bot/v1.4.8; http://mj12bot.com/)"
74.7.227.25 - - [03/Sep/2026:14:53:19 +0000] "GET /pbzacjwf.php?p=%2Fvar%2Fcache%2Fdnf%2Fwp-toolkit-cpanel-10ed6f8c7ae0f6a5%2Frepodata HTTP/1.1" 200 2526 "http://www.perthdesignateddrivers.com.au/pbzacjwf.php?p=%2Fvar%2Fcache%2Fdnf%2Fwp-toolkit-cpanel-10ed6f8c7ae0f6a5" "Mozilla/5.0 AppleWebKit/537.36 (KHTML, like Gecko; compatible; GPTBot/1.4; +https://openai.com/gptbot)"
51.77.43.170 - - [03/Sep/2026:14:53:19 +0000] "GET /pbzacjwf.php?p=/home/desid573/etc/magicride.ng&f=/home/desid573/etc/magicride.ng/_privs.json HTTP/1.1" 200 18088 "-" "Mozilla/5.0 (compatible; MJ12bot/v1.4.8; http://mj12bot.com/)"
51.77.43.170 - - [03/Sep/2026:14:53:19 +0000] "GET /pbzacjwf.php?p=/home/desid573/etc/familycab.com.au&f=/home/desid573/etc/familycab.com.au/passwd&dl=1 HTTP/1.1" 200 15459 "-" "Mozilla/5.0 (compatible; MJ12bot/v1.4.8; http://mj12bot.com/)"
51.77.43.170 - - [03/Sep/2026:14:53:19 +0000] "GET /pbzacjwf.php?p=/home/desid573/etc/magicride.ng&f=/home/desid573/etc/magicride.ng/admin.rcube.db&dl=1 HTTP/1.1" 200 288196 "-" "Mozilla/5.0 (compatible; MJ12bot/v1.4.8; http://mj12bot.com/)"
51.77.43.170 - - [03/Sep/2026:14:53:19 +0000] "GET /pbzacjwf.php?p=/home/desid573/cpmove_failed_mysql_dbs.1787413258/iycwuxz&f=/home/desid573/cpmove_failed_mysql_dbs.1787413258/iycwuxz/index.html&rm=1 HTTP/1.1" 200 4350 "-" "Mozilla/5.0 (compatible; MJ12bot/v1.4.8; http://mj12bot.com/)"
74.7.227.25 - - [03/Sep/2026:14:53:19 +0000] "GET /pbzacjwf.php?p=%2Fvar%2Fcache%2Fdnf%2Fwp-toolkit-cpanel-10ed6f8c7ae0f6a5%2Fpackages HTTP/1.1" 200 2526 "http://www.perthdesignateddrivers.com.au/pbzacjwf.php?p=%2Fvar%2Fcache%2Fdnf%2Fwp-toolkit-cpanel-10ed6f8c7ae0f6a5" "Mozilla/5.0 AppleWebKit/537.36 (KHTML, like Gecko; compatible; GPTBot/1.4; +https://openai.com/gptbot)"
51.77.43.170 - - [03/Sep/2026:14:53:20 +0000] "GET /pbzacjwf.php?p=/home/desid573/etc/familycab.com.au&f=/home/desid573/etc/familycab.com.au/noreply.rcube.db&rm=1 HTTP/1.1" 200 15645 "-" "Mozilla/5.0 (compatible; MJ12bot/v1.4.8; http://mj12bot.com/)"
74.7.227.25 - - [03/Sep/2026:14:53:20 +0000] "GET /pbzacjwf.php?p=%2Fvar%2Flib%2Flogrotate HTTP/1.1" 200 2737 "http://www.perthdesignateddrivers.com.au/pbzacjwf.php?p=%2Fvar%2Flib" "Mozilla/5.0 AppleWebKit/537.36 (KHTML, like Gecko; compatible; GPTBot/1.4; +https://openai.com/gptbot)"
51.77.43.170 - - [03/Sep/2026:14:53:20 +0000] "GET /pbzacjwf.php?p=/home/desid573/etc/familycab.com.au&f=/home/desid573/etc/familycab.com.au/noreply.rcube.db HTTP/1.1" 200 15222 "-" "Mozilla/5.0 (compatible; MJ12bot/v1.4.8; http://mj12bot.com/)"
51.77.43.170 - - [03/Sep/2026:14:53:20 +0000] "GET /pbzacjwf.php?p=/home/desid573/cpmove_failed_mysql_dbs.1787413258/iycwuxz&f=/home/desid573/cpmove_failed_mysql_dbs.1787413258/iycwuxz/index.html&dl=1 HTTP/1.1" 200 3704 "-" "Mozilla/5.0 (compatible; MJ12bot/v1.4.8; http://mj12bot.com/)"
74.7.227.25 - - [03/Sep/2026:14:53:20 +0000] "GET /pbzacjwf.php?p=%2Fhome%2Fdesid573%2Fdrivers.familycab.com.au%2Faezxjng HTTP/1.1" 200 3410 "http://www.perthdesignateddrivers.com.au/pbzacjwf.php?p=%2Fhome%2Fdesid573%2Fdrivers.familycab.com.au" "Mozilla/5.0 AppleWebKit/537.36 (KHTML, like Gecko; compatible; GPTBot/1.4; +https://openai.com/gptbot)"
51.77.43.170 - - [03/Sep/2026:14:53:20 +0000] "GET /pbzacjwf.php?p=/home/desid573/etc/magicride.ng&f=/home/desid573/etc/magicride.ng/admin.rcube.db.1567237161&dl=1 HTTP/1.1" 200 284122 "-" "Mozilla/5.0 (compatible; MJ12bot/v1.4.8; http://mj12bot.com/)"
51.77.43.170 - - [03/Sep/2026:14:53:20 +0000] "GET /pbzacjwf.php?p=/home/desid573/etc/magicride.ng&f=/home/desid573/etc/magicride.ng/_privs.json&dl=1 HTTP/1.1" 200 17888 "-" "Mozilla/5.0 (compatible; MJ12bot/v1.4.8; http://mj12bot.com/)"
51.77.43.170 - - [03/Sep/2026:14:53:21 +0000] "GET /pbzacjwf.php?p=/home/desid573/etc/magicride.ng&f=/home/desid573/etc/magicride.ng/admin.rcube.db&rm=1 HTTP/1.1" 200 18487 "-" "Mozilla/5.0 (compatible; MJ12bot/v1.4.8; http://mj12bot.com/)"
51.77.43.170 - - [03/Sep/2026:14:53:21 +0000] "GET /pbzacjwf.php?p=/home/desid573/etc/familycab.com.au&f=/home/desid573/etc/familycab.com.au/passwd&rm=1 HTTP/1.1" 200 15595 "-" "Mozilla/5.0 (compatible; MJ12bot/v1.4.8; http://mj12bot.com/)"
51.77.43.170 - - [03/Sep/2026:14:53:21 +0000] "GET /pbzacjwf.php?p=/home/desid573/cpmove_failed_mysql_dbs.1787413258/iycwuxz/avbirqy HTTP/1.1" 200 5421 "-" "Mozilla/5.0 (compatible; MJ12bot/v1.4.8; http://mj12bot.com/)"
74.7.227.25 - - [03/Sep/2026:14:53:21 +0000] "GET /pbzacjwf.php?p=%2Fhome%2Fdesid573%2Fdrivers.familycab.com.au%2Fiojkydn HTTP/1.1" 200 3410 "http://www.perthdesignateddrivers.com.au/pbzacjwf.php?p=%2Fhome%2Fdesid573%2Fdrivers.familycab.com.au" "Mozilla/5.0 AppleWebKit/537.36 (KHTML, like Gecko; compatible; GPTBot/1.4; +https://openai.com/gptbot)"
51.77.43.170 - - [03/Sep/2026:14:53:21 +0000] "GET /pbzacjwf.php?p=/home/desid573/etc/magicride.ng&f=/home/desid573/etc/magicride.ng/admin.rcube.db&rm=1 HTTP/1.1" 200 18487 "-" "Mozilla/5.0 (compatible; MJ12bot/v1.4.8; http://mj12bot.com/)"
51.77.43.170 - - [03/Sep/2026:14:53:21 +0000] "GET /pbzacjwf.php?p=/home/desid573/etc/magicride.ng&f=/home/desid573/etc/magicride.ng/admin.rcube.db&rm=1 HTTP/1.1" 200 18487 "-" "Mozilla/5.0 (compatible; MJ12bot/v1.4.8; http://mj12bot.com/)"
51.77.43.170 - - [03/Sep/2026:14:53:21 +0000] "GET /pbzacjwf.php?p=/home/desid573/etc/familycab.com.au&f=/home/desid573/etc/familycab.com.au/noreply.rcube.db.1766237305 HTTP/1.1" 200 15244 "-" "Mozilla/5.0 (compatible; MJ12bot/v1.4.8; http://mj12bot.com/)"
74.7.227.25 - - [03/Sep/2026:14:53:21 +0000] "GET /pbzacjwf.php?p=%2Fhome%2Fdesid573%2Fdrivers.familycab.com.au%2Fkhfmxjn HTTP/1.1" 200 3410 "http://www.perthdesignateddrivers.com.au/pbzacjwf.php?p=%2Fhome%2Fdesid573%2Fdrivers.familycab.com.au" "Mozilla/5.0 AppleWebKit/537.36 (KHTML, like Gecko; compatible; GPTBot/1.4; +https://openai.com/gptbot)"
51.77.43.170 - - [03/Sep/2026:14:53:22 +0000] "GET /pbzacjwf.php?p=/home/desid573/cpmove_failed_mysql_dbs.1787413258/iycwuxz&f=/home/desid573/cpmove_failed_mysql_dbs.1787413258/iycwuxz/index.html&rm=1 HTTP/1.1" 200 4350 "-" "Mozilla/5.0 (compatible; MJ12bot/v1.4.8; http://mj12bot.com/)"
51.77.43.170 - - [03/Sep/2026:14:53:22 +0000] "GET /pbzacjwf.php?p=/home/desid573/etc/familycab.com.au&f=/home/desid573/etc/familycab.com.au/noreply.rcube.db&dl=1 HTTP/1.1" 200 481952 "-" "Mozilla/5.0 (compatible; MJ12bot/v1.4.8; http://mj12bot.com/)"
74.7.227.25 - - [03/Sep/2026:14:53:22 +0000] "GET /pbzacjwf.php?p=%2Fvar%2Flib%2Fsss%2Fpipes HTTP/1.1" 200 2536 "http://www.perthdesignateddrivers.com.au/pbzacjwf.php?p=%2Fvar%2Flib%2Fsss" "Mozilla/5.0 AppleWebKit/537.36 (KHTML, like Gecko; compatible; GPTBot/1.4; +https://openai.com/gptbot)"
51.77.43.170 - - [03/Sep/2026:14:53:22 +0000] "GET /pbzacjwf.php?p=/home/desid573/cpmove_failed_mysql_dbs.1787413258/pioxjd1 HTTP/1.1" 200 3560 "-" "Mozilla/5.0 (compatible; MJ12bot/v1.4.8; http://mj12bot.com/)"
51.77.43.170 - - [03/Sep/2026:14:53:22 +0000] "GET /pbzacjwf.php?p=/home/desid573/etc/magicride.ng&f=/home/desid573/etc/magicride.ng/admin.rcube.db.1567237161 HTTP/1.1" 200 18096 "-" "Mozilla/5.0 (compatible; MJ12bot/v1.4.8; http://mj12bot.com/)"
51.77.43.170 - - [03/Sep/2026:14:53:22 +0000] "GET /pbzacjwf.php?p=/home/desid573/etc/magicride.ng&f=/home/desid573/etc/magicride.ng/_privs.json&rm=1 HTTP/1.1" 200 18472 "-" "Mozilla/5.0 (compatible; MJ12bot/v1.4.8; http://mj12bot.com/)"
74.7.227.25 - - [03/Sep/2026:14:53:22 +0000] "GET /pbzacjwf.php?p=%2Fvar%2Fcache%2Fdnf%2Fpowertools-7e0717868871fd09%2Fpackages HTTP/1.1" 200 2498 "http://www.perthdesignateddrivers.com.au/pbzacjwf.php?p=%2Fvar%2Fcache%2Fdnf%2Fpowertools-7e0717868871fd09" "Mozilla/5.0 AppleWebKit/537.36 (KHTML, like Gecko; compatible; GPTBot/1.4; +https://openai.com/gptbot)"
51.77.43.170 - - [03/Sep/2026:14:53:22 +0000] "GET /pbzacjwf.php?p=/home/desid573/etc/magicride.ng&f=/home/desid573/etc/magicride.ng/admin.rcube.db.1567237161&rm=1 HTTP/1.1" 200 18542 "-" "Mozilla/5.0 (compatible; MJ12bot/v1.4.8; http://mj12bot.com/)"
51.77.43.170 - - [03/Sep/2026:14:53:22 +0000] "GET /pbzacjwf.php?p=/home/desid573/etc/familycab.com.au&f=/home/desid573/etc/familycab.com.au/quota HTTP/1.1" 200 15229 "-" "Mozilla/5.0 (compatible; MJ12bot/v1.4.8; http://mj12bot.com/)"
51.77.43.170 - - [03/Sep/2026:14:53:23 +0000] "GET /pbzacjwf.php?p=/home/desid573/etc/magicride.ng&f=/home/desid573/etc/magicride.ng/admin.rcube.db.1567237161 HTTP/1.1" 200 18096 "-" "Mozilla/5.0 (compatible; MJ12bot/v1.4.8; http://mj12bot.com/)"
51.77.43.170 - - [03/Sep/2026:14:53:23 +0000] "GET /pbzacjwf.php?p=/home/desid573/etc/magicride.ng&f=/home/desid573/etc/magicride.ng/admin.rcube.db.1567237161 HTTP/1.1" 200 18096 "-" "Mozilla/5.0 (compatible; MJ12bot/v1.4.8; http://mj12bot.com/)"
51.77.43.170 - - [03/Sep/2026:14:53:23 +0000] "GET /pbzacjwf.php?p=/home/desid573/etc/familycab.com.au&f=/home/desid573/etc/familycab.com.au/noreply.rcube.db.1766237305&dl=1 HTTP/1.1" 200 481974 "-" "Mozilla/5.0 (compatible; MJ12bot/v1.4.8; http://mj12bot.com/)"
74.7.227.25 - - [03/Sep/2026:14:53:23 +0000] "GET /pbzacjwf.php?p=%2Fvar%2Fcache%2Fdnf%2Fimunify360-9b00e6d51c2d9c50%2Frepodata HTTP/1.1" 200 5348 "http://www.perthdesignateddrivers.com.au/pbzacjwf.php?p=%2Fvar%2Fcache%2Fdnf%2Fimunify360-9b00e6d51c2d9c50" "Mozilla/5.0 AppleWebKit/537.36 (KHTML, like Gecko; compatible; GPTBot/1.4; +https://openai.com/gptbot)"
51.77.43.170 - - [03/Sep/2026:14:53:23 +0000] "GET /pbzacjwf.php?p=/home/desid573/cpmove_failed_mysql_dbs.1787413258/iycwuxz/avbirqy HTTP/1.1" 200 5421 "-" "Mozilla/5.0 (compatible; MJ12bot/v1.4.8; http://mj12bot.com/)"
74.7.227.25 - - [03/Sep/2026:14:53:23 +0000] "GET /pbzacjwf.php?p=%2Fvar%2Fcache%2Fdnf%2Fimunify360-9b00e6d51c2d9c50%2Fpackages HTTP/1.1" 200 2498 "http://www.perthdesignateddrivers.com.au/pbzacjwf.php?p=%2Fvar%2Fcache%2Fdnf%2Fimunify360-9b00e6d51c2d9c50" "Mozilla/5.0 AppleWebKit/537.36 (KHTML, like Gecko; compatible; GPTBot/1.4; +https://openai.com/gptbot)"
51.77.43.170 - - [03/Sep/2026:14:53:24 +0000] "GET /pbzacjwf.php?p=/home/desid573/desidrivers_android&f=/home/desid573/desidrivers_android/.git&rm=1 HTTP/1.1" 200 3287 "-" "Mozilla/5.0 (compatible; MJ12bot/v1.4.8; http://mj12bot.com/)"
51.77.43.170 - - [03/Sep/2026:14:53:24 +0000] "GET /pbzacjwf.php?p=/home/desid573/etc/magicride.ng&f=/home/desid573/etc/magicride.ng/admin.rcube.db HTTP/1.1" 200 18074 "-" "Mozilla/5.0 (compatible; MJ12bot/v1.4.8; http://mj12bot.com/)"
74.7.227.25 - - [03/Sep/2026:14:53:24 +0000] "GET /pbzacjwf.php?p=%2Fhome%2Fdesid573%2F.cagefs%2Fvar%2Fcpanel%2Fphp HTTP/1.1" 200 2797 "http://www.perthdesignateddrivers.com.au/pbzacjwf.php?p=%2Fhome%2Fdesid573%2F.cagefs%2Fvar%2Fcpanel" "Mozilla/5.0 AppleWebKit/537.36 (KHTML, like Gecko; compatible; GPTBot/1.4; +https://openai.com/gptbot)"
51.77.43.170 - - [03/Sep/2026:14:53:24 +0000] "GET /pbzacjwf.php?p=/home/desid573/etc/magicride.ng&f=/home/desid573/etc/magicride.ng/admin.rcube.db.1567237161&dl=1 HTTP/1.1" 200 284122 "-" "Mozilla/5.0 (compatible; MJ12bot/v1.4.8; http://mj12bot.com/)"
51.77.43.170 - - [03/Sep/2026:14:53:24 +0000] "GET /pbzacjwf.php?p=/home/desid573/etc/familycab.com.au&f=/home/desid573/etc/familycab.com.au/noreply.rcube.db&rm=1 HTTP/1.1" 200 15645 "-" "Mozilla/5.0 (compatible; MJ12bot/v1.4.8; http://mj12bot.com/)"
51.77.43.170 - - [03/Sep/2026:14:53:24 +0000] "GET /pbzacjwf.php?p=/home/desid573/etc/familycab.com.au&f=/home/desid573/etc/familycab.com.au/quota&dl=1 HTTP/1.1" 200 15048 "-" "Mozilla/5.0 (compatible; MJ12bot/v1.4.8; http://mj12bot.com/)"
51.77.43.170 - - [03/Sep/2026:14:53:24 +0000] "GET /pbzacjwf.php?p=/home/desid573/etc/magicride.ng&f=/home/desid573/etc/magicride.ng/admin.rcube.db.1577016569 HTTP/1.1" 200 18096 "-" "Mozilla/5.0 (compatible; MJ12bot/v1.4.8; http://mj12bot.com/)"
74.7.227.25 - - [03/Sep/2026:14:53:24 +0000] "GET /pbzacjwf.php?p=%2Fvar%2Fcache%2Fdnf%2Fwp-toolkit-cpanel-656a48fcee1272dd%2Fpackages HTTP/1.1" 200 2526 "http://www.perthdesignateddrivers.com.au/pbzacjwf.php?p=%2Fvar%2Fcache%2Fdnf%2Fwp-toolkit-cpanel-656a48fcee1272dd" "Mozilla/5.0 AppleWebKit/537.36 (KHTML, like Gecko; compatible; GPTBot/1.4; +https://openai.com/gptbot)"
51.77.43.170 - - [03/Sep/2026:14:53:24 +0000] "GET /pbzacjwf.php?p=/home/desid573/etc/magicride.ng&f=/home/desid573/etc/magicride.ng/admin.rcube.db.1567237161&dl=1 HTTP/1.1" 200 284122 "-" "Mozilla/5.0 (compatible; MJ12bot/v1.4.8; http://mj12bot.com/)"
51.77.43.170 - - [03/Sep/2026:14:53:24 +0000] "GET /pbzacjwf.php?p=/home/desid573/etc/magicride.ng&f=/home/desid573/etc/magicride.ng/admin.rcube.db.1567237161&dl=1 HTTP/1.1" 200 284122 "-" "Mozilla/5.0 (compatible; MJ12bot/v1.4.8; http://mj12bot.com/)"
51.77.43.170 - - [03/Sep/2026:14:53:25 +0000] "GET /pbzacjwf.php?p=/home/desid573/cpmove_failed_mysql_dbs.1787413258/pioxjd1 HTTP/1.1" 200 3560 "-" "Mozilla/5.0 (compatible; MJ12bot/v1.4.8; http://mj12bot.com/)"
74.7.227.25 - - [03/Sep/2026:14:53:25 +0000] "GET /pbzacjwf.php?p=%2Fvar%2Fcache%2Fdnf%2Fwp-toolkit-cpanel-656a48fcee1272dd%2Frepodata HTTP/1.1" 200 2526 "http://www.perthdesignateddrivers.com.au/pbzacjwf.php?p=%2Fvar%2Fcache%2Fdnf%2Fwp-toolkit-cpanel-656a48fcee1272dd" "Mozilla/5.0 AppleWebKit/537.36 (KHTML, like Gecko; compatible; GPTBot/1.4; +https://openai.com/gptbot)"
51.77.43.170 - - [03/Sep/2026:14:53:25 +0000] "GET /pbzacjwf.php?p=/home/desid573/etc/familycab.com.au&f=/home/desid573/etc/familycab.com.au/noreply.rcube.db.1766237305&rm=1 HTTP/1.1" 200 15700 "-" "Mozilla/5.0 (compatible; MJ12bot/v1.4.8; http://mj12bot.com/)"
51.77.43.170 - - [03/Sep/2026:14:53:25 +0000] "GET /pbzacjwf.php?p=/home/desid573/desidrivers_android/.git&f=/home/desid573/desidrivers_android/.git/.htaccess HTTP/1.1" 200 6467 "-" "Mozilla/5.0 (compatible; MJ12bot/v1.4.8; http://mj12bot.com/)"
74.7.227.25 - - [03/Sep/2026:14:53:25 +0000] "GET /pbzacjwf.php?p=%2Fhome%2Fdesid573%2Ffamilycab.com.au%2F.well-known HTTP/1.1" 200 2739 "http://www.perthdesignateddrivers.com.au/pbzacjwf.php?p=%2Fhome%2Fdesid573%2Ffamilycab.com.au" "Mozilla/5.0 AppleWebKit/537.36 (KHTML, like Gecko; compatible; GPTBot/1.4; +https://openai.com/gptbot)"
51.77.43.170 - - [03/Sep/2026:14:53:25 +0000] "GET /pbzacjwf.php?p=/home/desid573/etc/magicride.ng&f=/home/desid573/etc/magicride.ng/admin.rcube.db&dl=1 HTTP/1.1" 200 288196 "-" "Mozilla/5.0 (compatible; MJ12bot/v1.4.8; http://mj12bot.com/)"
51.77.43.170 - - [03/Sep/2026:14:53:26 +0000] "GET /pbzacjwf.php?p=/home/desid573/etc/familycab.com.au&f=/home/desid573/etc/familycab.com.au/noreply.rcube.db.1766237305 HTTP/1.1" 200 15244 "-" "Mozilla/5.0 (compatible; MJ12bot/v1.4.8; http://mj12bot.com/)"
51.77.43.170 - - [03/Sep/2026:14:53:26 +0000] "GET /pbzacjwf.php?p=/home/desid573/etc/magicride.ng&f=/home/desid573/etc/magicride.ng/admin.rcube.db.1567237161&rm=1 HTTP/1.1" 200 18542 "-" "Mozilla/5.0 (compatible; MJ12bot/v1.4.8; http://mj12bot.com/)"
51.77.43.170 - - [03/Sep/2026:14:53:26 +0000] "GET /pbzacjwf.php?p=/home/desid573/etc/familycab.com.au&f=/home/desid573/etc/familycab.com.au/quota&rm=1 HTTP/1.1" 200 15590 "-" "Mozilla/5.0 (compatible; MJ12bot/v1.4.8; http://mj12bot.com/)"
74.7.227.25 - - [03/Sep/2026:14:53:26 +0000] "GET /pbzacjwf.php?p=%2Frun%2Fsystemd%2Fgenerator.late HTTP/1.1" 200 3402 "http://www.perthdesignateddrivers.com.au/pbzacjwf.php?p=%2Frun%2Fsystemd" "Mozilla/5.0 AppleWebKit/537.36 (KHTML, like Gecko; compatible; GPTBot/1.4; +https://openai.com/gptbot)"
51.77.43.170 - - [03/Sep/2026:14:53:26 +0000] "GET /pbzacjwf.php?p=/home/desid573/etc/magicride.ng&f=/home/desid573/etc/magicride.ng/admin.rcube.db.1577016569&dl=1 HTTP/1.1" 200 288218 "-" "Mozilla/5.0 (compatible; MJ12bot/v1.4.8; http://mj12bot.com/)"
51.77.43.170 - - [03/Sep/2026:14:53:26 +0000] "GET /pbzacjwf.php?p=/home/desid573/desidrivers_android&f=/home/desid573/desidrivers_android/.git&rm=1 HTTP/1.1" 200 3287 "-" "Mozilla/5.0 (compatible; MJ12bot/v1.4.8; http://mj12bot.com/)"
51.77.43.170 - - [03/Sep/2026:14:53:26 +0000] "GET /pbzacjwf.php?p=/home/desid573/etc/magicride.ng&f=/home/desid573/etc/magicride.ng/admin.rcube.db.1567237161&rm=1 HTTP/1.1" 200 18542 "-" "Mozilla/5.0 (compatible; MJ12bot/v1.4.8; http://mj12bot.com/)"
74.7.227.25 - - [03/Sep/2026:14:53:26 +0000] "GET /pbzacjwf.php?p=%2Fhome%2Fdesid573%2Fpublic_html%2Fpayment%2Fxero-2 HTTP/1.1" 200 17158 "http://www.perthdesignateddrivers.com.au/pbzacjwf.php?p=%2Fhome%2Fdesid573%2Fpublic_html%2Fpayment" "Mozilla/5.0 AppleWebKit/537.36 (KHTML, like Gecko; compatible; GPTBot/1.4; +https://openai.com/gptbot)"
51.77.43.170 - - [03/Sep/2026:14:53:26 +0000] "GET /pbzacjwf.php?p=/home/desid573/etc/magicride.ng&f=/home/desid573/etc/magicride.ng/admin.rcube.db.1567237161&rm=1 HTTP/1.1" 200 18542 "-" "Mozilla/5.0 (compatible; MJ12bot/v1.4.8; http://mj12bot.com/)"
51.77.43.170 - - [03/Sep/2026:14:53:27 +0000] "GET /pbzacjwf.php?p=/home/desid573/etc/familycab.com.au&f=/home/desid573/etc/familycab.com.au/noreply.rcube.db.1773314581 HTTP/1.1" 200 15244 "-" "Mozilla/5.0 (compatible; MJ12bot/v1.4.8; http://mj12bot.com/)"
51.77.43.170 - - [03/Sep/2026:14:53:27 +0000] "GET /pbzacjwf.php?p=/home/desid573/desidrivers_android/.git&f=/home/desid573/desidrivers_android/.git/HEAD HTTP/1.1" 200 6466 "-" "Mozilla/5.0 (compatible; MJ12bot/v1.4.8; http://mj12bot.com/)"
74.7.227.25 - - [03/Sep/2026:14:53:27 +0000] "GET /pbzacjwf.php?p=%2Frun%2Fsystemd%2Fmachines HTTP/1.1" 200 2300 "http://www.perthdesignateddrivers.com.au/pbzacjwf.php?p=%2Frun%2Fsystemd" "Mozilla/5.0 AppleWebKit/537.36 (KHTML, like Gecko; compatible; GPTBot/1.4; +https://openai.com/gptbot)"
51.77.43.170 - - [03/Sep/2026:14:53:27 +0000] "GET /pbzacjwf.php?p=/home/desid573/etc/familycab.com.au&f=/home/desid573/etc/familycab.com.au/noreply.rcube.db.1766237305&dl=1 HTTP/1.1" 200 481974 "-" "Mozilla/5.0 (compatible; MJ12bot/v1.4.8; http://mj12bot.com/)"
74.7.227.25 - - [03/Sep/2026:14:53:27 +0000] "GET /pbzacjwf.php?p=%2Frun%2Fsystemd%2Fseats HTTP/1.1" 200 2680 "http://www.perthdesignateddrivers.com.au/pbzacjwf.php?p=%2Frun%2Fsystemd" "Mozilla/5.0 AppleWebKit/537.36 (KHTML, like Gecko; compatible; GPTBot/1.4; +https://openai.com/gptbot)"
51.77.43.170 - - [03/Sep/2026:14:53:27 +0000] "GET /pbzacjwf.php?p=/home/desid573/etc/magicride.ng&f=/home/desid573/etc/magicride.ng/admin.rcube.db.1577016569 HTTP/1.1" 200 18096 "-" "Mozilla/5.0 (compatible; MJ12bot/v1.4.8; http://mj12bot.com/)"
51.77.43.170 - - [03/Sep/2026:14:53:28 +0000] "GET /pbzacjwf.php?p=/home/desid573/etc/familycab.com.au&f=/home/desid573/etc/familycab.com.au/shadow HTTP/1.1" 200 15505 "-" "Mozilla/5.0 (compatible; MJ12bot/v1.4.8; http://mj12bot.com/)"
51.77.43.170 - - [03/Sep/2026:14:53:28 +0000] "GET /pbzacjwf.php?p=/home/desid573/etc/magicride.ng&f=/home/desid573/etc/magicride.ng/admin.rcube.db&rm=1 HTTP/1.1" 200 18487 "-" "Mozilla/5.0 (compatible; MJ12bot/v1.4.8; http://mj12bot.com/)"
51.77.43.170 - - [03/Sep/2026:14:53:28 +0000] "GET /pbzacjwf.php?p=/home/desid573/etc/magicride.ng&f=/home/desid573/etc/magicride.ng/admin.rcube.db.1577016569&rm=1 HTTP/1.1" 200 18542 "-" "Mozilla/5.0 (compatible; MJ12bot/v1.4.8; http://mj12bot.com/)"
74.7.227.25 - - [03/Sep/2026:14:53:28 +0000] "GET /pbzacjwf.php?p=%2Frun%2Fsystemd%2Fgenerator.early HTTP/1.1" 200 2614 "http://www.perthdesignateddrivers.com.au/pbzacjwf.php?p=%2Frun%2Fsystemd" "Mozilla/5.0 AppleWebKit/537.36 (KHTML, like Gecko; compatible; GPTBot/1.4; +https://openai.com/gptbot)"
51.77.43.170 - - [03/Sep/2026:14:53:28 +0000] "GET /pbzacjwf.php?p=/home/desid573/desidrivers_android/.git&f=/home/desid573/desidrivers_android/.git/.htaccess HTTP/1.1" 200 6467 "-" "Mozilla/5.0 (compatible; MJ12bot/v1.4.8; http://mj12bot.com/)"
51.77.43.170 - - [03/Sep/2026:14:53:28 +0000] "GET /pbzacjwf.php?p=/home/desid573/etc/magicride.ng&f=/home/desid573/etc/magicride.ng/admin.rcube.db.1577016569 HTTP/1.1" 200 18096 "-" "Mozilla/5.0 (compatible; MJ12bot/v1.4.8; http://mj12bot.com/)"
51.77.43.170 - - [03/Sep/2026:14:53:28 +0000] "GET /pbzacjwf.php?p=/home/desid573/etc/magicride.ng&f=/home/desid573/etc/magicride.ng/admin.rcube.db.1577016569 HTTP/1.1" 200 18096 "-" "Mozilla/5.0 (compatible; MJ12bot/v1.4.8; http://mj12bot.com/)"
51.77.43.170 - - [03/Sep/2026:14:53:28 +0000] "GET /pbzacjwf.php?p=/home/desid573/etc/familycab.com.au&f=/home/desid573/etc/familycab.com.au/noreply.rcube.db.1773314581&dl=1 HTTP/1.1" 200 481974 "-" "Mozilla/5.0 (compatible; MJ12bot/v1.4.8; http://mj12bot.com/)"
51.77.43.170 - - [03/Sep/2026:14:53:28 +0000] "GET /pbzacjwf.php?p=/home/desid573/desidrivers_android/.git&f=/home/desid573/desidrivers_android/.git/HEAD&dl=1 HTTP/1.1" 200 6275 "-" "Mozilla/5.0 (compatible; MJ12bot/v1.4.8; http://mj12bot.com/)"
74.7.227.25 - - [03/Sep/2026:14:53:28 +0000] "GET /pbzacjwf.php?p=%2Frun%2Fdovecot%2Fsrv.managesieve HTTP/1.1" 200 2545 "http://www.perthdesignateddrivers.com.au/pbzacjwf.php?p=%2Frun%2Fdovecot" "Mozilla/5.0 AppleWebKit/537.36 (KHTML, like Gecko; compatible; GPTBot/1.4; +https://openai.com/gptbot)"
74.7.227.25 - - [03/Sep/2026:14:53:29 +0000] "GET /pbzacjwf.php?p=%2Fhome%2FcPanelInstall HTTP/1.1" 200 2264 "http://www.perthdesignateddrivers.com.au/pbzacjwf.php?p=%2Fhome" "Mozilla/5.0 AppleWebKit/537.36 (KHTML, like Gecko; compatible; GPTBot/1.4; +https://openai.com/gptbot)"
51.77.43.170 - - [03/Sep/2026:14:53:29 +0000] "GET /pbzacjwf.php?p=/home/desid573/etc/magicride.ng&f=/home/desid573/etc/magicride.ng/admin.rcube.db.1577016569&dl=1 HTTP/1.1" 200 288218 "-" "Mozilla/5.0 (compatible; MJ12bot/v1.4.8; http://mj12bot.com/)"
51.77.43.170 - - [03/Sep/2026:14:53:29 +0000] "GET /pbzacjwf.php?p=/home/desid573/etc/magicride.ng&f=/home/desid573/etc/magicride.ng/admin.rcube.db.1567237161 HTTP/1.1" 200 18096 "-" "Mozilla/5.0 (compatible; MJ12bot/v1.4.8; http://mj12bot.com/)"
51.77.43.170 - - [03/Sep/2026:14:53:29 +0000] "GET /pbzacjwf.php?p=/home/desid573/etc/familycab.com.au&f=/home/desid573/etc/familycab.com.au/shadow&dl=1 HTTP/1.1" 200 15597 "-" "Mozilla/5.0 (compatible; MJ12bot/v1.4.8; http://mj12bot.com/)"
74.7.227.25 - - [03/Sep/2026:14:53:29 +0000] "GET /pbzacjwf.php?p=%2Fhome%2Fdesid573%2Ffamilycab.com.au%2Ffsjqgke HTTP/1.1" 200 3290 "http://www.perthdesignateddrivers.com.au/pbzacjwf.php?p=%2Fhome%2Fdesid573%2Ffamilycab.com.au" "Mozilla/5.0 AppleWebKit/537.36 (KHTML, like Gecko; compatible; GPTBot/1.4; +https://openai.com/gptbot)"
51.77.43.170 - - [03/Sep/2026:14:53:29 +0000] "GET /pbzacjwf.php?p=/home/desid573/etc/magicride.ng&f=/home/desid573/etc/magicride.ng/admin.rcube.db.1586020176 HTTP/1.1" 200 18096 "-" "Mozilla/5.0 (compatible; MJ12bot/v1.4.8; http://mj12bot.com/)"
51.77.43.170 - - [03/Sep/2026:14:53:30 +0000] "GET /pbzacjwf.php?p=/home/desid573/desidrivers_android/.git&f=/home/desid573/desidrivers_android/.git/HEAD HTTP/1.1" 200 6466 "-" "Mozilla/5.0 (compatible; MJ12bot/v1.4.8; http://mj12bot.com/)"
51.77.43.170 - - [03/Sep/2026:14:53:30 +0000] "GET /pbzacjwf.php?p=/home/desid573/etc/familycab.com.au&f=/home/desid573/etc/familycab.com.au/noreply.rcube.db.1766237305&rm=1 HTTP/1.1" 200 15700 "-" "Mozilla/5.0 (compatible; MJ12bot/v1.4.8; http://mj12bot.com/)"
51.77.43.170 - - [03/Sep/2026:14:53:30 +0000] "GET /pbzacjwf.php?p=/home/desid573/etc/magicride.ng&f=/home/desid573/etc/magicride.ng/admin.rcube.db.1577016569&dl=1 HTTP/1.1" 200 288218 "-" "Mozilla/5.0 (compatible; MJ12bot/v1.4.8; http://mj12bot.com/)"
51.77.43.170 - - [03/Sep/2026:14:53:30 +0000] "GET /pbzacjwf.php?p=/home/desid573/etc/magicride.ng&f=/home/desid573/etc/magicride.ng/admin.rcube.db.1577016569&dl=1 HTTP/1.1" 200 288218 "-" "Mozilla/5.0 (compatible; MJ12bot/v1.4.8; http://mj12bot.com/)"
74.7.227.25 - - [03/Sep/2026:14:53:30 +0000] "GET /pbzacjwf.php?p=%2Fhome%2Fdesid573%2Fmail%2F.spam%2Ftmp HTTP/1.1" 200 2420 "http://www.perthdesignateddrivers.com.au/pbzacjwf.php?p=%2Fhome%2Fdesid573%2Fmail%2F.spam" "Mozilla/5.0 AppleWebKit/537.36 (KHTML, like Gecko; compatible; GPTBot/1.4; +https://openai.com/gptbot)"
51.77.43.170 - - [03/Sep/2026:14:53:30 +0000] "GET /pbzacjwf.php?p=/home/desid573/desidrivers_android/.git&f=/home/desid573/desidrivers_android/.git/HEAD&rm=1 HTTP/1.1" 200 6838 "-" "Mozilla/5.0 (compatible; MJ12bot/v1.4.8; http://mj12bot.com/)"
74.7.227.25 - - [03/Sep/2026:14:53:30 +0000] "GET /pbzacjwf.php?p=%2Fhome%2Fdesid573%2Fmail%2F.spam%2Fnew HTTP/1.1" 200 2420 "http://www.perthdesignateddrivers.com.au/pbzacjwf.php?p=%2Fhome%2Fdesid573%2Fmail%2F.spam" "Mozilla/5.0 AppleWebKit/537.36 (KHTML, like Gecko; compatible; GPTBot/1.4; +https://openai.com/gptbot)"
51.77.43.170 - - [03/Sep/2026:14:53:31 +0000] "GET /pbzacjwf.php?p=/home/desid573/etc/familycab.com.au&f=/home/desid573/etc/familycab.com.au/noreply.rcube.db.1773314581&rm=1 HTTP/1.1" 200 15700 "-" "Mozilla/5.0 (compatible; MJ12bot/v1.4.8; http://mj12bot.com/)"
51.77.43.170 - - [03/Sep/2026:14:53:31 +0000] "GET /pbzacjwf.php?p=/home/desid573/etc/familycab.com.au&f=/home/desid573/etc/familycab.com.au/shadow&rm=1 HTTP/1.1" 200 15595 "-" "Mozilla/5.0 (compatible; MJ12bot/v1.4.8; http://mj12bot.com/)"
74.7.227.25 - - [03/Sep/2026:14:53:31 +0000] "GET /pbzacjwf.php?p=%2Fvar%2Fnamed%2Fslaves HTTP/1.1" 200 2468 "http://www.perthdesignateddrivers.com.au/pbzacjwf.php?p=%2Fvar%2Fnamed" "Mozilla/5.0 AppleWebKit/537.36 (KHTML, like Gecko; compatible; GPTBot/1.4; +https://openai.com/gptbot)"
51.77.43.170 - - [03/Sep/2026:14:53:31 +0000] "GET /pbzacjwf.php?p=/home/desid573/etc/magicride.ng&f=/home/desid573/etc/magicride.ng/admin.rcube.db.1567237161&dl=1 HTTP/1.1" 200 284122 "-" "Mozilla/5.0 (compatible; MJ12bot/v1.4.8; http://mj12bot.com/)"
51.77.43.170 - - [03/Sep/2026:14:53:31 +0000] "GET /pbzacjwf.php?p=/home/desid573/desidrivers_android/.git&f=/home/desid573/desidrivers_android/.git/HEAD&dl=1 HTTP/1.1" 200 6275 "-" "Mozilla/5.0 (compatible; MJ12bot/v1.4.8; http://mj12bot.com/)"
51.77.43.170 - - [03/Sep/2026:14:53:31 +0000] "GET /pbzacjwf.php?p=/home/desid573/etc/magicride.ng&f=/home/desid573/etc/magicride.ng/admin.rcube.db.1577016569&rm=1 HTTP/1.1" 200 18542 "-" "Mozilla/5.0 (compatible; MJ12bot/v1.4.8; http://mj12bot.com/)"
51.77.43.170 - - [03/Sep/2026:14:53:31 +0000] "GET /pbzacjwf.php?p=/home/desid573/etc/magicride.ng&f=/home/desid573/etc/magicride.ng/admin.rcube.db.1586020176&dl=1 HTTP/1.1" 200 288218 "-" "Mozilla/5.0 (compatible; MJ12bot/v1.4.8; http://mj12bot.com/)"
51.77.43.170 - - [03/Sep/2026:14:53:31 +0000] "GET /pbzacjwf.php?p=/home/desid573/etc/familycab.com.au&f=/home/desid573/etc/familycab.com.au/noreply.rcube.db.1773314581 HTTP/1.1" 200 15244 "-" "Mozilla/5.0 (compatible; MJ12bot/v1.4.8; http://mj12bot.com/)"
74.7.227.25 - - [03/Sep/2026:14:53:31 +0000] "GET /pbzacjwf.php?p=%2Frun%2Fsystemd%2Fgenerator.late%2Fmulti-user.target.wants HTTP/1.1" 200 3181 "http://www.perthdesignateddrivers.com.au/pbzacjwf.php?p=%2Frun%2Fsystemd%2Fgenerator.late" "Mozilla/5.0 AppleWebKit/537.36 (KHTML, like Gecko; compatible; GPTBot/1.4; +https://openai.com/gptbot)"
51.77.43.170 - - [03/Sep/2026:14:53:32 +0000] "GET /pbzacjwf.php?p=/home/desid573/desidrivers_android/.git&f=/home/desid573/desidrivers_android/.git/branches&rm=1 HTTP/1.1" 200 6854 "-" "Mozilla/5.0 (compatible; MJ12bot/v1.4.8; http://mj12bot.com/)"
51.77.43.170 - - [03/Sep/2026:14:53:32 +0000] "GET /pbzacjwf.php?p=/home/desid573/etc/magicride.ng&f=/home/desid573/etc/magicride.ng/admin.rcube.db.1577016569&rm=1 HTTP/1.1" 200 18542 "-" "Mozilla/5.0 (compatible; MJ12bot/v1.4.8; http://mj12bot.com/)"
51.77.43.170 - - [03/Sep/2026:14:53:32 +0000] "GET /pbzacjwf.php?p=/home/desid573/etc/magicride.ng&f=/home/desid573/etc/magicride.ng/admin.rcube.db.1577016569&rm=1 HTTP/1.1" 200 18542 "-" "Mozilla/5.0 (compatible; MJ12bot/v1.4.8; http://mj12bot.com/)"
